000
CDUS44 KJAN 262107
CLITVR


CLIMATE REPORT
NATIONAL WEATHER SERVICE JACKSON MS
405 PM CDT SAT MAY 26 2018


...................................

...THE VICKSBURG CLIMATE SUMMARY FOR MAY 26 2018...
VALID TODAY AS OF 0400 PM LOCAL TIME.

CLIMATE NORMAL PERIOD 1981 TO 2010
CLIMATE RECORD PERIOD 1948 TO 2018


WEATHER ITEM   OBSERVED TIME   RECORD YEAR NORMAL DEPARTURE LAST
                VALUE   (LST)  VALUE       VALUE  FROM      YEAR
                                                  NORMAL
..................................................................
TEMPERATURE (F)
 TODAY
  MAXIMUM         89    107 PM  93    2000  87      2       85
  MINIMUM         70    102 AM  46    1979  64      6       62
  AVERAGE         80                        75      5       74

PRECIPITATION (IN)
  TODAY            0.05          1.25 1986   0.14  -0.09     0.00
  MONTH TO DATE    1.38                      4.31  -2.93     4.55
  SINCE MAR 1     13.22                     14.31  -1.09    18.39
  SINCE JAN 1     26.63                     24.65   1.98    25.15

SNOWFALL (IN)
  TODAY            0.0

DEGREE DAYS
 HEATING
  TODAY            0                         0      0        0
  MONTH TO DATE    0                         9     -9       15
  SINCE MAR 1    319                       374    -55      214
  SINCE JUL 1   2205                      2350   -145     1490

 COOLING
  TODAY           15                        10      5        9
  MONTH TO DATE  319                       197    122      158
  SINCE MAR 1    398                       306     92      393
  SINCE JAN 1    455                       315    140      444
..................................................................


WIND (MPH)
  HIGHEST WIND SPEED    37   HIGHEST WIND DIRECTION     N (10)
  HIGHEST GUST SPEED    49   HIGHEST GUST DIRECTION     N (20)
  AVERAGE WIND SPEED     3.8


SKY COVER
  POSSIBLE SUNSHINE  MM
  AVERAGE SKY COVER 0.3


WEATHER CONDITIONS
 THE FOLLOWING WEATHER WAS RECORDED TODAY.
  THUNDERSTORM
  FOG


RELATIVE HUMIDITY (PERCENT)
 HIGHEST   100          1200 AM
 LOWEST     70          1200 PM
 AVERAGE    85

..........................................................


THE VICKSBURG CLIMATE NORMALS FOR TOMORROW
                         NORMAL    RECORD    YEAR
 MAXIMUM TEMPERATURE (F)   87        95      1964
                                             1953
 MINIMUM TEMPERATURE (F)   65        45      1961


SUNRISE AND SUNSET
MAY 26 2018...........SUNRISE   600 AM CDT   SUNSET   803 PM CDT
MAY 27 2018...........SUNRISE   600 AM CDT   SUNSET   803 PM CDT


-  INDICATES NEGATIVE NUMBERS.
R  INDICATES RECORD WAS SET OR TIED.
MM INDICATES DATA IS MISSING.
T  INDICATES TRACE AMOUNT.




$$
