000
CDUS45 KBOI 250938
CLITWF


CLIMATE REPORT
NATIONAL WEATHER SERVICE BOISE ID
337 AM MDT FRI MAY 25 2018


...................................

...THE TWIN FALLS ID CLIMATE SUMMARY FOR MAY 24 2018...

CLIMATE NORMAL PERIOD 1981 TO 2010
CLIMATE RECORD PERIOD 9999 TO 9999


WEATHER ITEM   OBSERVED TIME   NORMAL DEPARTURE LAST
                VALUE   (LST)  VALUE  FROM      YEAR
                                      NORMAL
......................................................
TEMPERATURE (F)
 YESTERDAY
  MAXIMUM         80    332 PM  73      7       73
  MINIMUM         51    537 AM  45      6       51
  AVERAGE         66

PRECIPITATION (IN)
  YESTERDAY        T             0.04  -0.04     0.00
  MONTH TO DATE    0.88          1.07  -0.19     0.75
  SINCE OCT 1      6.43          8.29  -1.86    10.50
  SINCE JAN 1      3.87          5.04  -1.17     6.00

DEGREE DAYS
 HEATING
  YESTERDAY        0             7     -7        3
  MONTH TO DATE  174           242    -68      274
  SINCE MAR 1   1454          1473    -19     1475
  SINCE JUL 1   5986          6040    -54     6255

 COOLING
  YESTERDAY        1             1      0        0
  MONTH TO DATE    5            12     -7        1
  SINCE MAR 1      5            13     -8        1
  SINCE JAN 1      5            13     -8        1
......................................................


WIND (MPH)
  HIGHEST WIND SPEED    20   HIGHEST WIND DIRECTION     S (170)
  HIGHEST GUST SPEED    25   HIGHEST GUST DIRECTION     S (190)
  AVERAGE WIND SPEED     8.6


SKY COVER
  AVERAGE SKY COVER 0.1


WEATHER CONDITIONS
 THE FOLLOWING WEATHER WAS RECORDED YESTERDAY.
  LIGHT RAIN


RELATIVE HUMIDITY (PERCENT)
 HIGHEST    89          1000 PM
 LOWEST     30           300 PM
 AVERAGE    60

..........................................................




SUNRISE AND SUNSET
MAY 25 2018...........SUNRISE   607 AM MDT   SUNSET   903 PM MDT
MAY 26 2018...........SUNRISE   607 AM MDT   SUNSET   904 PM MDT


-  INDICATES NEGATIVE NUMBERS.
R  INDICATES RECORD WAS SET OR TIED.
MM INDICATES DATA IS MISSING.
T  INDICATES TRACE AMOUNT.




$$
