000
CDUS44 KSHV 232134
CLITYR


CLIMATE REPORT
NATIONAL WEATHER SERVICE SHREVEPORT, LA
434 PM CDT MON APR 23 2018


...................................

...THE TYLER CLIMATE SUMMARY FOR APRIL 23 2018...
VALID TODAY AS OF 0400 PM LOCAL TIME.

CLIMATE NORMAL PERIOD 1981 TO 2010
CLIMATE RECORD PERIOD 1896 TO 2018


WEATHER ITEM   OBSERVED TIME   RECORD YEAR NORMAL DEPARTURE LAST
                VALUE   (LST)  VALUE       VALUE  FROM      YEAR
                                                  NORMAL
..................................................................
TEMPERATURE (F)
 TODAY
  MAXIMUM         67    259 PM  92    1925  77    -10       72
  MINIMUM         50    553 AM  36    1982  57     -7       45
  AVERAGE         59                        67     -8       59

PRECIPITATION (IN)
  TODAY            0.00          3.37 1966   0.12  -0.12     0.00
  MONTH TO DATE    1.89                      2.28  -0.39     1.76
  SINCE DEC 1     20.93                     17.51   3.42    14.45
  SINCE JAN 1     15.64                     13.27   2.37    11.80

SNOWFALL (IN)
  TODAY            0.0
  MONTH TO DATE    0.0
  SINCE MAR 1      0.0
  SINCE JUL 1      1.5
  SNOW DEPTH       0

DEGREE DAYS
 HEATING
  TODAY            6                         2      4        6
  MONTH TO DATE  119                        90     29       26
  SINCE MAR 1    261                       363   -102      155
  SINCE JUL 1   2063                      2255   -192     1238

 COOLING
  TODAY            0                         3     -3        0
  MONTH TO DATE   31                        50    -19      113
  SINCE MAR 1     96                        71     25      221
  SINCE JAN 1    123                        83     40      295
..................................................................


WIND (MPH)
  HIGHEST WIND SPEED    17   HIGHEST WIND DIRECTION    NW (300)
  HIGHEST GUST SPEED    20   HIGHEST GUST DIRECTION    NW (300)
  AVERAGE WIND SPEED     7.8


SKY COVER
  POSSIBLE SUNSHINE  MM
  AVERAGE SKY COVER 0.5


WEATHER CONDITIONS
 THE FOLLOWING WEATHER WAS RECORDED TODAY.
  NO SIGNIFICANT WEATHER WAS OBSERVED.


RELATIVE HUMIDITY (PERCENT)
 HIGHEST    93           500 AM
 LOWEST     58           300 PM
 AVERAGE    76

..........................................................


THE TYLER CLIMATE NORMALS FOR TOMORROW
                         NORMAL    RECORD    YEAR
 MAXIMUM TEMPERATURE (F)   77        91      2011
                                             1925
 MINIMUM TEMPERATURE (F)   57        40      2013
                                             2005


SUNRISE AND SUNSET
APRIL 23 2018.........SUNRISE   643 AM CDT   SUNSET   757 PM CDT
APRIL 24 2018.........SUNRISE   642 AM CDT   SUNSET   758 PM CDT


-  INDICATES NEGATIVE NUMBERS.
R  INDICATES RECORD WAS SET OR TIED.
MM INDICATES DATA IS MISSING.
T  INDICATES TRACE AMOUNT.




$$
