000
CDUS46 KSEW 230828
CLIUIL


CLIMATE REPORT
NATIONAL WEATHER SERVICE SEATTLE WA
128 AM PDT WED MAY 23 2018


...................................

...THE QUILLAYUTE WA AIRPORT CLIMATE SUMMARY FOR MAY 22 2018...

CLIMATE NORMAL PERIOD 1981 TO 2010
CLIMATE RECORD PERIOD 1966 TO 2018


WEATHER ITEM   OBSERVED TIME   RECORD YEAR NORMAL DEPARTURE LAST
                VALUE   (LST)  VALUE       VALUE  FROM      YEAR
                                                  NORMAL
..................................................................
TEMPERATURE (F)
 YESTERDAY
  MAXIMUM         65    331 PM  85    1969  60      5       80
  MINIMUM         50   1138 PM  36    1977  44      6       47
  AVERAGE         58                        52      6       64

PRECIPITATION (IN)
  YESTERDAY        0.00          1.13 1974   0.15  -0.15     0.00
  MONTH TO DATE    0.79                      3.75  -2.96     4.77
  SINCE OCT 1     87.49                     86.39   1.10   122.15
  SINCE JAN 1     49.27                     47.39   1.88    62.22

DEGREE DAYS
 HEATING
  YESTERDAY        7                        13     -6        1
  MONTH TO DATE  244                       317    -73      297
  SINCE MAR 1   1455                      1514    -59     1488
  SINCE JUL 1   5100                      5359   -259     5310

 COOLING
  YESTERDAY        0                         0      0        0
  MONTH TO DATE    0                         0      0        0
  SINCE MAR 1      0                         0      0        0
  SINCE JAN 1      0                         0      0        0
..................................................................


WIND (MPH)
  RESULTANT WIND SPEED   4   RESULTANT WIND DIRECTION  NW (310)
  HIGHEST WIND SPEED    14   HIGHEST WIND DIRECTION    NW (300)
  HIGHEST GUST SPEED    19   HIGHEST GUST DIRECTION    NW (300)
  AVERAGE WIND SPEED     5.9


SKY COVER
  AVERAGE SKY COVER 0.5


WEATHER CONDITIONS
 THE FOLLOWING WEATHER WAS RECORDED YESTERDAY.
  NO SIGNIFICANT WEATHER WAS OBSERVED.


RELATIVE HUMIDITY (PERCENT)
 HIGHEST    89          1200 AM
 LOWEST     60           500 PM
 AVERAGE    75

..........................................................


THE QUILLAYUTE WA AIRPORT CLIMATE NORMALS FOR TODAY
                         NORMAL    RECORD    YEAR
 MAXIMUM TEMPERATURE (F)   61        81      1983
 MINIMUM TEMPERATURE (F)   44        33      1987


SUNRISE AND SUNSET
MAY 23 2018...........SUNRISE   530 AM PDT   SUNSET   900 PM PDT
MAY 24 2018...........SUNRISE   529 AM PDT   SUNSET   901 PM PDT


-  INDICATES NEGATIVE NUMBERS.
R  INDICATES RECORD WAS SET OR TIED.
MM INDICATES DATA IS MISSING.
T  INDICATES TRACE AMOUNT.




$$
