000
CDUS43 KSGF 190627
CLIUNO


CLIMATE REPORT
NATIONAL WEATHER SERVICE SPRINGFIELD MO
127 AM CDT THU APR 19 2018


...................................

...THE WEST PLAINS MO CLIMATE SUMMARY FOR APRIL 18 2018...

CLIMATE NORMAL PERIOD 1981 TO 2010
CLIMATE RECORD PERIOD 1947 TO 2018


WEATHER ITEM   OBSERVED TIME   RECORD YEAR NORMAL DEPARTURE LAST
                VALUE   (LST)  VALUE       VALUE  FROM      YEAR
                                                  NORMAL
..................................................................
TEMPERATURE (F)
 YESTERDAY
  MAXIMUM         69    126 PM  89    2006  71     -2       74
  MINIMUM         41   1159 PM  28    1953  46     -5       57
  AVERAGE         55                        58     -3       66

PRECIPITATION (IN)
  YESTERDAY        0.00          1.27 1966   0.16  -0.16     0.00
  MONTH TO DATE    2.52                      2.53  -0.01     2.83
  SINCE MAR 1      8.29                      6.82   1.47     9.12
  SINCE JAN 1     17.52                     12.38   5.14    13.75

DEGREE DAYS
 HEATING
  YESTERDAY       10                         8      2        0
  MONTH TO DATE  321                       180    141       88
  SINCE MAR 1    867                       726    141      517
  SINCE JUL 1   4112                      4190    -78     3166

 COOLING
  YESTERDAY        0                         1     -1        1
  MONTH TO DATE    5                        13     -8       14
  SINCE MAR 1      5                        17    -12       18
  SINCE JAN 1     11                        17     -6       19
..................................................................


WIND (MPH)
  HIGHEST WIND SPEED    26   HIGHEST WIND DIRECTION     W (290)
  HIGHEST GUST SPEED    39   HIGHEST GUST DIRECTION    NW (300)
  AVERAGE WIND SPEED    13.9


SKY COVER
  AVERAGE SKY COVER 0.1


WEATHER CONDITIONS
 THE FOLLOWING WEATHER WAS RECORDED YESTERDAY.
  NO SIGNIFICANT WEATHER WAS OBSERVED.


RELATIVE HUMIDITY (PERCENT)
 HIGHEST    69           300 AM
 LOWEST     32           100 PM
 AVERAGE    51

..........................................................


THE WEST PLAINS MO CLIMATE NORMALS FOR TODAY
                         NORMAL    RECORD    YEAR
 MAXIMUM TEMPERATURE (F)   71        85      2011
                                             1987
 MINIMUM TEMPERATURE (F)   46        26      1953
                                             1983


SUNRISE AND SUNSET
APRIL 19 2018.........SUNRISE   628 AM CDT   SUNSET   746 PM CDT
APRIL 20 2018.........SUNRISE   627 AM CDT   SUNSET   747 PM CDT


-  INDICATES NEGATIVE NUMBERS.
R  INDICATES RECORD WAS SET OR TIED.
MM INDICATES DATA IS MISSING.
T  INDICATES TRACE AMOUNT.




$$
