000
CDUS44 KCRP 260009
CLIVCT

CLIMATE REPORT
NATIONAL WEATHER SERVICE CORPUS CHRISTI TX
705 PM CDT WED APR 25 2018

...................................

...THE VICTORIA CLIMATE SUMMARY FOR APRIL 25 2018...
VALID AS OF 651 PM LOCAL TIME.

CLIMATE NORMAL PERIOD 1981 TO 2010
CLIMATE RECORD PERIOD 1893 TO 2018


WEATHER ITEM   OBSERVED TIME   RECORD YEAR NORMAL DEPARTURE LAST
                VALUE   (LST)  VALUE       VALUE  FROM      YEAR
                                                  NORMAL
..................................................................
TEMPERATURE (F)
 TODAY
  MAXIMUM         87    222 PM  96    1932  82      5       86
  MINIMUM         57    204 AM  45    1910  62     -5       60
  AVERAGE         72                        72      0       73

PRECIPITATION (IN)
  TODAY            T             2.75 1966   0.10  -0.10     0.00
  MONTH TO DATE    1.38                      2.25  -0.87     2.78
  SINCE MAR 1      3.33                      5.02  -1.69     7.76
  SINCE JAN 1      5.51                      9.62  -4.11    16.36

SNOWFALL (IN)
  TODAY            0.0
  MONTH TO DATE    0.0
  SINCE MAR 1      0.0
  SINCE JUL 1      2.0
  SNOW DEPTH       0

DEGREE DAYS
 HEATING
  TODAY            0                         0      0        0
  MONTH TO DATE   31                        29      2        2
  SINCE MAR 1     86                       154    -68       36
  SINCE JUL 1   1133                      1247   -114      567

 COOLING
  TODAY            7                         7      0        8
  MONTH TO DATE  107                       136    -29      189
  SINCE MAR 1    257                       210     47      369
  SINCE JAN 1    347                       248     99      576
..................................................................


WIND (MPH)
  HIGHEST WIND SPEED    15   HIGHEST WIND DIRECTION     S (160)
  HIGHEST GUST SPEED    19   HIGHEST GUST DIRECTION     S (180)


SKY COVER
  POSSIBLE SUNSHINE  MM
  AVERAGE SKY COVER 0.5


WEATHER CONDITIONS
 THE FOLLOWING WEATHER WAS RECORDED TODAY.
  THUNDERSTORM
  LIGHT RAIN
  FOG
  FOG W/VISIBILITY <= 1/4 MILE


RELATIVE HUMIDITY (PERCENT)
 HIGHEST   100           200 AM
 LOWEST     42           100 PM
 AVERAGE    71

..........................................................


THE VICTORIA CLIMATE NORMALS FOR TOMORROW
                         NORMAL    RECORD    YEAR
 MAXIMUM TEMPERATURE (F)   83        96      1933
 MINIMUM TEMPERATURE (F)   62        46      1913


SUNRISE AND SUNSET
APRIL 25 2018.........SUNRISE   652 AM CDT   SUNSET   800 PM CDT
APRIL 26 2018.........SUNRISE   651 AM CDT   SUNSET   800 PM CDT


-  INDICATES NEGATIVE NUMBERS.
R  INDICATES RECORD WAS SET OR TIED.
MM INDICATES DATA IS MISSING.
T  INDICATES TRACE AMOUNT.




$$
