000
CDUS42 KTAE 270631
CLIVLD


CLIMATE REPORT
NATIONAL WEATHER SERVICE TALLAHASSEE FL
230 AM EDT FRI APR 27 2018


...................................

...THE VALDOSTA CLIMATE SUMMARY FOR APRIL 26 2018...

CLIMATE NORMAL PERIOD 1981 TO 2010
CLIMATE RECORD PERIOD 1948 TO 2018


WEATHER ITEM   OBSERVED TIME   NORMAL DEPARTURE LAST
                VALUE   (LST)  VALUE  FROM      YEAR
                                      NORMAL
......................................................
TEMPERATURE (F)
 YESTERDAY
  MAXIMUM         81    329 PM  82     -1       84
  MINIMUM         50    608 AM  55     -5       52
  AVERAGE         66            68     -2       68

PRECIPITATION (IN)
  YESTERDAY        0.00          0.07  -0.07     0.00
  MONTH TO DATE    5.24          2.62   2.62     1.94
  SINCE MAR 1      7.06          7.49  -0.43     3.14
  SINCE JAN 1     12.93         16.22  -3.29    13.45

SNOWFALL (IN)
  YESTERDAY        0.0
  MONTH TO DATE    0.0
  SINCE MAR 1      0.0
  SINCE JUL 1      0.6

DEGREE DAYS
 HEATING
  YESTERDAY        0             1     -1        0
  MONTH TO DATE   61            64     -3       30
  SINCE MAR 1    333           250     83      204
  SINCE JUL 1   1580          1630    -50      990

 COOLING
  YESTERDAY        1             4     -3        3
  MONTH TO DATE   43            73    -30      104
  SINCE MAR 1     77           106    -29      161
  SINCE JAN 1    160           116     44      207
......................................................


WIND (MPH)
  HIGHEST WIND SPEED    12   HIGHEST WIND DIRECTION     S (190)
  HIGHEST GUST SPEED    19   HIGHEST GUST DIRECTION    SW (220)
  AVERAGE WIND SPEED     4.1




RELATIVE HUMIDITY (PERCENT)
 HIGHEST   100
 LOWEST     45
 AVERAGE    73

..........................................................




SUNRISE AND SUNSET
APRIL 27 2018.........SUNRISE   653 AM EDT   SUNSET   809 PM EDT
APRIL 28 2018.........SUNRISE   652 AM EDT   SUNSET   810 PM EDT


-  INDICATES NEGATIVE NUMBERS.
R  INDICATES RECORD WAS SET OR TIED.
MM INDICATES DATA IS MISSING.
T  INDICATES TRACE AMOUNT.




$$
