000
CDUS43 KLOT 230632
CLIVPZ


CLIMATE REPORT
NATIONAL WEATHER SERVICE CHICAGO IL
131 AM CDT WED MAY 23 2018


...................................

...THE VALPARAISO CLIMATE SUMMARY FOR MAY 22 2018...

CLIMATE NORMAL PERIOD 1981 TO 2010
CLIMATE RECORD PERIOD 1998 TO 2018


WEATHER ITEM   OBSERVED TIME   RECORD YEAR NORMAL DEPARTURE LAST
                VALUE   (LST)  VALUE       VALUE  FROM      YEAR
                                                  NORMAL
..................................................................
TEMPERATURE (F)
 YESTERDAY
  MAXIMUM         69    309 PM  87    2007  72     -3       75
  MINIMUM         52   1159 PM  36    2006  50      2       49
  AVERAGE         61                        61      0       62

PRECIPITATION (IN)
  YESTERDAY        0.00          0.23 2011   0.13  -0.13     0.00
  MONTH TO DATE    3.11                      2.78   0.33     3.13
  SINCE MAR 1      5.41                      8.79  -3.38    11.58
  SINCE JAN 1     11.43                     11.96  -0.53    15.02

DEGREE DAYS
 HEATING
  YESTERDAY        4                         6     -2        3
  MONTH TO DATE   48                       180   -132      200
  SINCE MAR 1   1556                      1507     49     1305
  SINCE JUL 1   5858                      6239   -381     5019

 COOLING
  YESTERDAY        0                         2     -2        0
  MONTH TO DATE   48                        22     26       33
  SINCE MAR 1     48                        27     21       46
  SINCE JAN 1     48                        27     21       46
..................................................................


WIND (MPH)
  RESULTANT WIND SPEED   4   RESULTANT WIND DIRECTION   N (0)
  HIGHEST WIND SPEED    12   HIGHEST WIND DIRECTION     N (360)
  HIGHEST GUST SPEED    16   HIGHEST GUST DIRECTION     N (10)
  AVERAGE WIND SPEED     4.8



WEATHER CONDITIONS
 THE FOLLOWING WEATHER WAS RECORDED YESTERDAY.
  FOG
  FOG W/VISIBILITY <= 1/4 MILE
  HAZE


..........................................................


THE VALPARAISO CLIMATE NORMALS FOR TODAY
                         NORMAL    RECORD    YEAR
 MAXIMUM TEMPERATURE (F)   73        89      2010
                                             2007
 MINIMUM TEMPERATURE (F)   50        36      2006


SUNRISE AND SUNSET
MAY 23 2018...........SUNRISE   522 AM CDT   SUNSET   808 PM CDT
MAY 24 2018...........SUNRISE   521 AM CDT   SUNSET   809 PM CDT


-  INDICATES NEGATIVE NUMBERS.
R  INDICATES RECORD WAS SET OR TIED.
MM INDICATES DATA IS MISSING.
T  INDICATES TRACE AMOUNT.




$$
