000
CDUS42 KMLB 250626
CLIVRB


CLIMATE REPORT
NATIONAL WEATHER SERVICE MELBOURNE FL
226 AM EDT FRI MAY 25 2018


...................................

...THE VERO BEACH CLIMATE SUMMARY FOR MAY 24 2018...

CLIMATE NORMAL PERIOD 1981 TO 2010
CLIMATE RECORD PERIOD 1942 TO 2018


WEATHER ITEM   OBSERVED TIME   RECORD YEAR NORMAL DEPARTURE LAST
                VALUE   (LST)  VALUE       VALUE  FROM      YEAR
                                                  NORMAL
..................................................................
TEMPERATURE (F)
 YESTERDAY
  MAXIMUM         85   1135 AM  95    2017  86     -1       95
  MINIMUM         69    534 AM  60    1981  70     -1       71
  AVERAGE         77                        78     -1       83

PRECIPITATION (IN)
  YESTERDAY        T             1.80 1988   0.14  -0.14     0.23
  MONTH TO DATE    6.96                      2.30   4.66     3.51
  SINCE MAR 1     11.83                      9.14   2.69     8.02
  SINCE JAN 1     15.04                     14.31   0.73     9.98

SNOWFALL (IN)
  YESTERDAY        0.0
  MONTH TO DATE    0.0
  SINCE JUL 1      0.0

DEGREE DAYS
 HEATING
  YESTERDAY        0                         0      0        0
  MONTH TO DATE    0                         0      0        0
  SINCE MAR 1     98                        70     28       42
  SINCE JUL 1    365                       455    -90      185

 COOLING
  YESTERDAY       12                        13     -1       18
  MONTH TO DATE  265                       254     11      308
  SINCE MAR 1    602                       573     29      765
  SINCE JAN 1    891                       712    179      966
..................................................................


WIND (MPH)
  HIGHEST WIND SPEED    16   HIGHEST WIND DIRECTION     E (90)
  HIGHEST GUST SPEED    21   HIGHEST GUST DIRECTION     E (100)
  AVERAGE WIND SPEED     6.8


SKY COVER
  AVERAGE SKY COVER 0.3


WEATHER CONDITIONS
 THE FOLLOWING WEATHER WAS RECORDED YESTERDAY.
  LIGHT RAIN
  FOG


RELATIVE HUMIDITY (PERCENT)
 HIGHEST   100           200 AM
 LOWEST     65           100 PM
 AVERAGE    83

..........................................................


THE VERO BEACH CLIMATE NORMALS FOR TODAY
                         NORMAL    RECORD    YEAR
 MAXIMUM TEMPERATURE (F)   86        95      1949
 MINIMUM TEMPERATURE (F)   70        57      1967


SUNRISE AND SUNSET
MAY 25 2018...........SUNRISE   628 AM EDT   SUNSET   809 PM EDT
MAY 26 2018...........SUNRISE   628 AM EDT   SUNSET   810 PM EDT


-  INDICATES NEGATIVE NUMBERS.
R  INDICATES RECORD WAS SET OR TIED.
MM INDICATES DATA IS MISSING.
T  INDICATES TRACE AMOUNT.




$$
