000
CDUS46 KPQR 221141
CLIVUO


CLIMATE REPORT
NATIONAL WEATHER SERVICE PORTLAND OREGON
440 AM PDT SUN APR 22 2018


...................................

...THE VANCOUVER WA CLIMATE SUMMARY FOR APRIL 21 2018...

CLIMATE NORMAL PERIOD 1981 TO 2010
CLIMATE RECORD PERIOD 1891 TO 2018


WEATHER ITEM   OBSERVED TIME   RECORD YEAR NORMAL DEPARTURE LAST
                VALUE   (LST)  VALUE       VALUE  FROM      YEAR
                                                  NORMAL
..................................................................
TEMPERATURE (F)
 YESTERDAY
  MAXIMUM         62    404 PM  88    1947  62      0       71
  MINIMUM         47   1159 PM  30    1976  43      4       39
  AVERAGE         55                        53      2       55

PRECIPITATION (IN)
  YESTERDAY        0.00                      0.11  -0.11     0.00
  MONTH TO DATE    3.15                      2.18   0.97     2.59
  SINCE OCT 1     27.63                     31.03  -3.40    44.19
  SINCE JAN 1     13.44                     15.28  -1.84    24.33

DEGREE DAYS
 HEATING
  YESTERDAY       10                                        10
  MONTH TO DATE  299                                       288
  SINCE JUL 1   3909                                      4111

 COOLING
  YESTERDAY        0                                         0
  MONTH TO DATE    0                                         0
  SINCE JAN 1      0                                         0
..................................................................


WIND (MPH)
  HIGHEST WIND SPEED    13   HIGHEST WIND DIRECTION    NW (330)
  HIGHEST GUST SPEED    20   HIGHEST GUST DIRECTION    NW (300)
  AVERAGE WIND SPEED     6.1


SKY COVER
  POSSIBLE SUNSHINE  MM
  AVERAGE SKY COVER 0.4


WEATHER CONDITIONS
 THE FOLLOWING WEATHER WAS RECORDED YESTERDAY.
  NO SIGNIFICANT WEATHER WAS OBSERVED.


RELATIVE HUMIDITY (PERCENT)
 HIGHEST    80           400 AM
 LOWEST     36           300 PM
 AVERAGE    58

..........................................................




SUNRISE AND SUNSET
APRIL 22 2018.........SUNRISE   613 AM PDT   SUNSET   806 PM PDT
APRIL 23 2018.........SUNRISE   611 AM PDT   SUNSET   808 PM PDT


-  INDICATES NEGATIVE NUMBERS.
R  INDICATES RECORD WAS SET OR TIED.
MM INDICATES DATA IS MISSING.
T  INDICATES TRACE AMOUNT.




$$
