000
CDUS41 KAKQ 262128
CLIWAL


CLIMATE REPORT
NATIONAL WEATHER SERVICE WAKEFIELD, VA
527 PM EDT THU APR 26 2018


...................................

...THE WALLOPS ISLAND VA CLIMATE SUMMARY FOR APRIL 26 2018...
VALID TODAY AS OF 0500 PM LOCAL TIME.

CLIMATE NORMAL PERIOD 1981 TO 2010
CLIMATE RECORD PERIOD 1963 TO 2018


WEATHER ITEM   OBSERVED TIME   RECORD YEAR NORMAL DEPARTURE
                VALUE   (LST)  VALUE       VALUE  FROM
                                                  NORMAL
...............................................................
TEMPERATURE (F)
 TODAY
  MAXIMUM         70    354 PM  93    1990  66      4
  MINIMUM         55    538 AM  38    2001  48      7
  AVERAGE         63

PRECIPITATION (IN)
  TODAY            0.00          2.13 1978   0.09  -0.09
  MONTH TO DATE    1.97                      2.72  -0.75
  SINCE MAR 1      5.49                      6.72  -1.23
  SINCE JAN 1     11.01                     12.52  -1.51

SNOWFALL (IN)
  TODAY            0.0           0.0    MM
  MONTH TO DATE    T
  SINCE NOV 1     11.8
  SINCE JUL 1     11.8
  SNOW DEPTH       0

DEGREE DAYS
 HEATING
  TODAY            2

 COOLING
  TODAY            0
...............................................................


WIND (MPH)
  HIGHEST WIND SPEED    15   HIGHEST WIND DIRECTION     W (250)
  HIGHEST GUST SPEED    21   HIGHEST GUST DIRECTION    NW (300)




RELATIVE HUMIDITY (PERCENT)
 HIGHEST    97
 LOWEST     28
 AVERAGE    63

..........................................................


THE WALLOPS ISLAND VA CLIMATE NORMALS FOR TOMORROW
                         NORMAL    RECORD    YEAR
 MAXIMUM TEMPERATURE (F)   66        89      2009
 MINIMUM TEMPERATURE (F)   48        37      2001


SUNRISE AND SUNSET
APRIL 26 2018.........SUNRISE   612 AM EDT   SUNSET   748 PM EDT
APRIL 27 2018.........SUNRISE   611 AM EDT   SUNSET   749 PM EDT


-  INDICATES NEGATIVE NUMBERS.
R  INDICATES RECORD WAS SET OR TIED.
MM INDICATES DATA IS MISSING.
T  INDICATES TRACE AMOUNT.




$$
