638
CDUS46 KLOX 240916
CLIWJF


CLIMATE REPORT
NATIONAL WEATHER SERVICE LOS ANGELES/OXNARD CA
216 AM PDT THU MAY 24 2018


...................................

...THE LANCASTER FOX FIELD CA CLIMATE SUMMARY FOR MAY 23 2018...

CLIMATE NORMAL PERIOD 1981 TO 2010
CLIMATE RECORD PERIOD 1948 TO 2018


WEATHER ITEM   OBSERVED TIME   RECORD YEAR NORMAL DEPARTURE
                VALUE   (LST)  VALUE       VALUE  FROM
                                                  NORMAL
...............................................................
TEMPERATURE (F)
 YESTERDAY
  MAXIMUM         82    122 PM 102    2001  84     -2
  MINIMUM         55    512 AM  41    2010  56     -1
                                      1980
  AVERAGE         69                        70     -1

PRECIPITATION (IN)
  YESTERDAY        0.00          0.06 2008   0.00   0.00
  MONTH TO DATE    0.00                      0.07  -0.07
  SINCE OCT 1      2.76                      6.97  -4.21
  SINCE JAN 1      2.74                      4.84  -2.10

SNOWFALL (IN)
  YESTERDAY        0.0           0.0    MM
  MONTH TO DATE    0.0
  SINCE MAR 1      0.0
  SINCE JUL 1      0.0
  SNOW DEPTH       0

DEGREE DAYS
 HEATING
  YESTERDAY        0                               -1
  MONTH TO DATE   31                              -21
  SINCE MAR 1    538                              -89
  SINCE JUL 1   2523                             -397

 COOLING
  YESTERDAY        4                               -2
  MONTH TO DATE   85                              -16
  SINCE MAR 1    133                                2
  SINCE JAN 1    133                                2
...............................................................


WIND (MPH)
  HIGHEST WIND SPEED    25   HIGHEST WIND DIRECTION    SW (240)
  HIGHEST GUST SPEED    32   HIGHEST GUST DIRECTION    SW (240)
  AVERAGE WIND SPEED    14.8




RELATIVE HUMIDITY (PERCENT)
 HIGHEST    72
 LOWEST     28
 AVERAGE    50

..........................................................


THE LANCASTER FOX FIELD CA CLIMATE NORMALS FOR TODAY
                         NORMAL    RECORD    YEAR
 MAXIMUM TEMPERATURE (F)   85        99      2001
 MINIMUM TEMPERATURE (F)   56        39      2008


SUNRISE AND SUNSET
MAY 24 2018...........SUNRISE   544 AM PDT   SUNSET   756 PM PDT
MAY 25 2018...........SUNRISE   544 AM PDT   SUNSET   756 PM PDT


-  INDICATES NEGATIVE NUMBERS.
R  INDICATES RECORD WAS SET OR TIED.
MM INDICATES DATA IS MISSING.
T  INDICATES TRACE AMOUNT.




$$
