000
CDUS45 KRIW 190737
CLIWRL


CLIMATE REPORT
NATIONAL WEATHER SERVICE
736 AM UTC THU APR 19 2018


...................................

...THE WORLAND WY CLIMATE SUMMARY FOR APRIL 18 2018...

CLIMATE NORMAL PERIOD 1981 TO 2010
CLIMATE RECORD PERIOD 1947 TO 2018


WEATHER ITEM   OBSERVED TIME   RECORD YEAR NORMAL DEPARTURE LAST
                VALUE   (LST)  VALUE       VALUE  FROM      YEAR
                                                  NORMAL
..................................................................
TEMPERATURE (F)
 YESTERDAY
  MAXIMUM         54    402 PM  83    2001  61     -7       63
  MINIMUM         23    536 AM  17    2013  32     -9       35
  AVERAGE         39                        46     -7       49

PRECIPITATION (IN)
  YESTERDAY        0.00          0.85 1991   0.03  -0.03      T
  MONTH TO DATE    0.42                      0.40   0.02     1.03
  SINCE MAR 1      1.08                      0.86   0.22     2.01
  SINCE JAN 1      1.40                      1.28   0.12     2.41

DEGREE DAYS
 HEATING
  YESTERDAY       26                        19      7       16
  MONTH TO DATE  462                       380     82      337
  SINCE MAR 1   1388                      1265    123     1007
  SINCE JUL 1   7715                      7266    449     6882

 COOLING
  YESTERDAY        0                         0      0        0
  MONTH TO DATE    0                         0      0        0
  SINCE MAR 1      0                         0      0        0
  SINCE JAN 1      0                         0      0        0
..................................................................


WIND (MPH)
  HIGHEST WIND SPEED    13   HIGHEST WIND DIRECTION    SE (130)
  HIGHEST GUST SPEED    16   HIGHEST GUST DIRECTION     E (110)
  AVERAGE WIND SPEED     5.8


SKY COVER
  POSSIBLE SUNSHINE  MM
  AVERAGE SKY COVER 0.0


WEATHER CONDITIONS
 THE FOLLOWING WEATHER WAS RECORDED YESTERDAY.
  NO SIGNIFICANT WEATHER WAS OBSERVED.


RELATIVE HUMIDITY (PERCENT)
 HIGHEST    96           500 AM
 LOWEST     26           400 PM
 AVERAGE    61

..........................................................


THE WORLAND WY CLIMATE NORMALS FOR TODAY
                         NORMAL    RECORD    YEAR
 MAXIMUM TEMPERATURE (F)   61        85      1980
 MINIMUM TEMPERATURE (F)   32        19      1982


SUNRISE AND SUNSET
APRIL 19 2018.........SUNRISE   622 AM MDT   SUNSET   801 PM MDT
APRIL 20 2018.........SUNRISE   620 AM MDT   SUNSET   802 PM MDT


-  INDICATES NEGATIVE NUMBERS.
R  INDICATES RECORD WAS SET OR TIED.
MM INDICATES DATA IS MISSING.
T  INDICATES TRACE AMOUNT.




$$
