000
CDUS46 KPDT 200838 RRA
CLIYKM

CLIMATE REPORT
NATIONAL WEATHER SERVICE PENDLETON OR
126 AM PDT FRI APR 20 2018


...................................

...THE YAKIMA WA CLIMATE SUMMARY FOR APRIL 19 2018...

CLIMATE NORMAL PERIOD 1981 TO 2010
CLIMATE RECORD PERIOD 1946 TO 2018


WEATHER ITEM   OBSERVED TIME   RECORD YEAR NORMAL DEPARTURE LAST
                VALUE   (LST)  VALUE       VALUE  FROM      YEAR
                                                  NORMAL
..................................................................
TEMPERATURE (F)
 YESTERDAY
  MAXIMUM         70    427 PM  87    2016  64      6       65
  MINIMUM         34    519 AM  18    2008  35     -1       35
  AVERAGE         52                        50      2       50

PRECIPITATION (IN)
  YESTERDAY        0.00          0.31 1989   0.02  -0.02     0.22
  MONTH TO DATE    0.75                      0.33   0.42     1.29
  SINCE OCT 1      4.51                      5.99  -1.48    10.75
  SINCE JAN 1      2.22                      2.87  -0.65     6.83

SNOWFALL (IN)
  YESTERDAY        0.0           T    2008   0.0    0.0      0.0
  MONTH TO DATE    0.0                       0.0    0.0      0.0
  SINCE JAN 1      0.8                       8.6   -7.8     29.1
  SINCE JUL 1      2.4                      21.6  -19.2     36.5
  SNOW DEPTH       0

DEGREE DAYS
 HEATING
  YESTERDAY       13                        15     -2       15
  MONTH TO DATE  285                       323    -38      300
  SINCE MAR 1    913                      1000    -87      890
  SINCE JUL 1   4679                      5527   -848     5319

 COOLING
  YESTERDAY        0                         0      0        0
  MONTH TO DATE    0                         0      0        0
  SINCE MAR 1      0                         0      0        0
  SINCE JAN 1      0                         0      0        0
..................................................................


WIND (MPH)
  HIGHEST WIND SPEED    14   HIGHEST WIND DIRECTION     N (350)
  HIGHEST GUST SPEED    19   HIGHEST GUST DIRECTION     N (340)
  AVERAGE WIND SPEED     6.6


SKY COVER
  POSSIBLE SUNSHINE  MM
  AVERAGE SKY COVER 0.0


WEATHER CONDITIONS
 THE FOLLOWING WEATHER WAS RECORDED YESTERDAY.
  NO SIGNIFICANT WEATHER WAS OBSERVED.


RELATIVE HUMIDITY (PERCENT)
 HIGHEST    70           100 AM
 LOWEST     22           100 PM
 AVERAGE    46

..........................................................


THE YAKIMA WA CLIMATE NORMALS FOR TODAY
                         NORMAL    RECORD    YEAR
 MAXIMUM TEMPERATURE (F)   65        88      2016
 MINIMUM TEMPERATURE (F)   35        22      2008
                                             1985


SUNRISE AND SUNSET
APRIL 20 2018.........SUNRISE   606 AM PDT   SUNSET   757 PM PDT
APRIL 21 2018.........SUNRISE   604 AM PDT   SUNSET   758 PM PDT


-  INDICATES NEGATIVE NUMBERS.
R  INDICATES RECORD WAS SET OR TIED.
MM INDICATES DATA IS MISSING.
T  INDICATES TRACE AMOUNT.




$$
