000
CXUS53 KUNR 011448
CLM2WX
CLIMATE REPORT
NATIONAL WEATHER SERVICE RAPID CITY SD
848 AM MDT MON APR 01 2024
...................................
...THE BUFFALO SD CLIMATE SUMMARY FOR THE MONTH OF MARCH 2024...
CLIMATE NORMAL PERIOD 1991 TO 2020
CLIMATE RECORD PERIOD 9999 TO 9999
WEATHER OBSERVED NORMAL DEPART LAST YEAR`S
VALUE DATE(S) VALUE FROM VALUE DATE(S)
NORMAL
................................................................
TEMPERATURE (F)
HIGHEST 70 03/18 53 03/14
03/24
LOWEST -2 03/26 0 03/08
AVG. MAXIMUM 43.8 44.9 -1.1 34.0
AVG. MINIMUM 20.4 22.1 -1.7 15.2
MEAN 32.1 33.5 -1.4 24.6
DAYS MAX >= 90 0 0
DAYS MAX <= 32 7 12
DAYS MIN <= 32 30 31
DAYS MIN <= 0 1 1
PRECIPITATION (INCHES)
TOTALS 0.65 0.53 0.12 0.83
DAILY AVG. 0.02 0.02 0.00 0.03
DAYS >= .01 7 9
DAYS >= .10 2 3
DAYS >= .50 0 0
DAYS >= 1.00 0 0
GREATEST
24 HR. TOTAL 0.29 03/24 TO 03/24 0.27
DEGREE DAYS
HEATING TOTAL 1012 977 35 1243
SINCE 7/1 5795 6573 -778 MM
COOLING TOTAL 0 0 0 0
SINCE 1/1 0 0 0 MM
................................................................
WIND (MPH)
AVERAGE WIND SPEED 11.5
HIGHEST WIND SPEED/DIRECTION 44/270 DATE 03/03
HIGHEST GUST SPEED/DIRECTION 53/270 DATE 03/03
AVERAGE RH (PERCENT) 61
- INDICATES NEGATIVE NUMBERS.
R INDICATES RECORD WAS SET OR TIED.
MM INDICATES DATA IS MISSING.
T INDICATES TRACE AMOUNT.
$$