000
CXUS51 KPHI 021513
CLM55N


CLIMATE REPORT
NATIONAL WEATHER SERVICE MOUNT HOLLY NJ
1109 AM EDT THU MAY 2 2019

...................................

...THE ATLANTIC CITY MARINA CLIMATE SUMMARY FOR THE MONTH OF APRIL 2019...

CLIMATE NORMAL PERIOD 1981 TO 2010
CLIMATE RECORD PERIOD 1873 TO 2019

WEATHER         OBSERVED          NORMAL  DEPART
                 VALUE   DATE(S)  VALUE   FROM
                                          NORMAL
................................................
TEMPERATURE (F)
HIGHEST            72   04/24        MM      MM
LOWEST             32R  04/01        MM      MM
AVG. MAXIMUM     60.1              57.6     2.5
AVG. MINIMUM     48.7              45.5     3.2
MEAN             54.4              51.6     2.8
DAYS MAX >= 90      0               0.0     0.0
DAYS MAX <= 32      0               0.0     0.0
DAYS MIN <= 32      1               0.5     0.5
DAYS MIN <= 0       0               0.0     0.0

PRECIPITATION (INCHES)
RECORD
 MAXIMUM           MM   MM
TOTALS           3.48              3.39    0.09
DAILY AVG.       0.12              0.11    0.01
DAYS >= .01        13              10.9     2.1
DAYS >= .10         5               6.4    -1.4
DAYS >= .50         3               2.4     0.6
DAYS >= 1.00        0               0.9    -0.9
GREATEST
 24 HR. TOTAL    0.94   04/26 TO 04/26
 STORM TOTAL       MM
 (MM/DD(HH))            MM

DEGREE_DAYS
HEATING TOTAL     303               407    -104
 SINCE 7/1       4082              4264    -182
COOLING TOTAL       1                 4      -3
 SINCE 1/1          1                 4      -3
.................................................

WIND (MPH)
AVERAGE WIND SPEED              10.1
HIGHEST WIND SPEED/DIRECTION    32/280    DATE  04/15
HIGHEST GUST SPEED/DIRECTION     0/000    DATE  04/09

SKY COVER
POSSIBLE SUNSHINE (PERCENT)    0
AVERAGE SKY COVER           0.00
NUMBER OF DAYS FAIR            1
NUMBER OF DAYS PC              0
NUMBER OF DAYS CLOUDY          0

AVERAGE RH (PERCENT)      0

-  INDICATES NEGATIVE NUMBERS.
R  INDICATES RECORD WAS SET OR TIED.
MM INDICATES DATA IS MISSING.
T  INDICATES TRACE AMOUNT.

$$
