000
CXUS51 KPHI 031136
CLM55N


CLIMATE REPORT
NATIONAL WEATHER SERVICE MOUNT HOLLY NJ
732 AM EDT SAT AUG 3 2019

...................................

...THE ATLANTIC CITY MARINA CLIMATE SUMMARY FOR THE MONTH OF JULY 2019...

CLIMATE NORMAL PERIOD 1981 TO 2010
CLIMATE RECORD PERIOD 1873 TO 2019

WEATHER         OBSERVED          NORMAL  DEPART  LAST YEAR`S
                 VALUE   DATE(S)  VALUE   FROM    VALUE
                                          NORMAL
.............................................................
TEMPERATURE (F)
RECORD
 HIGH             102   MM
 LOW               61   07/09/2018
HIGHEST            96   07/21        MM      MM       90
LOWEST             65   07/01        MM      MM       61
AVG. MAXIMUM     82.2              81.3     0.9     79.8
AVG. MINIMUM     72.6              70.0     2.6     71.2
MEAN             77.4              75.6     1.8     75.5
DAYS MAX >= 90      3               2.3     0.7        1
DAYS MAX <= 32      0               0.0     0.0        0
DAYS MIN <= 32      0               0.0     0.0        0
DAYS MIN <= 0       0               0.0     0.0        0

PRECIPITATION (INCHES)
RECORD
 MAXIMUM           MM   MM
 MINIMUM           MM   MM
TOTALS           3.16              3.31   -0.15     3.41
DAILY AVG.       0.10              0.11   -0.01     0.11
DAYS >= .01        11               8.4     2.6        9
DAYS >= .10         8               5.1     2.9        5
DAYS >= .50         3               2.1     0.9        4
DAYS >= 1.00        0               0.9    -0.9        1
GREATEST
 24 HR. TOTAL    0.89   07/06 TO 07/06              1.14

DEGREE_DAYS
HEATING TOTAL       0                 0       0        0
 SINCE 7/1          0                 0       0        0
COOLING TOTAL     392               330      62      333
 SINCE 1/1        652               538     114      546
..............................................................

WIND (MPH)
AVERAGE WIND SPEED              7.8
HIGHEST WIND SPEED/DIRECTION    26/240    DATE  07/23



-  INDICATES NEGATIVE NUMBERS.
R  INDICATES RECORD WAS SET OR TIED.
MM INDICATES DATA IS MISSING.
T  INDICATES TRACE AMOUNT.

$$
