000
CXUS53 KABR 040147
CLM8D3


CLIMATE REPORT
NATIONAL WEATHER SERVICE ABERDEEN SD
841 PM CDT SAT AUG 3 2019

...................................

...THE SISSETON SD CLIMATE SUMMARY FOR THE MONTH OF JULY 2019...

CLIMATE NORMAL PERIOD 1981 TO 2010
CLIMATE RECORD PERIOD 1900 TO 2019

WEATHER         OBSERVED          NORMAL  DEPART  LAST YEAR`S
                 VALUE   DATE(S)  VALUE   FROM    VALUE  DATE(S)
                                          NORMAL
................................................................
TEMPERATURE (F)
RECORD
 HIGH             113   07/06/1936
 LOW               40   07/29/1952
                        07/13/1950
HIGHEST            92   07/15        MM      MM       95  07/08
LOWEST             48   07/30        MM      MM       52  07/28
AVG. MAXIMUM     81.4              82.9    -1.5     82.3
AVG. MINIMUM     61.7              59.5     2.2     61.3
MEAN             71.6              71.2     0.4     71.8
DAYS MAX >= 90      1               4.2    -3.2        3
DAYS MAX <= 32      0               0.0     0.0        0
DAYS MIN <= 32      0               0.0     0.0        0
DAYS MIN <= 0       0               0.0     0.0        0

PRECIPITATION (INCHES)
RECORD
 MAXIMUM         8.13   1962
 MINIMUM         0.32   1975
TOTALS           4.98              3.58    1.40     6.64
DAYS >= .01        13                MM      MM       13
DAYS >= .10         9                MM      MM        9
DAYS >= .50         3                MM      MM        5
DAYS >= 1.00        1                MM      MM        3

SNOWFALL (INCHES)
RECORDS
 TOTAL             MM   MM
 SNOW DEPTH        MM   MM
TOTALS            0.0                MM      MM      0.0
SINCE 7/1         0.0                MM      MM      0.0
SNOWDEPTH AVG.      0                MM      MM        0
DAYS >= TRACE       0                MM      MM        0
DAYS >= 1.0         0                MM      MM        0
GREATEST
 SNOW DEPTH         0   MM                             0  MM

DEGREE_DAYS
HEATING TOTAL       6                13      -7        2
 SINCE 7/1          6                13      -7        2
COOLING TOTAL     219               205      14      220
 SINCE 1/1        360               322      38      559

FREEZE DATES
RECORD
 EARLIEST     MM
 LATEST       MM
EARLIEST                        MM
LATEST                          MM
.................................................................

WIND (MPH)
AVERAGE WIND SPEED              7.4
RESULTANT WIND SPEED/DIRECTION   1/218
HIGHEST WIND SPEED/DIRECTION    31/330    DATE  07/10
HIGHEST GUST SPEED/DIRECTION    44/320    DATE  07/10

SKY COVER
POSSIBLE SUNSHINE (PERCENT)   MM
AVERAGE SKY COVER           0.00
NUMBER OF DAYS FAIR           31
NUMBER OF DAYS PC              0
NUMBER OF DAYS CLOUDY          0

AVERAGE RH (PERCENT)     76

-  INDICATES NEGATIVE NUMBERS.
R  INDICATES RECORD WAS SET OR TIED.
MM INDICATES DATA IS MISSING.
T  INDICATES TRACE AMOUNT.

$$
