000
CXUS53 KABR 151606
CLM8D3


CLIMATE REPORT
NATIONAL WEATHER SERVICE ABERDEEN SD
1052 AM CDT WED MAY 15 2019

...................................

...THE SISSETON SD CLIMATE SUMMARY FOR THE MONTH OF MARCH 2019...

CLIMATE NORMAL PERIOD 1981 TO 2010
CLIMATE RECORD PERIOD 1900 TO 2019

WEATHER         OBSERVED          NORMAL  DEPART  LAST YEAR`S
                 VALUE   DATE(S)  VALUE   FROM    VALUE  DATE(S)
                                          NORMAL
................................................................
TEMPERATURE (F)
RECORD
 HIGH              82   03/18/2012
                        03/31/1963
                        03/28/1946
 LOW              -22   03/10/1948
HIGHEST            54   03/27        MM      MM       45  03/27
LOWEST            -15   03/03        MM      MM        4  03/09
                                                          03/08
AVG. MAXIMUM     31.2              39.3    -8.1     34.9
AVG. MINIMUM     15.5              20.8    -5.3     20.2
MEAN             23.3              30.0    -6.7     27.5
DAYS MAX >= 90      0               0.0     0.0        0
DAYS MAX <= 32     13               8.7     4.3        8
DAYS MIN <= 32     30              26.5     3.5       29
DAYS MIN <= 0       7               1.5     5.5        0

PRECIPITATION (INCHES)
RECORD
 MAXIMUM         5.19   1977
 MINIMUM         0.03   1959
TOTALS           1.88              1.12    0.76     1.64
DAYS >= .01         6                MM      MM       10
DAYS >= .10         4                MM      MM        5
DAYS >= .50         2                MM      MM        1
DAYS >= 1.00        0                MM      MM        0

SNOWFALL (INCHES)
RECORDS
 TOTAL           22.5   5
 SNOW DEPTH        MM   MM
TOTALS           14.8                MM      MM     19.7
SINCE 7/1        69.8                MM      MM     42.4
SNOWDEPTH AVG.     16                MM      MM        4
DAYS >= TRACE       6                MM      MM        9
DAYS >= 1.0         3                MM      MM        6
GREATEST
 SNOW DEPTH        29   03/10                          9  03/08
                                                          03/07
                                                          03/06

DEGREE_DAYS
HEATING TOTAL    1286              1083     203     1153
 SINCE 7/1       8304              7342     962     7250
COOLING TOTAL       0                 0       0        0
 SINCE 1/1          0                 0       0        0

FREEZE DATES
RECORD
 EARLIEST     MM
 LATEST       MM
EARLIEST                        MM
LATEST                          MM
.................................................................

WIND (MPH)
AVERAGE WIND SPEED              12.2
RESULTANT WIND SPEED/DIRECTION   6/298
HIGHEST WIND SPEED/DIRECTION    45/330    DATE  03/14
HIGHEST GUST SPEED/DIRECTION    55/330    DATE  03/14

SKY COVER
POSSIBLE SUNSHINE (PERCENT)   MM
AVERAGE SKY COVER           0.00
NUMBER OF DAYS FAIR           31
NUMBER OF DAYS PC              0
NUMBER OF DAYS CLOUDY          0

AVERAGE RH (PERCENT)     81

WEATHER CONDITIONS. NUMBER OF DAYS WITH
  0
  1
  0
  0
  2
  0
  0
HAZE                      0

-  INDICATES NEGATIVE NUMBERS.
R  INDICATES RECORD WAS SET OR TIED.
MM INDICATES DATA IS MISSING.
T  INDICATES TRACE AMOUNT.

$$
