091
CXUS52 KTAE 021311
CLMAAF

MIACLMAAF 000
TTAA00 KTAE 011259


CLIMATE REPORT
NATIONAL WEATHER SERVICE TALLAHASSEE FL
859 AM EDT THU AUG 1 2019

...................................

...THE APALACHICOLA CLIMATE SUMMARY FOR THE MONTH OF JULY 2019...

CLIMATE NORMAL PERIOD 1981 TO 2010
CLIMATE RECORD PERIOD 1931 TO 2019

WEATHER         OBSERVED          NORMAL  DEPART  LAST YEAR`S
                 VALUE   DATE(S)  VALUE   FROM    VALUE  DATE(S)
                                          NORMAL
................................................................
TEMPERATURE (F)
RECORD
 HIGH             102   07/14/1932
 LOW               63   07/31/2014
                        07/21/2009
                        07/01/1981
HIGHEST            96   07/04        90       6       93  07/14
                                                          07/04
LOWEST             72   07/31        MM      MM       72  07/05
                        07/30                             07/04
                        07/25
AVG. MAXIMUM     89.8              90.6    -0.8     89.7
AVG. MINIMUM     74.8              73.6     1.2     75.3
MEAN             82.3              82.1     0.2     82.5
DAYS MAX >= 90     16              17.7    -1.7       19
DAYS MAX <= 32      0               0.0     0.0        0
DAYS MIN <= 32      0               0.0     0.0        0
DAYS MIN <= 0       0               0.0     0.0        0

PRECIPITATION (INCHES)
RECORD
 MAXIMUM        18.07   1984
 MINIMUM           MM
TOTALS           8.06              7.07    0.99     5.66

DEGREE_DAYS
HEATING TOTAL       0                 0       0        0
 SINCE 7/1          0                 0       0        0
COOLING TOTAL     546               530      16      553
 SINCE 1/1       1551              1408     143     1638
.................................................................

WIND (MPH)
AVERAGE WIND SPEED              5.7
HIGHEST WIND SPEED/DIRECTION    28/190    DATE  07/12
HIGHEST GUST SPEED/DIRECTION    36/200    DATE  07/12

SKY COVER
POSSIBLE SUNSHINE (PERCENT)   MM
AVERAGE SKY COVER           0.20
NUMBER OF DAYS FAIR           28
NUMBER OF DAYS PC              3
NUMBER OF DAYS CLOUDY          0

AVERAGE RH (PERCENT)     76

WEATHER CONDITIONS. NUMBER OF DAYS WITH
  0
  7
  0
  0
  0
  0
  0
HAZE                      6

-  INDICATES NEGATIVE NUMBERS.
R  INDICATES RECORD WAS SET OR TIED.
MM INDICATES DATA IS MISSING.
T  INDICATES TRACE AMOUNT.

$$
