000
CXUS52 KTAE 011243
CLMAAF

CLIMATE REPORT
NATIONAL WEATHER SERVICE TALLAHASSEE FL
838 AM EDT WED MAY 1 2019

...................................

...THE APALACHICOLA CLIMATE SUMMARY FOR THE MONTH OF APRIL 2019...

CLIMATE NORMAL PERIOD 1981 TO 2010
CLIMATE RECORD PERIOD 1931 TO 2019

WEATHER         OBSERVED                   LAST YEAR`S
                 VALUE   DATE(S)           VALUE  DATE(S)

.........................................................
TEMPERATURE (F)
HIGHEST            82   04/26                  87  04/29
LOWEST             43   04/21                  44  04/17
                                                   04/16
AVG. MAXIMUM     75.1                        76.8
AVG. MINIMUM     55.8                        55.9
MEAN             65.4                        66.4
DAYS MAX >= 90      0                           0
DAYS MAX <= 32      0                           0
DAYS MIN <= 32      0                           0
DAYS MIN <= 0       0                           0

PRECIPITATION (INCHES)
TOTALS           3.57                        1.86
DAILY AVG.       0.12                        0.06
DAYS >= .01         9                           5
DAYS >= .10         9                           4
DAYS >= .50         3                           2
DAYS >= 1.00        0                           0
GREATEST
 24 HR. TOTAL    0.99   04/04 TO 04/04       0.97

DEGREE_DAYS
HEATING TOTAL      50                          35
 SINCE 7/1       1116                        1108
COOLING TOTAL      70                          84
 SINCE 1/1        129                         205
..........................................................

WIND (MPH)
AVERAGE WIND SPEED              7.8
HIGHEST WIND SPEED/DIRECTION    35/210    DATE  04/19
HIGHEST GUST SPEED/DIRECTION    46/220    DATE  04/19

SKY COVER
AVERAGE SKY COVER           0.30

AVERAGE RH (PERCENT)     74

WEATHER CONDITIONS. NUMBER OF DAYS WITH
  0
  7
  0
  0
  0
  0
  4
HAZE                      3

-  INDICATES NEGATIVE NUMBERS.
R  INDICATES RECORD WAS SET OR TIED.
MM INDICATES DATA IS MISSING.
T  INDICATES TRACE AMOUNT.

$$
