000
CXUS54 KSJT 011543
CLMABI


CLIMATE REPORT
NATIONAL WEATHER SERVICE SAN ANGELO TX
1028 AM CDT WED MAY 1 2019

...................................

...THE ABILENE CLIMATE SUMMARY FOR THE MONTH OF APRIL 2019...

CLIMATE NORMAL PERIOD 1981 TO 2010
CLIMATE RECORD PERIOD 1886 TO 2019

WEATHER         OBSERVED          NORMAL  DEPART  LAST YEAR`S
                 VALUE   DATE(S)  VALUE   FROM    VALUE  DATE(S)
                                          NORMAL
................................................................
TEMPERATURE (F)
RECORD
 HIGH             104   04/25/2012
 LOW               25   04/09/1973
                        04/05/1886
HIGHEST            96   04/10        MM      MM       94  04/12
LOWEST             37   04/14        MM      MM       28  04/07
AVG. MAXIMUM     78.6              77.3     1.3     76.4
AVG. MINIMUM     54.6              51.9     2.7     45.6
MEAN             66.6              64.6     2.0     61.0
DAYS MAX >= 90      2               2.1    -0.1        2
DAYS MAX <= 32      0               0.0     0.0        0
DAYS MIN <= 32      0               0.3    -0.3        3
DAYS MIN <= 0       0               0.0     0.0        0

PRECIPITATION (INCHES)
RECORD
 MAXIMUM         9.80   1890
 MINIMUM         0.00   2012
TOTALS           4.73              1.64    3.09     0.30
DAILY AVG.       0.16              0.05    0.11     0.01
DAYS >= .01         4               5.0    -1.0        3
DAYS >= .10         4               3.1     0.9        2
DAYS >= .50         3               1.1     1.9        0
DAYS >= 1.00        2               0.5     1.5        0
GREATEST
 24 HR. TOTAL    2.17   04/23 TO 04/23

SNOWFALL (INCHES)
RECORDS
 TOTAL            9.3   1996
                        0
                        0
TOTALS              T               0.3    -0.3      0.0
SINCE 7/1         3.1               4.7    -1.6      0.5
SNOWDEPTH AVG.      0                MM      MM        0
DAYS >= 1.0         0               0.0     0.0        0
GREATEST
 SNOW DEPTH         0   MM                             0  MM
 24 HR TOTAL        T   04/13 TO 04/13

DEGREE_DAYS
HEATING TOTAL      69               111     -42      171
 SINCE 7/1       2518              2542     -24     2583
COOLING TOTAL     124                99      25       59
 SINCE 1/1        162               133      29      117
.................................................................

WIND (MPH)
AVERAGE WIND SPEED              12.8
HIGHEST WIND SPEED/DIRECTION    36/360    DATE  04/18
HIGHEST GUST SPEED/DIRECTION    45/210    DATE  04/27

SKY COVER
AVERAGE SKY COVER           0.20

AVERAGE RH (PERCENT)     61

WEATHER CONDITIONS. NUMBER OF DAYS WITH
THUNDERSTORM              5     MIXED PRECIP               0
HEAVY RAIN                3     RAIN                       4
LIGHT RAIN                5     FREEZING RAIN              0
LT FREEZING RAIN          0     HAIL                       1
HEAVY SNOW                0     SNOW                       0
LIGHT SNOW                0     SLEET                      0
FOG                       9     FOG W/VIS <= 1/4 MILE      1
HAZE                      4

-  INDICATES NEGATIVE NUMBERS.
R  INDICATES RECORD WAS SET OR TIED.
MM INDICATES DATA IS MISSING.
T  INDICATES TRACE AMOUNT.

$$
