000
CXUS54 KSJT 011711 CCA
CLMABI

CLIMATE REPORT
NATIONAL WEATHER SERVICE SAN ANGELO TX
925 AM CDT MON JUL 1 2019

...................................

...THE ABILENE CLIMATE SUMMARY FOR THE MONTH OF JUNE 2019...

CLIMATE NORMAL PERIOD 1981 TO 2010
CLIMATE RECORD PERIOD 1886 TO 2019

WEATHER         OBSERVED          NORMAL  DEPART  LAST YEAR`S
                 VALUE   DATE(S)  VALUE   FROM    VALUE  DATE(S)
                                          NORMAL
................................................................
TEMPERATURE (F)
RECORD
 HIGH             110   06/30/1907
 LOW               44   06/03/1919
HIGHEST           102   06/20        MM      MM      103  06/02
LOWEST             60   06/13        MM      MM       61  06/04
AVG. MAXIMUM     90.5              90.5     0.0     95.8
AVG. MINIMUM     68.0              68.5    -0.5     71.9
MEAN             79.3              79.5    -0.2     83.9
DAYS MAX >= 90     17              17.4    -0.4       29
DAYS MAX <= 32      0               0.0     0.0        0
DAYS MIN <= 32      0               0.0     0.0        0
DAYS MIN <= 0       0               0.0     0.0        0

PRECIPITATION (INCHES)
RECORD
 MAXIMUM         9.60   1961
 MINIMUM            T   1994
                        1901
TOTALS           3.92              3.56    0.36     2.97
DAILY AVG.       0.13              0.12    0.01     0.10
DAYS >= .01        10               7.0     3.0        7
DAYS >= .10         5               4.7     0.3        5
DAYS >= .50         4               2.6     1.4        1
DAYS >= 1.00        1               1.2    -0.2        1
GREATEST
 24 HR. TOTAL    1.74   06/05 TO 06/05

SNOWFALL (INCHES)
RECORDS
 TOTAL             MM   5
TOTALS            0.0               0.0     0.0      0.0
SINCE 7/1         3.1               4.7    -1.6      0.5
SNOWDEPTH AVG.      0                MM      MM        0
DAYS >= 1.0         0               0.0     0.0        0
GREATEST
 SNOW DEPTH         0   MM                             0  MM
 24 HR TOTAL      0.0   06/30 TO 06/30

DEGREE_DAYS
HEATING TOTAL       0                 1      -1        0
 SINCE 7/1       2551              2559      -8     2583
COOLING TOTAL     435               435       0      572
 SINCE 1/1        828               832      -4     1103
.................................................................

WIND (MPH)
AVERAGE WIND SPEED              10.4
HIGHEST WIND SPEED/DIRECTION    52/340    DATE  06/23
HIGHEST GUST SPEED/DIRECTION    61/310    DATE  06/23

SKY COVER
AVERAGE SKY COVER           0.10

AVERAGE RH (PERCENT)     66

WEATHER CONDITIONS. NUMBER OF DAYS WITH
THUNDERSTORM              8     MIXED PRECIP               0
HEAVY RAIN                5     RAIN                       5
LIGHT RAIN               14     FREEZING RAIN              0
LT FREEZING RAIN          0     HAIL                       0
HEAVY SNOW                0     SNOW                       0
LIGHT SNOW                0     SLEET                      0
FOG                       7     FOG W/VIS <= 1/4 MILE      0
HAZE                      2

-  INDICATES NEGATIVE NUMBERS.
R  INDICATES RECORD WAS SET OR TIED.
MM INDICATES DATA IS MISSING.
T  INDICATES TRACE AMOUNT.

$$
