181
CXUS55 KABQ 011752
CLMABQ

ABQCLMABQ 000
TTAA00 KABQ 011503


CLIMATE REPORT
NATIONAL WEATHER SERVICE ALBUQUERQUE NM
1152 AM MDT THU AUG 1 2019

...................................

...THE ALBUQUERQUE  NM CLIMATE SUMMARY FOR THE MONTH OF JULY 2019...

CLIMATE NORMAL PERIOD 1981 TO 2010
CLIMATE RECORD PERIOD 1891 TO 2019

WEATHER         OBSERVED          NORMAL  DEPART  LAST YEAR`S
                 VALUE   DATE(S)  VALUE   FROM    VALUE  DATE(S)
                                          NORMAL
................................................................
TEMPERATURE (F)
RECORD
 HIGH             105   07/18/1980
                        07/05/1980
                        07/14/1979
 LOW               52   07/03/1985
HIGHEST           100   07/20       100       0      100  07/22
                        07/19
LOWEST             60   07/09        58       2       61  07/28
AVG. MAXIMUM     93.5              90.1     3.4     92.0
AVG. MINIMUM     67.9              66.4     1.5     67.5
MEAN             80.7              78.3     2.4     79.7
DAYS MAX >= 90     27              17.3     9.7       22
DAYS MAX <= 32      0               0.0     0.0        0
DAYS MIN <= 32      0               0.0     0.0        0
DAYS MIN <= 0       0               0.0     0.0        0

PRECIPITATION (INCHES)
RECORD
 MAXIMUM         3.55   2006
 MINIMUM         0.08   1980
TOTALS           1.95              1.50    0.45     2.21
DAILY AVG.       0.06              0.05    0.01     0.07
DAYS >= .01         6               8.3    -2.3       10
DAYS >= .10         3               3.9    -0.9        6
DAYS >= .50         2               0.8     1.2        3
DAYS >= 1.00        1               0.2     0.8        0
GREATEST
 24 HR. TOTAL    1.06   07/25 TO 07/25              0.62

SNOWFALL (INCHES)
RECORDS
 TOTAL              T   2018
                        2007
TOTALS            0.0               0.0     0.0        T
SINCE 7/1         0.0               0.0     0.0        T
SNOWDEPTH AVG.      0                MM      MM        0
DAYS >= 1.0         0               0.0     0.0        0
GREATEST
 SNOW DEPTH         0   MM                             0  MM
 24 HR TOTAL      0.0   07/31 TO 07/31                 T

DEGREE_DAYS
HEATING TOTAL       0                 0       0        0
 SINCE 7/1          0                 0       0        0
COOLING TOTAL     495               411      84      466
 SINCE 1/1        802               811      -9     1084
.................................................................

WIND (MPH)
AVERAGE WIND SPEED              8.4
HIGHEST WIND SPEED/DIRECTION    45/300    DATE  07/01
HIGHEST GUST SPEED/DIRECTION    59/140    DATE  07/12

SKY COVER
POSSIBLE SUNSHINE (PERCENT)   MM
AVERAGE SKY COVER           0.50
NUMBER OF DAYS FAIR            6
NUMBER OF DAYS PC             24
NUMBER OF DAYS CLOUDY          1

AVERAGE RH (PERCENT)     37

WEATHER CONDITIONS. NUMBER OF DAYS WITH
  THUNDERSTORM         13        MIXED PRECIP            0
  HEAVY RAIN            3        RAIN                    2
  LIGHT RAIN            4        FREEZING RAIN           0
  LT FREEZING RAIN      0        HAIL                    0
  HEAVY SNOW            0        SNOW                    0
  LIGHT SNOW            0        SLEET                   0
  FOG                   2        FOG W/VIS <= 1/4 MILE   0
  HAZE                  0

-  INDICATES NEGATIVE NUMBERS.
R  INDICATES RECORD WAS SET OR TIED.
MM INDICATES DATA IS MISSING.
T  INDICATES TRACE AMOUNT.

$$
....................................................................

THE MONTHLY AVERAGE TEMPERATURE FOR JULY 2019 AT THE ALBUQUERQUE
SUNPORT WAS 80.7 DEGREES WHICH WAS 2.4 DEGREES ABOVE THE NORMAL. THE
AVERAGE MAXIMUM TEMPERATURE WAS 93.5 DEGREES WHICH WAS 3.4 DEGREES
ABOVE THE NORMAL. THE AVERAGE MINIMUM TEMPERATRE WAS 67.9 DEGREES
WHIGH WAS 1.5 DEGREES ABOVE THE NORMAL.

THE HIGHEST MAXIMUM TEMPERATURE FOR THE MONTH WAS 100 DEGREES ON THE
19TH AND 20TH. THE LOWEST MINIMUM TEMPERATURE WAS 60 DEGREES WHIGH
OCCURRED ON THE 9TH OF JULY.

THE TOTAL PRECIPITATION FOR THE MONTH OF JULY WAS 1.95 INCHES WHICH
WAS 0.45 INCHES ABOVE THE NORMAL OF 1.50 INCHES. THUNDERSTORMS WITH
HEAVY RAIN HIT THE ALBUQUERQUE SUNPORT ON THE 06TH AND 25TH OF THE
MONTH.

THE AVERAGE WIND SPEED FOR THE MONTH WAS 8.4 MILES PER HOUR. THE
HIGHEST WIND GUST OCCURRED ON THE 12TH OF JULY FROM THE SOUTHEAST
AT 59 MILES PER HOUR.
....................................................................

$$
