000
CXUS55 KABQ 020306
CLMABQ

ABQCLMABQALL 000
TTAA00 KABQ 011656


CLIMATE REPORT
NATIONAL WEATHER SERVICE ALBUQUERQUE NM
0906 PM MDT WED MAY 1 2019

...................................

...THE ALBUQUERQUE  NM CLIMATE SUMMARY FOR THE MONTH OF APRIL 2019...

CLIMATE NORMAL PERIOD 1981 TO 2010
CLIMATE RECORD PERIOD 1891 TO 2019

WEATHER         OBSERVED          NORMAL  DEPART  LAST YEAR`S
                 VALUE   DATE(S)  VALUE   FROM    VALUE  DATE(S)
                                          NORMAL
................................................................
TEMPERATURE (F)
RECORD
 HIGH              89   04/21/1989
                        04/22/1965
 LOW               18   04/02/1936
HIGHEST            83   04/09        84      -1       83  04/29
                                                          04/24
                                                          04/11
LOWEST             32   04/01        27       5       35  04/21
                                                          04/13
AVG. MAXIMUM     70.3              69.0     1.3     74.5
AVG. MINIMUM     44.4              43.0     1.4     45.7
MEAN             57.4              56.0     1.4     60.1
DAYS MAX >= 90      0               0.0     0.0        0
DAYS MAX <= 32      0               0.0     0.0        0
DAYS MIN <= 32      1               1.7    -0.7        0
DAYS MIN <= 0       0               0.0     0.0        0

PRECIPITATION (INCHES)
RECORD
 MAXIMUM         3.00   2004
 MINIMUM            T   2018
                        2003
                        2000
TOTALS           1.01              0.61    0.40        T
DAILY AVG.       0.03              0.02    0.01        T
DAYS >= .01         4               3.2     0.8        0
DAYS >= .10         2               1.6     0.4        0
DAYS >= .50         1               0.3     0.7        0
DAYS >= 1.00        0               0.1    -0.1        0
GREATEST
 24 HR. TOTAL    0.58   04/17 TO 04/17                 T

SNOWFALL (INCHES)
RECORDS
 TOTAL            8.1   1973
TOTALS            0.0               0.6    -0.6      0.0
SINCE 7/1         9.5               9.6    -0.1      0.3
SNOWDEPTH AVG.      0                MM      MM        0
DAYS >= 1.0         0               0.2    -0.2        0
GREATEST
 SNOW DEPTH         0   MM                             0  MM
 24 HR TOTAL      0.0   04/30 TO 04/30               0.0

DEGREE_DAYS
HEATING TOTAL     227               277     -50      152
 SINCE 7/1       4046              4104     -58     3305
COOLING TOTAL       8                 7       1       14
 SINCE 1/1          8                 7       1       14
.................................................................

WIND (MPH)
AVERAGE WIND SPEED              8.8
HIGHEST WIND SPEED/DIRECTION    49/280    DATE  04/10
HIGHEST GUST SPEED/DIRECTION    60/270    DATE  04/10

SKY COVER
POSSIBLE SUNSHINE (PERCENT)   MM
AVERAGE SKY COVER           0.50
NUMBER OF DAYS FAIR            9
NUMBER OF DAYS PC             15
NUMBER OF DAYS CLOUDY          6

AVERAGE RH (PERCENT)     41

WEATHER CONDITIONS. NUMBER OF DAYS WITH
THUNDERSTORM          4       MIXED PRECIP           0
HEAVY RAIN            2       RAIN                   2
LIGHT RAIN            8       FREEZING RAIN          0
LT FREEZING RAIN      0       HAIL                   0
HEAVY SNOW            0       SNOW                   0
LIGHT SNOW            0       SLEET                  0
FOG                   5       FOG W/VIS <= 1/4 MILE  1
HAZE                  5

-  INDICATES NEGATIVE NUMBERS.
R  INDICATES RECORD WAS SET OR TIED.
MM INDICATES DATA IS MISSING.
T  INDICATES TRACE AMOUNT.

$$

...............................................................

THE AVERAGE MAXIMUM TEMPERATURE AT THE ALBUQUERQUE SUNPORT IN APRIL
WAS 70.3 DEGREES WHICH WAS 1.3 DEGREES ABOVE NORMAL. THE AVERAGE
MINIMUM TEMPERATURE WAS 44.4 DEGREES WHICH WAS 1.4 DEGREES ABOVE
NORMAL. THE MONTHLY AVERAGE TEMPERATURE WAS 57.4 DEGREES WHICH WAS
1.4 DEGREES ABOVE THE NORMAL.

THE HIGHEST MAXIMUM TEMPERAURE FOR THE MONTH WAS 83 DEGREES ON THE
9TH. THE LOWEST TEMPERATURE FOR THE MONTH WAS 32 DEGREES ON THE 1ST
OF APRIL.

TOTAL PRECIPITATION FOR THE MONTH WAS 1.01 INCHES WHICH WAS 0.40
INCHES ABOVE THE NORMAL OF 0.61 INCHES. NO SNOWFALL FOR THE MONTH.

THE AVERAGE WIND SPEED FOR THE MONTH WAS 8.8 MILES PER HOUR. THE
HIGHEST WIND GUST WAS 60 MILES PER HOUR FROM THE WEST ON THE 10TH.

....................................................................

$$
