000
CXUS54 KFWD 010848 RRA
CLMACT

CLIMATE REPORT
NATIONAL WEATHER SERVICE FORT WORTH TX
348 AM CDT WED MAY 1 2019

...................................

...THE WACO CLIMATE SUMMARY FOR THE MONTH OF APRIL 2019...

CLIMATE NORMAL PERIOD 1981 TO 2010
CLIMATE RECORD PERIOD 1901 TO 2019

WEATHER         OBSERVED          NORMAL  DEPART  LAST YEAR`S
                 VALUE   DATE(S)  VALUE   FROM    VALUE  DATE(S)
                                          NORMAL
................................................................
TEMPERATURE (F)
RECORD
 HIGH             101   04/09/1963
 LOW               26   04/07/2009
HIGHEST            89   04/04        90      -1       86  04/28
                                                          04/24
LOWEST             34   04/01        38      -4       36  04/15
                                                          04/08
AVG. MAXIMUM     75.7              77.6    -1.9     75.8
AVG. MINIMUM     54.3              54.6    -0.3     48.2
MEAN             65.0              66.1    -1.1     62.0
DAYS MAX >= 90      0               1.2    -1.2        0
DAYS MAX <= 32      0               0.0     0.0        0
DAYS MAX >= 100     0                                  0
DAYS MIN <= 32      0               0.2    -0.2        0
DAYS MIN <= 0       0               0.0     0.0        0
DAYS MIN >= 80      0                                  0

PRECIPITATION (INCHES)
RECORD
 MAXIMUM        13.91   1977
 MINIMUM         0.12   1983
TOTALS           6.81              2.69    4.12     0.51
DAILY AVG.       0.23              0.09    0.14     0.02
DAYS >= .01         7               6.3     0.7        4
DAYS >= .10         6               3.8     2.2        2
DAYS >= .50         5               1.9     3.1        0
DAYS >= 1.00        4               0.7     3.3        0
GREATEST
 24 HR. TOTAL    2.01   04/24 TO 04/24              0.23

SNOWFALL (INCHES)
RECORDS
 TOTAL            3.5   2007
 24 HR TOTAL      3.5   04/07/2007 TO 04/08/2007
TOTALS            0.0               0.1    -0.1      0.0
SINCE 7/1         0.1               1.0    -0.9        T
SNOWDEPTH AVG.      0                MM      MM        0
DAYS >= TRACE       0                                  0
DAYS >= 1.0         0               0.0     0.0        0
GREATEST
 SNOW DEPTH         0   MM                             0  MM
 24 HR TOTAL      0.0                                0.0

DEGREE_DAYS
HEATING TOTAL      86                78       8      131
 SINCE 7/1       2269              2136     133     2088
COOLING TOTAL      96               111     -15       49
 SINCE 1/1        126               154     -28      136
.................................................................

WIND (MPH)
AVERAGE WIND SPEED              10.7
HIGHEST WIND SPEED/DIRECTION    41/290    DATE  04/17
HIGHEST GUST SPEED/DIRECTION    59/290    DATE  04/17

SKY COVER
POSSIBLE SUNSHINE (PERCENT)   MM
AVERAGE SKY COVER           0.40
NUMBER OF DAYS FAIR           15
NUMBER OF DAYS PC              8
NUMBER OF DAYS CLOUDY          7

AVERAGE RH (PERCENT)     71

WEATHER CONDITIONS. NUMBER OF DAYS WITH
THUNDERSTORM              6     MIXED PRECIP                0
HEAVY RAIN                4     RAIN                        7
LIGHT RAIN               10     FREEZING RAIN               0
LT FREEZING RAIN          0     HAIL                        0
HEAVY SNOW                0     SNOW                        0
LIGHT SNOW                0     SLEET                       0
FOG                      11     FOG W/VIS <= 1/4 MILE       3
HAZE                      5

-  INDICATES NEGATIVE NUMBERS.
R  INDICATES RECORD WAS SET OR TIED.
MM INDICATES DATA IS MISSING.
T  INDICATES TRACE AMOUNT.

$$
