769
CXUS54 KFWD 010910 RRA
CLMACT

CLIMATE REPORT
NATIONAL WEATHER SERVICE FORT WORTH TX
410 AM CDT THU AUG 1 2019

...................................

...THE WACO CLIMATE SUMMARY FOR THE MONTH OF JULY 2019...

CLIMATE NORMAL PERIOD 1981 TO 2010
CLIMATE RECORD PERIOD 1901 TO 2019

WEATHER         OBSERVED          NORMAL  DEPART  LAST YEAR`S
                 VALUE   DATE(S)  VALUE   FROM    VALUE  DATE(S)
                                          NORMAL
................................................................
TEMPERATURE (F)
RECORD
 HIGH             114   07/23/2018
 LOW               58   07/03/2013
HIGHEST           101   07/22       102      -1      114  07/23
LOWEST             60   07/25        68      -8       70  07/05
AVG. MAXIMUM     95.7              96.3    -0.6    102.4
AVG. MINIMUM     74.1              74.1     0.0     76.1
MEAN             84.9              85.2    -0.3     89.3
DAYS MAX >= 90     30              28.1     1.9       31
DAYS MAX <= 32      0               0.0     0.0        0
DAYS MAX >= 100     2                                 22
DAYS MIN <= 32      0               0.0     0.0        0
DAYS MIN <= 0       0               0.0     0.0        0
DAYS MIN >= 80      0                                  4

PRECIPITATION (INCHES)
RECORD
 MAXIMUM         8.95   1902
 MINIMUM         0.00   2015
                        1993
                        1930
TOTALS           0.04              1.79   -1.75     0.47
DAILY AVG.       0.00              0.06   -0.06     0.02
DAYS >= .01         2               5.3    -3.3        4
DAYS >= .10         0               2.9    -2.9        2
DAYS >= .50         0               1.1    -1.1        0
DAYS >= 1.00        0               0.5    -0.5        0
GREATEST
 24 HR. TOTAL    0.02   07/13 TO 07/13              0.29
                        07/10 TO 07/10

DEGREE_DAYS
HEATING TOTAL       0                 0       0        0
 SINCE 7/1          0                 0       0        0
COOLING TOTAL     621               626      -5      761
 SINCE 1/1       1530              1566     -36     2004
.................................................................

WIND (MPH)
AVERAGE WIND SPEED              10.4
HIGHEST WIND SPEED/DIRECTION    35/150    DATE  07/03
HIGHEST GUST SPEED/DIRECTION    42/150    DATE  07/03

SKY COVER
POSSIBLE SUNSHINE (PERCENT)   MM
AVERAGE SKY COVER           0.20
NUMBER OF DAYS FAIR           25
NUMBER OF DAYS PC              6
NUMBER OF DAYS CLOUDY          0

AVERAGE RH (PERCENT)     63

WEATHER CONDITIONS. NUMBER OF DAYS WITH
THUNDERSTORM              4     MIXED PRECIP                0
HEAVY RAIN                0     RAIN                        0
LIGHT RAIN                4     FREEZING RAIN               0
LT FREEZING RAIN          0     HAIL                        0
HEAVY SNOW                0     SNOW                        0
LIGHT SNOW                0     SLEET                       0
FOG                       1     FOG W/VIS <= 1/4 MILE       0
HAZE                      3

-  INDICATES NEGATIVE NUMBERS.
R  INDICATES RECORD WAS SET OR TIED.
MM INDICATES DATA IS MISSING.
T  INDICATES TRACE AMOUNT.

$$
