000
CXUS51 KPHI 021513
CLMACY


CLIMATE REPORT
NATIONAL WEATHER SERVICE MOUNT HOLLY NJ
1109 AM EDT THU MAY 2 2019

...................................

...THE ATLANTIC CITY CLIMATE SUMMARY FOR THE MONTH OF APRIL 2019...

CLIMATE NORMAL PERIOD 1981 TO 2010
CLIMATE RECORD PERIOD 1943 TO 2019

WEATHER         OBSERVED          NORMAL  DEPART  LAST YEAR`S
                 VALUE   DATE(S)  VALUE   FROM    VALUE  DATE(S)
                                          NORMAL
................................................................
TEMPERATURE (F)
RECORD
 HIGH              94   04/17/2002
                        04/27/1969
 LOW               12   04/01/1969
HIGHEST            84   04/08        82       2       83  04/13
LOWEST             23   04/02        26      -3       23  04/11
AVG. MAXIMUM     66.4              61.7     4.7     61.2
AVG. MINIMUM     46.0              41.8     4.2     39.0
MEAN             56.2              51.7     4.5     50.1
DAYS MAX >= 90      0               0.2    -0.2        0
DAYS MAX <= 32      0               0.0     0.0        0
DAYS MIN <= 32      2               3.7    -1.7        8
DAYS MIN <= 0       0               0.0     0.0        0

PRECIPITATION (INCHES)
RECORD
 MAXIMUM         7.59   1964
 MINIMUM         0.84   1976
TOTALS           3.95              3.63    0.32     3.82
DAILY AVG.       0.13              0.12    0.01     0.13
DAYS >= .01        13              11.6     1.4       12
DAYS >= .10         5               6.9    -1.9        7
DAYS >= .50         3               2.2     0.8        3
DAYS >= 1.00        2               0.9     1.1        1
GREATEST
 24 HR. TOTAL    1.07   04/26 TO 04/26              1.51

SNOWFALL (INCHES)
RECORDS
 TOTAL              T   2018
                        2014
                        5
 24 HR TOTAL       MM
TOTALS            0.0               0.3    -0.3        T
SINCE 7/1        17.8              16.5     1.3     34.1
SNOWDEPTH AVG.      0                MM      MM        0
DAYS >= 1.0         0               0.1    -0.1        0
GREATEST
 SNOW DEPTH         0   MM                             0  MM
 24 HR TOTAL      0.0   04/30 TO 04/30                 T

DEGREE_DAYS
HEATING TOTAL     266               407    -141      444
 SINCE 7/1       4372              4704    -332     4453
COOLING TOTAL       9                 9       0        6
 SINCE 1/1          9                 9       0        6
.................................................................

WIND (MPH)
AVERAGE WIND SPEED              10.4
HIGHEST WIND SPEED/DIRECTION    43/290    DATE  04/15
HIGHEST GUST SPEED/DIRECTION    59/300    DATE  04/15

SKY COVER
POSSIBLE SUNSHINE (PERCENT)   MM
AVERAGE SKY COVER           0.50
NUMBER OF DAYS FAIR            9
NUMBER OF DAYS PC             14
NUMBER OF DAYS CLOUDY          7

AVERAGE RH (PERCENT)     70

WEATHER CONDITIONS. NUMBER OF DAYS WITH
THUNDERSTORM              2     MIXED PRECIP               0
HEAVY RAIN                5     RAIN                       6
LIGHT RAIN               14     FREEZING RAIN              0
LT FREEZING RAIN          0     HEAVY SNOW                 0
SNOW                      0     LIGHT SNOW                 0
SLEET                     0     FOG                       15
FOG W/VIS <= 1/4 MILE     5     HAZE                       0


-  INDICATES NEGATIVE NUMBERS.
R  INDICATES RECORD WAS SET OR TIED.
MM INDICATES DATA IS MISSING.
T  INDICATES TRACE AMOUNT.

$$
