000
CXAK58 PADQ 011428 CCA
CLMADQ

CLIMATE REPORT
NATIONAL WEATHER SERVICE ANCHORAGE, AK
605 AM AKDT THU AUG 1 2019

...................................

...THE KODIAK CLIMATE SUMMARY FOR THE MONTH OF JULY 2019...

CLIMATE NORMAL PERIOD 1981 TO 2010
CLIMATE RECORD PERIOD 1913 TO 2019

WEATHER         OBSERVED          NORMAL  DEPART  LAST YEAR`S
                 VALUE   DATE(S)  VALUE   FROM    VALUE  DATE(S)
                                          NORMAL
................................................................
TEMPERATURE (F)
RECORD
 HIGH              83   MM
 LOW               42   07/01/2018
HIGHEST            83R               MM      MM       77
LOWEST             49                MM      MM       42
AVG. MAXIMUM     67.2              59.8     7.4     62.7
AVG. MINIMUM     53.6              49.2     4.4     50.2
MEAN             60.4              54.5     5.9     56.5
DAYS MAX >= 90      0               0.0     0.0        0
DAYS MAX <= 32      0               0.0     0.0        0
DAYS MIN <= 32      0               0.0     0.0        0
DAYS MIN <= 0       0               0.0     0.0        0

PRECIPITATION (INCHES)
RECORD
 MAXIMUM           MM   MM
 MINIMUM           MM   MM
TOTALS           2.57              4.93   -2.36     5.52
DAILY AVG.       0.08              0.16   -0.08     0.18
DAYS >= .01         7              14.8    -7.8       14
DAYS >= .10         5               9.0    -4.0        8
DAYS >= .50         2               3.1    -1.1        4
DAYS >= 1.00        1               1.4    -0.4        4
GREATEST
 24 HR. TOTAL    1.01   07/14 TO 07/14           07/23 TO 07/23
                                                          07/31 TO 07/31EATHER         OBSERVED          NORMAL  DEPART  LAST YEAR`S
                                                          07/31 TO 07/31EATHER         OBSERVED          NORMAL  DEPART  LAST YEAR`S
 STORM TOTAL       MM                                 MM
 (MM/DD(HH))            MM                    07/23(00) TO 07/23(00)
                                                 07/31(00) TO 07/31(00)1EATHER         OBSERVED          NORMAL  DEPART  LAST YEAR`S
                                                 07/31(00) TO 07/31(00)1EATHER         OBSERVED          NORMAL  DEPART  LAST YEAR`S

SNOWFALL (INCHES)
RECORDS
 TOTAL             MM   MM
 24 HR TOTAL       MM
 SNOW DEPTH        MM   MM
TOTALS             MM               0.0      MM      0.0
SINCE 7/1          MM               0.0      MM      0.0
SNOWDEPTH AVG.     MM                MM      MM        0
DAYS >= TRACE       0               0.0     0.0        0
DAYS >= 1.0         0               0.0     0.0
GREATEST
 SNOW DEPTH        MM                                  0  MM
 24 HR TOTAL       MM                            07/31 TO 07/31
                                                          07/31 TO 07/31EATHER         OBSERVED          NORMAL  DEPART  LAST YEAR`S
                                                          07/31 TO 07/31EATHER         OBSERVED          NORMAL  DEPART  LAST YEAR`S
 STORM TOTAL       MM                                 MM
 (MM/DD(HH))            MM

DEGREE_DAYS
HEATING TOTAL     144               327    -183      259
 SINCE 7/1        144               327    -183      259
COOLING TOTAL      10                 1       9        2
 SINCE 1/1         11                 1      10        2

FREEZE DATES
RECORD
 EARLIEST     MM
 LATEST       MM
EARLIEST                        MM
LATEST                          MM
.................................................................

WIND (MPH)
AVERAGE WIND SPEED              6.2
RESULTANT WIND SPEED/DIRECTION   1/012
HIGHEST WIND SPEED/DIRECTION    23/290    DATE  07/17
HIGHEST GUST SPEED/DIRECTION    35/280    DATE  07/17

SKY COVER
POSSIBLE SUNSHINE (PERCENT)   MM
AVERAGE SKY COVER           0.50
NUMBER OF DAYS FAIR           13
NUMBER OF DAYS PC              7
NUMBER OF DAYS CLOUDY         11

AVERAGE RH (PERCENT)     73

WEATHER CONDITIONS. NUMBER OF DAYS WITH
THUNDERSTORM              0  MIXED PRECIP               0
HEAVY RAIN                1  RAIN                       5
LIGHT RAIN               10  FREEZING RAIN              0
LT FREEZING RAIN          0  HAIL                       0
HEAVY SNOW                0  SNOW                       0
LIGHT SNOW                0  SLEET                      0
FOG                      15  FOG W/VIS <= 1/4 MILE      4
HAZE                     10

-  INDICATES NEGATIVE NUMBERS.
R  INDICATES RECORD WAS SET OR TIED.
MM INDICATES DATA IS MISSING.
T  INDICATES TRACE AMOUNT.

$$
