000
CXAK58 PADQ 012340 CCA
CLMADQ

CLIMATE REPORT
NATIONAL WEATHER SERVICE ANCHORAGE, AK
1047 AM AKDT WED MAY 1 2019

...................................

...THE KODIAK CLIMATE SUMMARY FOR THE MONTH OF APRIL 2019...

CLIMATE NORMAL PERIOD 1981 TO 2010
CLIMATE RECORD PERIOD 1913 TO 2019

WEATHER         OBSERVED          NORMAL  DEPART  LAST YEAR`S
                 VALUE   DATE(S)  VALUE   FROM    VALUE  DATE(S)
                                          NORMAL
................................................................
TEMPERATURE (F)
RECORD
 HIGH              70   MM
 LOW               22   04/22/2019
HIGHEST            54                MM      MM       57
LOWEST             22R               MM      MM       23
AVG. MAXIMUM     45.6              42.9     2.7     46.5
AVG. MINIMUM     32.4              32.3     0.1     35.4
MEAN             39.0              37.6     1.4     41.0
DAYS MAX >= 90      0               0.0     0.0        0
DAYS MAX <= 32      0               0.6    -0.6        0
DAYS MIN <= 32     17              12.4     4.6        8
DAYS MIN <= 0       0               0.0     0.0        0

PRECIPITATION (INCHES)
RECORD
 MAXIMUM           MM   MM
 MINIMUM           MM   MM
TOTALS           5.93              5.81    0.12     5.61
DAILY AVG.       0.20              0.19    0.01     0.19
DAYS >= .01        18              17.5     0.5       21
DAYS >= .10        15              11.6     3.4       16
DAYS >= .50         6               4.4     1.6        3
DAYS >= 1.00        1               1.0     0.0        1
GREATEST
 24 HR. TOTAL    1.18   04/06 TO 04/06           04/11 TO 04/11
                                                          04/30 TO 04/30EATHER         OBSERVED          NORMAL  DEPART  LAST YEAR`S
                                                          04/30 TO 04/30EATHER         OBSERVED          NORMAL  DEPART  LAST YEAR`S
 STORM TOTAL       MM                                 MM
 (MM/DD(HH))            MM                    04/11(00) TO 04/11(00)
                                                 04/30(00) TO 04/30(00)0EATHER         OBSERVED          NORMAL  DEPART  LAST YEAR`S
                                                 04/30(00) TO 04/30(00)0EATHER         OBSERVED          NORMAL  DEPART  LAST YEAR`S

SNOWFALL (INCHES)
RECORDS
 TOTAL             MM   MM
 24 HR TOTAL       MM
 SNOW DEPTH        MM   MM
TOTALS              T               8.0    -8.0      0.0
SINCE 7/1           T              68.7   -68.7     17.9
SNOWDEPTH AVG.      0                MM      MM        0
DAYS >= TRACE       1               4.7    -3.7        0
DAYS >= 1.0         0               2.0    -2.0
GREATEST
 SNOW DEPTH         0   MM                             0  MM
 24 HR TOTAL        T   04/20 TO 04/20           04/30 TO 04/30
                                                          04/30 TO 04/30EATHER         OBSERVED          NORMAL  DEPART  LAST YEAR`S
                                                          04/30 TO 04/30EATHER         OBSERVED          NORMAL  DEPART  LAST YEAR`S
 STORM TOTAL       MM                                 MM
 (MM/DD(HH))            MM

DEGREE_DAYS
HEATING TOTAL     774               822     -48      712
 SINCE 7/1       6565              7692   -1127     6903
COOLING TOTAL       0                 0       0        0
 SINCE 1/1          0                 0       0        0

FREEZE DATES
RECORD
 EARLIEST     MM
 LATEST       MM
EARLIEST                        MM
LATEST                          MM
.................................................................

WIND (MPH)
AVERAGE WIND SPEED              9.8
RESULTANT WIND SPEED/DIRECTION   2/341
HIGHEST WIND SPEED/DIRECTION    37/090    DATE  04/11
HIGHEST GUST SPEED/DIRECTION    43/090    DATE  04/11

SKY COVER
POSSIBLE SUNSHINE (PERCENT)   MM
AVERAGE SKY COVER           0.60
NUMBER OF DAYS FAIR            9
NUMBER OF DAYS PC              7
NUMBER OF DAYS CLOUDY         14

AVERAGE RH (PERCENT)     75

WEATHER CONDITIONS. NUMBER OF DAYS WITH
THUNDERSTORM              0  MIXED PRECIP               0
HEAVY RAIN                3  RAIN                      11
LIGHT RAIN               18  FREEZING RAIN              0
LT FREEZING RAIN          0  HAIL                       0
HEAVY SNOW                1  SNOW                       2
LIGHT SNOW                5  SLEET                      0
FOG                      17  FOG W/VIS <= 1/4 MILE      1
HAZE                      1

-  INDICATES NEGATIVE NUMBERS.
R  INDICATES RECORD WAS SET OR TIED.
MM INDICATES DATA IS MISSING.
T  INDICATES TRACE AMOUNT.

$$
