000
CXUS54 KLCH 012135
CLMAEX


CLIMATE REPORT
NATIONAL WEATHER SERVICE LAKE CHARLES, LA
435 PM CDT THU AUG 1 2019

...................................

...THE ALEXANDRIA CLIMATE SUMMARY FOR THE MONTH OF JULY 2019...

CLIMATE NORMAL PERIOD 1981 TO 2010
CLIMATE RECORD PERIOD 1892 TO 2019

WEATHER         OBSERVED          NORMAL  DEPART  LAST YEAR`S
                 VALUE   DATE(S)  VALUE   FROM    VALUE  DATE(S)
                                          NORMAL
................................................................
TEMPERATURE (F)
RECORD
 HIGH             109   07/13/1901
 LOW               57   07/15/1967
HIGHEST            95   07/09        MM      MM      100  07/22
                        07/08                             07/21
                        07/05
LOWEST             60   07/24        MM      MM       66  07/26
AVG. MAXIMUM     90.1              92.1    -2.0     94.9
AVG. MINIMUM     72.0              72.7    -0.7     73.0
MEAN             81.0              82.4    -1.4     83.9
DAYS MAX >= 90     19              22.6    -3.6       27
DAYS MAX <= 32      0               0.0     0.0        0
DAYS MIN <= 32      0               0.0     0.0        0
DAYS MIN <= 0       0               0.0     0.0        0

PRECIPITATION (INCHES)
RECORD
 MAXIMUM        22.58   1933
 MINIMUM         0.42   1962
TOTALS          13.99              3.63   10.36     5.70
DAILY AVG.       0.45              0.12    0.33     0.18
DAYS >= .01        14                MM      MM        8
DAYS >= .10        12                MM      MM        7
DAYS >= .50         5                MM      MM        4
DAYS >= 1.00        4                MM      MM        2
GREATEST
 24 HR. TOTAL    7.70   07/30 TO 07/30

SNOWFALL (INCHES)
RECORDS
 TOTAL            0.0   5
                        0
                        -26215
TOTALS            0.0                MM      MM      0.0
SINCE 7/1         0.0                MM      MM      0.0
SNOWDEPTH AVG.      0                MM      MM        0
DAYS >= 1.0         0                MM      MM        0
GREATEST
 SNOW DEPTH         0   MM                             0  MM
 24 HR TOTAL      0.0   07/31 TO 07/31

DEGREE_DAYS
HEATING TOTAL       0                 0       0        0
 SINCE 7/1          0                 0       0        0
COOLING TOTAL     508               539     -31      594
 SINCE 1/1       1450              1446       4     1755
.................................................................

WIND (MPH)
AVERAGE WIND SPEED              5.3
HIGHEST WIND SPEED/DIRECTION    36/120    DATE  07/30
HIGHEST GUST SPEED/DIRECTION    41/120    DATE  07/30

SKY COVER
POSSIBLE SUNSHINE (PERCENT)   MM
AVERAGE SKY COVER           0.30
NUMBER OF DAYS FAIR           22
NUMBER OF DAYS PC              7
NUMBER OF DAYS CLOUDY          2

AVERAGE RH (PERCENT)     79

WEATHER CONDITIONS. NUMBER OF DAYS WITH
  0
  9
  0
  0
  0
  0
  4
HAZE                      3

-  INDICATES NEGATIVE NUMBERS.
R  INDICATES RECORD WAS SET OR TIED.
MM INDICATES DATA IS MISSING.
T  INDICATES TRACE AMOUNT.

$$
