000
CXUS52 KFFC 021944
CLMAHN


CLIMATE REPORT
NATIONAL WEATHER SERVICE PEACHTREE CITY GA
343 PM EDT TUE JUL 2 2019

...................................

...THE ATHENS CLIMATE SUMMARY FOR THE MONTH OF JUNE 2019...

CLIMATE NORMAL PERIOD 1981 TO 2010
CLIMATE RECORD PERIOD 1898 TO 2019

WEATHER         OBSERVED          NORMAL  DEPART  LAST YEAR`S
                 VALUE   DATE(S)  VALUE   FROM    VALUE  DATE(S)
                                          NORMAL
................................................................
TEMPERATURE (F)
RECORD
 HIGH             109   06/29/2012
 LOW               44   06/01/1889
HIGHEST            94   06/30       103      -9       96  06/20
                                                          06/19
LOWEST             54   06/14        45       9       61  06/06
AVG. MAXIMUM     86.8              88.7    -1.9     90.6
AVG. MINIMUM     67.2              66.4     0.8     68.0
MEAN             77.0              77.5    -0.5     79.3
DAYS MAX >= 90     12              13.3    -1.3       22
DAYS MAX <= 32      0               0.0     0.0        0
DAYS MIN <= 32      0               0.0     0.0        0
DAYS MIN <= 0       0               0.0     0.0        0

PRECIPITATION (INCHES)
RECORD
 MAXIMUM        13.25   1994
 MINIMUM         0.69   1920
TOTALS           7.03              4.18    2.85     7.28
DAILY AVG.       0.23              0.14    0.09     0.24
GREATEST
 24 HR. TOTAL    3.61   06/08 TO 06/08           06/26 TO 06/26
                                                          06/30 TO 06/30EATHER         OBSERVED          NORMAL  DEPART  LAST YEAR`S
                                                          06/30 TO 06/30EATHER         OBSERVED          NORMAL  DEPART  LAST YEAR`S

DEGREE_DAYS
COOLING TOTAL     367               378     -11      436
 SINCE 1/1        783               618     165      757
.................................................................

WIND (MPH)
AVERAGE WIND SPEED              4.6
HIGHEST WIND SPEED/DIRECTION    25/360    DATE  06/22
HIGHEST GUST SPEED/DIRECTION    36/290    DATE  06/24

SKY COVER
POSSIBLE SUNSHINE (PERCENT)   MM
AVERAGE SKY COVER           0.30
NUMBER OF DAYS FAIR           20
NUMBER OF DAYS PC              4
NUMBER OF DAYS CLOUDY          6

AVERAGE RH (PERCENT)     70

WEATHER CONDITIONS. NUMBER OF DAYS WITH
  0
  6
  0
  0
  0
  0
  0
HAZE                      1

-  INDICATES NEGATIVE NUMBERS.
R  INDICATES RECORD WAS SET OR TIED.
MM INDICATES DATA IS MISSING.
T  INDICATES TRACE AMOUNT.

$$
