000
CXUS51 KALY 010848
CLMALB


CLIMATE REPORT
NATIONAL WEATHER SERVICE ALBANY NY
445 AM EDT WED MAY 1 2019

...................................

...THE ALBANY NY CLIMATE SUMMARY FOR THE MONTH OF APRIL 2019...

CLIMATE NORMAL PERIOD 1981 TO 2010
CLIMATE RECORD PERIOD 1874 TO 2019

WEATHER         OBSERVED          NORMAL  DEPART  LAST YEAR`S
                 VALUE   DATE(S)  VALUE   FROM    VALUE  DATE(S)
                                          NORMAL
................................................................
TEMPERATURE (F)
RECORD
 HIGH              93   04/20/1941
 LOW               13   04/07/1982
                        04/12/1874
HIGHEST            77   04/19        58      19       70  04/24
LOWEST             22   04/02        35     -13       19  04/08
                                                          04/06
AVG. MAXIMUM     59.9              58.3     1.6     50.6
AVG. MINIMUM     39.6              37.3     2.3     31.6
MEAN             49.8              47.8     2.0     41.1
DAYS MAX >= 90      0               0.1    -0.1        0
DAYS MAX <= 32      0               0.1    -0.1        0
DAYS MIN <= 32      9               7.9     1.1       17
DAYS MIN <= 0       0               0.0     0.0        0

PRECIPITATION (INCHES)
RECORD
 MAXIMUM         7.95   1983
 MINIMUM         0.56   1892
TOTALS           4.32              3.17    1.15     4.17
DAILY AVG.       0.14              0.11    0.03     0.14
DAYS >= .01        16              11.9     4.1       17
DAYS >= .10        10               6.9     3.1       11
DAYS >= .50         2               1.9     0.1        2
DAYS >= 1.00        1               0.5     0.5        2
GREATEST
 24 HR. TOTAL    1.28   04/15 TO 04/15

SNOWFALL (INCHES)
RECORDS
 TOTAL           17.7   1982
 24 HR TOTAL     17.7   04/06/1982 TO 04/07/1982
 SNOW DEPTH        13   04/07/1982
TOTALS            2.1               2.3    -0.2      2.4
SINCE 7/1        55.4              60.2    -4.8     77.3
SNOWDEPTH AVG.      0
DAYS >= TRACE       1               1.2    -0.2       13
DAYS >= 1.0         1               0.5     0.5        1
GREATEST
 SNOW DEPTH         1   04/06                          1  04/07
                                                          04/02
 24 HR TOTAL      2.1   04/05 TO 04/05

DEGREE_DAYS
HEATING TOTAL     452               520     -68      709
 SINCE 7/1       6077              6393    -316     6202
COOLING TOTAL       2                 4      -2        0
 SINCE 1/1          2                 4      -2        0

FREEZE DATES
RECORD
 EARLIEST     09/24/1963
 LATEST       05/27/1969
EARLIEST                        10/10
LATEST                          04/28
.................................................................

WIND (MPH)
AVERAGE WIND SPEED              9.6
HIGHEST WIND SPEED/DIRECTION    37/280    DATE  04/15
HIGHEST GUST SPEED/DIRECTION    48/170    DATE  04/09

SKY COVER
AVERAGE SKY COVER           0.70

AVERAGE RH (PERCENT)     59

-  INDICATES NEGATIVE NUMBERS.
R  INDICATES RECORD WAS SET OR TIED.
MM INDICATES DATA IS MISSING.
T  INDICATES TRACE AMOUNT.

$$
