827
CXUS51 KALY 010648
CLMALB


CLIMATE REPORT
NATIONAL WEATHER SERVICE ALBANY NY
245 AM EDT THU AUG 1 2019

...................................

...THE ALBANY NY CLIMATE SUMMARY FOR THE MONTH OF JULY 2019...

CLIMATE NORMAL PERIOD 1981 TO 2010
CLIMATE RECORD PERIOD 1874 TO 2019

WEATHER         OBSERVED          NORMAL  DEPART  LAST YEAR`S
                 VALUE   DATE(S)  VALUE   FROM    VALUE  DATE(S)
                                          NORMAL
................................................................
TEMPERATURE (F)
RECORD
 HIGH             104   07/04/1911
 LOW               40   07/31/1978
                        07/02/1978
HIGHEST            95   07/20        84      11       97  07/02
                                                          07/01
LOWEST             57   07/08        60      -3       51  07/07
AVG. MAXIMUM     86.7              82.3     4.4     87.4
AVG. MINIMUM     65.7              61.4     4.3     65.7
MEAN             76.2              71.8     4.4     76.5
DAYS MAX >= 90     11               3.6     7.4        9
DAYS MAX <= 32      0               0.0     0.0        0
DAYS MIN <= 32      0               0.0     0.0        0
DAYS MIN <= 0       0               0.0     0.0        0

PRECIPITATION (INCHES)
RECORD
 MAXIMUM         9.91   2009
 MINIMUM         0.49   1968
TOTALS           3.99              4.12   -0.13     4.72
DAILY AVG.       0.13              0.13    0.00     0.15
DAYS >= .01        12              10.8     1.2       11
DAYS >= .10         5               6.9    -1.9        8
DAYS >= .50         3               2.7     0.3        5
DAYS >= 1.00        1               1.0     0.0        1
GREATEST
 24 HR. TOTAL    1.59   07/22 TO 07/22

DEGREE_DAYS
HEATING TOTAL       0                 5      -5        0
 SINCE 7/1          0                 5      -5        0
COOLING TOTAL     356               218     138      365
 SINCE 1/1        506               366     140      555

FREEZE DATES
RECORD
 EARLIEST     09/24/1963
 LATEST       05/27/1969
EARLIEST                        10/10
LATEST                          04/28
.................................................................

WIND (MPH)
AVERAGE WIND SPEED              5.4
HIGHEST WIND SPEED/DIRECTION    32/330    DATE  07/24
HIGHEST GUST SPEED/DIRECTION    44/330    DATE  07/20

SKY COVER
AVERAGE SKY COVER           0.50

AVERAGE RH (PERCENT)     65

-  INDICATES NEGATIVE NUMBERS.
R  INDICATES RECORD WAS SET OR TIED.
MM INDICATES DATA IS MISSING.
T  INDICATES TRACE AMOUNT.

$$
