969
CXUS55 KPUB 022221
CLMALS

CLIMATE REPORT
NATIONAL WEATHER SERVICE PUEBLO
421 PM MDT WED MAY 2 2019

...................................

...THE ALAMOSA CO CLIMATE SUMMARY FOR THE MONTH OF APRIL 2019...

CLIMATE NORMAL PERIOD 1981 TO 2010
CLIMATE RECORD PERIOD 1932 TO 2019

WEATHER         OBSERVED          NORMAL  DEPART  LAST YEAR`S
                 VALUE   DATE(S)  VALUE   FROM    VALUE  DATE(S)
                                          NORMAL
................................................................
TEMPERATURE (F)
RECORD
 HIGH              80   04/20/1989
 LOW               -6   04/08/1973
HIGHEST            74   04/20        63      11       72  04/07
                                                          04/27
                                                          04/29
LOWEST             10   04/12        20     -10       13  04/18
AVG. MAXIMUM     61.8              59.3     2.5     63.5
AVG. MINIMUM     26.4              24.4     2.0     26.0
MEAN             44.1              41.8     2.3     44.8
DAYS MAX >= 90      0               0.0     0.0
DAYS MAX <= 32      0               0.0     0.0
DAYS MIN <= 32     26              25.9     0.1
DAYS MIN <= 0       0               0.0     0.0

PRECIPITATION (INCHES)
RECORD
 MAXIMUM         3.06   1942
 MINIMUM            T   1972
TOTALS           0.80              0.59    0.21     0.20
DAILY AVG.       0.03              0.02    0.01
DAYS >= .01         5               5.2    -0.2
DAYS >= .10         2               1.7     0.3
DAYS >= .50         1               0.2     0.8
DAYS >= 1.00        0               0.0     0.0
GREATEST
 24 HR. TOTAL    0.52   04/22 TO 04/23

SNOWFALL (INCHES)
RECORDS
 TOTAL           17.0   1938
TOTALS            1.2               3.6    -2.4      0.3
SINCE 7/1        48.6              26.7    21.9      9.1
SNOWDEPTH AVG.      0
DAYS >= 1.0         1               1.1    -0.1
GREATEST
 SNOW DEPTH         2   04/01                          0
 24 HR TOTAL      1.0   04/10 TO 04/10               0.3

DEGREE_DAYS
HEATING TOTAL     618               694     -76      599
 SINCE 7/1       7893              8000    -107     6810
COOLING TOTAL       0                 0       0        0
 SINCE 1/1          0                 0       0        0
.................................................................

WIND (MPH)
AVERAGE WIND SPEED              9.8
HIGHEST WIND SPEED/DIRECTION    47/250    DATE  04/20
HIGHEST GUST SPEED/DIRECTION    63/260    DATE  04/20

SKY COVER
POSSIBLE SUNSHINE (PERCENT)   MM
AVERAGE SKY COVER           0.20
NUMBER OF DAYS FAIR           21
NUMBER OF DAYS PC              9
NUMBER OF DAYS CLOUDY          0

AVERAGE RH (PERCENT)     50

WEATHER CONDITIONS. NUMBER OF DAYS WITH
THUNDERSTORM              3     MIXED PRECIP               0
HEAVY RAIN                0     RAIN                       2
LIGHT RAIN                9     FREEZING RAIN              0
LT FREEZING RAIN          0     HAIL                       0
HEAVY SNOW                0     SNOW                       0
LIGHT SNOW                2     SLEET                      0
FOG                       7     FOG W/VIS <= 1/4 MILE      2
HAZE                      2

-  INDICATES NEGATIVE NUMBERS.
R  INDICATES RECORD WAS SET OR TIED.
MM INDICATES DATA IS MISSING.
T  INDICATES TRACE AMOUNT.

$$
