000
CXUS56 KPDT 011355
CLMALW

CLIMATE REPORT
NATIONAL WEATHER SERVICE PENDLETON OREGON
650 AM PDT MON JUL 01 2019

....................................

...THE WALLA WALLA WA CLIMATE SUMMARY FOR THE MONTH OF JUNE 2019...

CLIMATE NORMAL PERIOD 1981 TO 2010
CLIMATE RECORD PERIOD 1949 TO 2019

WEATHER         OBSERVED          NORMAL  DEPART        LAST YEAR`S
                 VALUE   DATE(S)  VALUE   FROM         VALUE DATE(S)
                                          NORMAL

................................................................

TEMPERATURE (F)
RECORD
 HIGH             113   6/28/2015
 LOW               36   6/ 1/1966
HIGHEST            94   6/13                               93   6/24
LOWEST             47   6/ 9                               44   6/12
AVG. MAXIMUM     80.8            78.8       2.0          80.0
AVG. MINUMUM     55.9            54.2       1.7          55.4
MEAN             68.3            66.5       1.8          67.7
DAYS MAX >= 90      3               5        -2             2
DAYS MAX <= 32      0               4        -4             0
DAYS MIN <= 32      0               4        -4             0
DAYS MIN <= 0       0               4        -4             0

PRECIPITATION (INCHES)
RECORD
 MAXIMUM          3.50   2012
 MINIMUM          0.07   2015
TOTALS            0.49            1.28     -0.79          0.20
DAILY AVG.        0.02            0.04     -0.02          0.01
DAYS >=  0.01        5               6        -1             1
DAYS >=  0.10        2               3        -1             1
DAYS >=  0.50        0               1        -1             0
DAYS >=  1.00        0               0         0             0
GREATEST
 24 HR. TOTAL     0.22   6/20

DEGREE DAYS
HEATING TOTAL       33              62       -29            29
 SINCE 7/1        4968            5001       -33          4461
COOLING TOTAL      141             106        35           118
 SINCE 1/1         186             141        45           200

.............................................................

WIND (MPH)
AVERAGE WIND SPEED                     8.6
RESULTANT WIND SPEED/DIRECTION         7/161
HIGHEST WIND SPEED/DIRECTION          25/280      DATE          06/05
HIGHEST GUST SPEED/DIRECTION          32/300      DATE          06/05


WEATHER CONDITIONS. NUMBER OF DAYS WITH
THUNDERSTORM               3    MIXED PRECIP                           0
HEAVY RAIN                 0    RAIN                                   1
LIGHT RAIN                 7    FREEZING RAIN                          0
LT FREEZING RAIN           0    HAIL                                   0
HEAVY SNOW                 0    SNOW                                   0
LIGHT SNOW                 0    SLEET                                  0
FOG                        0    FOG W/VIS <=1/4 MILE                   0
HAZE                       0

-  INDICATES NEGATIVE NUMBERS.
R  INDICATES RECORD WAS SET OR TIED.
MM INDICATES DATA IS MISSING.
T  INDICATES TRACE AMOUNT.

$$
