000
CXUS54 KAMA 011535
CLMAMA


CLIMATE REPORT
NATIONAL WEATHER SERVICE AMARILLO TX
1035 AM CDT WED MAY 1 2019

...................................

...THE AMARILLO CLIMATE SUMMARY FOR THE MONTH OF APRIL 2019...

CLIMATE NORMAL PERIOD 1981 TO 2010
CLIMATE RECORD PERIOD 1892 TO 2019

WEATHER         OBSERVED          NORMAL  DEPART  LAST YEAR`S
                 VALUE   DATE(S)  VALUE   FROM    VALUE  DATE(S)
                                          NORMAL
................................................................
TEMPERATURE (F)
RECORD
 HIGH              99   04/25/2012
 LOW               13   04/04/1920
HIGHEST            88   04/20                         93  04/12
                        04/10                             04/11
                        04/09
LOWEST             28   04/14                         20  04/07
AVG. MAXIMUM     73.1              71.1     2.0     71.7
AVG. MINIMUM     43.0              41.6     1.4     38.2
MEAN             58.1              56.3     1.8     54.9
DAYS MAX >= 90      0               0.8    -0.8        3
DAYS MAX <= 32      0               0.1    -0.1        0
DAYS MIN <= 32      3               3.6    -0.6        9
DAYS MIN <= 0       0               0.0     0.0        0

PRECIPITATION (INCHES)
RECORD
 MAXIMUM         6.45   1997
 MINIMUM            T   1996
                        1964
                        1929
TOTALS           1.64              1.40    0.24     0.60
DAILY AVG.       0.05              0.05    0.00     0.02
DAYS >= .01         8               5.6     2.4        3
DAYS >= .10         5               2.9     2.1        2
DAYS >= .50         1               0.7     0.3        0
DAYS >= 1.00        0               0.4    -0.4        0
GREATEST
 24 HR. TOTAL    0.72   04/17 TO 04/17

SNOWFALL (INCHES)
RECORDS
 TOTAL            8.3   1907
TOTALS            0.0               0.7    -0.7      0.0
SINCE 7/1         8.1              17.6    -9.5        T
DAYS >= TRACE       0               0.4    -0.4        0
DAYS >= 1.0         0               0.2    -0.2        0
GREATEST
 SNOW DEPTH         0   MM
 24 HR TOTAL      0.0   04/30 TO 04/30

DEGREE_DAYS
HEATING TOTAL     213               279     -66      319
 SINCE 7/1       3983              4088    -105     3611
COOLING TOTAL      14                19      -5       26
 SINCE 1/1         16                21      -5       35
.................................................................

WIND (MPH)
AVERAGE WIND SPEED              14.0
HIGHEST WIND SPEED/DIRECTION    52/240    DATE  04/10
HIGHEST GUST SPEED/DIRECTION    63/240    DATE  04/10

SKY COVER
POSSIBLE SUNSHINE (PERCENT)   MM
NUMBER OF DAYS FAIR           20
NUMBER OF DAYS PC              8
NUMBER OF DAYS CLOUDY          1

AVERAGE RH (PERCENT)     54

WEATHER CONDITIONS. NUMBER OF DAYS WITH
THUNDERSTORM              6     MIXED PRECIP               0
HEAVY RAIN                2     RAIN                       4
LIGHT RAIN               10     FREEZING RAIN              0
LT FREEZING RAIN          0     HAIL                       0
HEAVY SNOW                0     SNOW                       0
LIGHT SNOW                0     SLEET                      0
FOG                       7     FOG W/VIS <= 1/4 MILE      2
HAZE                      3

-  INDICATES NEGATIVE NUMBERS.
R  INDICATES RECORD WAS SET OR TIED.
MM INDICATES DATA IS MISSING.
T  INDICATES TRACE AMOUNT.

$$
