000
CXUS54 KAMA 011607
CLMAMA


CLIMATE REPORT
NATIONAL WEATHER SERVICE AMARILLO TX
1105 AM CDT THU AUG 1 2019

...................................

...THE AMARILLO CLIMATE SUMMARY FOR THE MONTH OF JULY 2019...

CLIMATE NORMAL PERIOD 1981 TO 2010
CLIMATE RECORD PERIOD 1892 TO 2019

WEATHER         OBSERVED          NORMAL  DEPART  LAST YEAR`S
                 VALUE   DATE(S)  VALUE   FROM    VALUE  DATE(S)
                                          NORMAL
................................................................
TEMPERATURE (F)
RECORD
 HIGH             108   07/11/2016
 LOW               51   07/14/1990
                        07/09/1905
HIGHEST           102   07/19                        105  07/20
                                                          07/19
LOWEST             60   07/24                         57  07/31
AVG. MAXIMUM     94.5              91.4     3.1     94.4
AVG. MINIMUM     66.2              65.2     1.0     66.0
MEAN             80.4              78.3     2.1     80.2
DAYS MAX >= 90     27              19.8     7.2       27
DAYS MAX <= 32      0               0.0     0.0        0
DAYS MIN <= 32      0               0.0     0.0        0
DAYS MIN <= 0       0               0.0     0.0        0

PRECIPITATION (INCHES)
RECORD
 MAXIMUM         8.02   2010
 MINIMUM         0.04   2001
TOTALS           2.89              2.84    0.05     1.92
DAILY AVG.       0.09              0.09    0.00     0.06
DAYS >= .01         4               7.2    -3.2        8
DAYS >= .10         4               4.0     0.0        4
DAYS >= .50         3               1.7     1.3        1
DAYS >= 1.00        1               0.9     0.1        0
GREATEST
 24 HR. TOTAL    1.24   07/06 TO 07/06

SNOWFALL (INCHES)
RECORDS
 TOTAL              T   2017
                        2016
                        2009
TOTALS            0.0               0.0     0.0      0.0
SINCE 7/1         0.0               0.0     0.0      0.0
DAYS >= TRACE       0               0.0     0.0        0
DAYS >= 1.0         0               0.0     0.0        0
GREATEST
 SNOW DEPTH         0   MM
 24 HR TOTAL      0.0   07/31 TO 07/31

DEGREE_DAYS
HEATING TOTAL       0                 0       0        0
 SINCE 7/1          0                 0       0        0
COOLING TOTAL     485               412      73      481
 SINCE 1/1        791               825     -34     1236
.................................................................

WIND (MPH)
AVERAGE WIND SPEED              12.1
HIGHEST WIND SPEED/DIRECTION    37/340    DATE  07/28
HIGHEST GUST SPEED/DIRECTION    42/350    DATE  07/28

SKY COVER
POSSIBLE SUNSHINE (PERCENT)   MM
NUMBER OF DAYS FAIR           30
NUMBER OF DAYS PC              1
NUMBER OF DAYS CLOUDY          0

AVERAGE RH (PERCENT)     51

WEATHER CONDITIONS. NUMBER OF DAYS WITH
THUNDERSTORM              6     MIXED PRECIP               0
HEAVY RAIN                3     RAIN                       4
LIGHT RAIN                6     FREEZING RAIN              0
LT FREEZING RAIN          0     HAIL                       0
HEAVY SNOW                0     SNOW                       0
LIGHT SNOW                0     SLEET                      0
FOG                       4     FOG W/VIS <= 1/4 MILE      1
HAZE                      2

-  INDICATES NEGATIVE NUMBERS.
R  INDICATES RECORD WAS SET OR TIED.
MM INDICATES DATA IS MISSING.
T  INDICATES TRACE AMOUNT.

$$
