000
CXUS52 KJAX 011122 RRA
CLMAMG

CLIMATE REPORT
NATIONAL WEATHER SERVICE JACKSONVILLE FL
720 AM EDT WED MAY 1 2019

...................................

...THE ALMA CLIMATE SUMMARY FOR THE MONTH OF APRIL 2019...

CLIMATE NORMAL PERIOD 1981 TO 2010
CLIMATE RECORD PERIOD 1948 TO 2019

WEATHER         OBSERVED          NORMAL  DEPART  LAST YEAR`S
                 VALUE   DATE(S)  VALUE   FROM    VALUE  DATE(S)
                                          NORMAL
................................................................
TEMPERATURE (F)
RECORD
 HIGH              96   04/27/1986
 LOW               30   04/08/2007
HIGHEST            89   04/30        79      10       88  04/18
                        04/29                             04/03
LOWEST             38   04/03        54     -16       39  04/17
AVG. MAXIMUM     81.0              78.7     2.3     77.7
AVG. MINIMUM     54.7              53.7     1.0     51.9
MEAN             67.8              66.2     1.6     64.8
DAYS MAX >= 90      0               0.8    -0.8        0
DAYS MAX <= 32      0               0.0     0.0        0
DAYS MIN <= 32      0               0.1    -0.1        0
DAYS MIN <= 0       0               0.0     0.0        0

PRECIPITATION (INCHES)
RECORD
 MAXIMUM         8.15   1949
 MINIMUM         0.05   2007
TOTALS           2.28              2.81   -0.53     2.02
DAILY AVG.       0.08              0.09   -0.01     0.07
DAYS >= .01         8               6.4     1.6        6
DAYS >= .10         5               4.0     1.0        4
DAYS >= .50         1               1.8    -0.8        2
DAYS >= 1.00        1               0.8     0.2        0
GREATEST
 24 HR. TOTAL    1.51

SNOWFALL (INCHES)
RECORDS
 TOTAL             MM   MM
TOTALS            0.0               0.0     0.0      0.0
SINCE 7/1         0.0               0.1    -0.1      3.0
SNOWDEPTH AVG.      0                MM      MM        0
DAYS >= 1.0         0               0.0     0.0        0
GREATEST
 SNOW DEPTH         0   MM                             0  MM
 24 HR TOTAL      0.0

DEGREE_DAYS
HEATING TOTAL      53                64     -11       60
 SINCE 7/1       1359              1653    -294     1551
COOLING TOTAL     146               100      46       61
 SINCE 1/1        236               154      82      187
.................................................................

WIND (MPH)
AVERAGE WIND SPEED              5.2
HIGHEST WIND SPEED/DIRECTION    28/220    DATE  04/19
HIGHEST GUST SPEED/DIRECTION    43/210    DATE  04/19

SKY COVER
POSSIBLE SUNSHINE (PERCENT)   MM
AVERAGE SKY COVER           0.30
NUMBER OF DAYS FAIR           16
NUMBER OF DAYS PC             11
NUMBER OF DAYS CLOUDY          3

AVERAGE RH (PERCENT)     67

-  INDICATES NEGATIVE NUMBERS.
R  INDICATES RECORD WAS SET OR TIED.
MM INDICATES DATA IS MISSING.
T  INDICATES TRACE AMOUNT.

$$
