000
CXUS52 KJAX 021158 RRA
CLMAMG

CLIMATE REPORT
NATIONAL WEATHER SERVICE JACKSONVILLE FL
726 AM EDT MON JUL 1 2019

...................................

...THE ALMA CLIMATE SUMMARY FOR THE MONTH OF JUNE 2019...

CLIMATE NORMAL PERIOD 1981 TO 2010
CLIMATE RECORD PERIOD 1948 TO 2019

WEATHER         OBSERVED          NORMAL  DEPART  LAST YEAR`S
                 VALUE   DATE(S)  VALUE   FROM    VALUE  DATE(S)
                                          NORMAL
................................................................
TEMPERATURE (F)
RECORD
 HIGH             104   06/05/1985
                        06/04/1985
 LOW               47   06/02/1984
HIGHEST           101   06/04        90      11       99  06/20
LOWEST             61   06/15        69      -8       62  06/05
                        06/14
AVG. MAXIMUM     92.6              90.3     2.3     92.7
AVG. MINIMUM     69.5              69.2     0.3     71.4
MEAN             81.1              79.7     1.4     82.0
DAYS MAX >= 90     25              16.7     8.3       26
DAYS MAX <= 32      0               0.0     0.0        0
DAYS MIN <= 32      0               0.0     0.0        0
DAYS MIN <= 0       0               0.0     0.0        0

PRECIPITATION (INCHES)
RECORD
 MAXIMUM        11.43   1973
 MINIMUM         1.27   1977
TOTALS           3.87              5.38   -1.51     4.45
DAILY AVG.       0.13              0.18   -0.05     0.15
DAYS >= .01        11              11.9    -0.9       10
DAYS >= .10         7               8.7    -1.7        6
DAYS >= .50         3               3.7    -0.7        3
DAYS >= 1.00        1               1.5    -0.5        1
GREATEST
 24 HR. TOTAL    1.59 06/11-06/12

SNOWFALL (INCHES)
RECORDS
 TOTAL             MM   MM
TOTALS            0.0               0.0     0.0      0.0
SINCE 7/1         0.0               0.1    -0.1      3.0
SNOWDEPTH AVG.      0                MM      MM        0
DAYS >= 1.0         0               0.0     0.0        0
GREATEST
 SNOW DEPTH         0   MM                             0  MM
 24 HR TOTAL      0.0

DEGREE_DAYS
HEATING TOTAL       0                 0       0        0
 SINCE 7/1       1359              1659    -300     1551
COOLING TOTAL     490               443      47      516
 SINCE 1/1       1156               873     283     1053
.................................................................

WIND (MPH)
AVERAGE WIND SPEED              4.8
HIGHEST WIND SPEED/DIRECTION    29/310    DATE  06/20
HIGHEST GUST SPEED/DIRECTION    45/310    DATE  06/20

SKY COVER
POSSIBLE SUNSHINE (PERCENT)   MM
AVERAGE SKY COVER           0.30
NUMBER OF DAYS FAIR           21
NUMBER OF DAYS PC              5
NUMBER OF DAYS CLOUDY          2

AVERAGE RH (PERCENT)     69

-  INDICATES NEGATIVE NUMBERS.
R  INDICATES RECORD WAS SET OR TIED.
MM INDICATES DATA IS MISSING.
T  INDICATES TRACE AMOUNT.

$$
