412
CXUS54 KBMX 021739
CLMANB


CLIMATE REPORT
NATIONAL WEATHER SERVICE BIRMINGHAM, AL
1236 PM CDT FRI AUG 2 2019

...................................

...THE ANNISTON CLIMATE SUMMARY FOR THE MONTH OF JULY 2019...

CLIMATE NORMAL PERIOD 1981 TO 2010
CLIMATE RECORD PERIOD 1903 TO 2019

WEATHER         OBSERVED          NORMAL  DEPART  LAST YEAR`S
                 VALUE   DATE(S)  VALUE   FROM    VALUE  DATE(S)
                                          NORMAL
................................................................
TEMPERATURE (F)
RECORD
 HIGH             105   07/13/1980
 LOW               50   07/15/1967
HIGHEST            95   07/08        MM      MM       95  07/12
LOWEST             59   07/25        MM      MM       66  07/30
                                                          07/29
                                                          07/26
AVG. MAXIMUM     90.4              89.9     0.5     90.3
AVG. MINIMUM     70.2              70.1     0.1     70.4
MEAN             80.3                               80.4
DAYS MAX >= 90     21              15.6     5.4       21
DAYS MAX <= 32      0               0.0     0.0        0
DAYS MIN <= 32      0               0.0     0.0        0
DAYS MIN <= 0       0               0.0     0.0        0

PRECIPITATION (INCHES)
RECORD
 MAXIMUM        13.90   1950
 MINIMUM         0.57   2014
TOTALS           4.03              4.62   -0.59     3.45
DAILY AVG.       0.13              0.15   -0.02
DAYS >= .01        11              11.3    -0.3
DAYS >= .10         5               7.6    -2.6
DAYS >= .50         3               3.0     0.0
DAYS >= 1.00        2               1.2     0.8

DEGREE_DAYS
COOLING TOTAL     482               465      17      484
 SINCE 1/1       1222              1064     158     1245
.................................................................

WIND (MPH)
AVERAGE WIND SPEED              3.5
HIGHEST WIND SPEED/DIRECTION    29/250    DATE  07/14
HIGHEST GUST SPEED/DIRECTION    36/250    DATE  07/14

AVERAGE RH (PERCENT)     73

WEATHER CONDITIONS. NUMBER OF DAYS WITH
THUNDERSTORM             13     MIXED PRECIP               0
HEAVY RAIN                5     RAIN                       4
LIGHT RAIN               13     FREEZING RAIN              0
LT FREEZING RAIN          0     HAIL                       0
HEAVY SNOW                0     SNOW                       0
LIGHT SNOW                0     SLEET                      0
FOG                      14     FOG W/VIS <= 1/4 MILE      0
HAZE                      5

-  INDICATES NEGATIVE NUMBERS.
R  INDICATES RECORD WAS SET OR TIED.
MM INDICATES DATA IS MISSING.
T  INDICATES TRACE AMOUNT.

$$
