000
CXUS54 KBMX 011158
CLMANB


CLIMATE REPORT
NATIONAL WEATHER SERVICE BIRMINGHAM, AL
656 AM CDT WED MAY 1 2019

...................................

...THE ANNISTON CLIMATE SUMMARY FOR THE MONTH OF APRIL 2019...

CLIMATE NORMAL PERIOD 1981 TO 2010
CLIMATE RECORD PERIOD 1903 TO 2019

WEATHER         OBSERVED          NORMAL  DEPART  LAST YEAR`S
                 VALUE   DATE(S)  VALUE   FROM    VALUE  DATE(S)
                                          NORMAL
................................................................
TEMPERATURE (F)
RECORD
 HIGH              93   04/17/1955
 LOW               26   04/08/2007
                        04/17/1905
                        01/21/1985
HIGHEST            86   04/30        MM      MM       82  04/13
                        04/29                             04/03
                        04/10
LOWEST             35   04/01        MM      MM       34  04/17
                                                          04/05
AVG. MAXIMUM     76.7              74.0     2.7     71.9
AVG. MINIMUM     50.7              49.5     1.2     45.5
MEAN             63.7                               58.7
DAYS MAX >= 90      0               0.0     0.0        0
DAYS MAX <= 32      0               0.0     0.0        0
DAYS MIN <= 32      0               0.7    -0.7        0
DAYS MIN <= 0       0               0.0     0.0        0

PRECIPITATION (INCHES)
RECORD
 MAXIMUM        17.30   1979
 MINIMUM         0.17   MM
TOTALS           4.15              4.11    0.04     3.98
DAILY AVG.       0.14              0.14    0.00
DAYS >= .01        11               8.6     2.4
DAYS >= .10         9               6.6     2.4
DAYS >= .50         4               2.9     1.1
DAYS >= 1.00        1               1.1    -0.1

DEGREE_DAYS
HEATING TOTAL     100               146     -46      196
 SINCE 7/1       2462              2754    -292     2609
COOLING TOTAL      68                49      19       13
 SINCE 1/1         86                62      24       49
.................................................................

WIND (MPH)
AVERAGE WIND SPEED              5.1
HIGHEST WIND SPEED/DIRECTION    30/280    DATE  04/06
HIGHEST GUST SPEED/DIRECTION    40/290    DATE  04/06

AVERAGE RH (PERCENT)     66

WEATHER CONDITIONS. NUMBER OF DAYS WITH
THUNDERSTORM              6     MIXED PRECIP               0
HEAVY RAIN                4     RAIN                       6
LIGHT RAIN               12     FREEZING RAIN              0
LT FREEZING RAIN          0     HAIL                       0
HEAVY SNOW                0     SNOW                       0
LIGHT SNOW                0     SLEET                      0
FOG                      16     FOG W/VIS <= 1/4 MILE      3
HAZE                      1

-  INDICATES NEGATIVE NUMBERS.
R  INDICATES RECORD WAS SET OR TIED.
MM INDICATES DATA IS MISSING.
T  INDICATES TRACE AMOUNT.

$$
