000
CXUS53 KAPX 010754
CLMANJ


CLIMATE REPORT
NATIONAL WEATHER SERVICE GAYLORD MI
350 AM EDT MON JUL 1 2019

...................................

...THE SAULT STE MARIE MI CLIMATE SUMMARY FOR THE MONTH OF JUNE 2019...

CLIMATE NORMAL PERIOD 1981 TO 2010
CLIMATE RECORD PERIOD 1888 TO 2019

WEATHER         OBSERVED          NORMAL  DEPART  LAST YEAR`S
                 VALUE   DATE(S)  VALUE   FROM    VALUE  DATE(S)
                                          NORMAL
................................................................
TEMPERATURE (F)
RECORD
 HIGH              93   06/26/1983
                        06/30/1927
                        06/27/1901
 LOW               26   06/03/1982
HIGHEST            85   06/27        MM      MM       91  06/30
LOWEST             38   06/03        MM      MM       39  06/06
AVG. MAXIMUM     70.6              71.3    -0.7     74.4
AVG. MINIMUM     48.9              48.7     0.2     51.2
MEAN             59.8              60.0    -0.2     62.8
DAYS MAX >= 90      0               0.1    -0.1        1
DAYS MAX <= 32      0               0.0     0.0        0
DAYS MIN <= 32      0               0.2    -0.2        0
DAYS MIN <= 0       0               0.0     0.0        0

PRECIPITATION (INCHES)
RECORD
 MAXIMUM           MM   MM
 MINIMUM           MM   MM
TOTALS           5.84              2.70    3.14     1.43
DAILY AVG.       0.19              0.09    0.10     0.05
DAYS >= .01        13              11.1     1.9        8
DAYS >= .10         8               6.4     1.6        3
DAYS >= .50         6               1.7     4.3        1
DAYS >= 1.00        1               0.4     0.6        0
GREATEST
 24 HR. TOTAL    1.05   06/09 TO 06/09
 STORM TOTAL       MM
 (MM/DD(HH))            MM

DEGREE_DAYS
COOLING TOTAL      20                30     -10
 SINCE 1/1         20                35     -15

FREEZE DATES
RECORD
 EARLIEST     MM
 LATEST       MM
EARLIEST      10/17             MM
LATEST        05/11             MM
.................................................................

WIND (MPH)
AVERAGE WIND SPEED              6.1
HIGHEST WIND SPEED/DIRECTION    28/310    DATE  06/02
HIGHEST GUST SPEED/DIRECTION    43/310    DATE  06/02

SKY COVER
POSSIBLE SUNSHINE (PERCENT)   MM
AVERAGE SKY COVER           0.30
NUMBER OF DAYS FAIR           18
NUMBER OF DAYS PC              7
NUMBER OF DAYS CLOUDY          5

AVERAGE RH (PERCENT)     70

WEATHER CONDITIONS. NUMBER OF DAYS WITH
  0
  8
  0
  0
  0
  0
  1
HAZE                      2

-  INDICATES NEGATIVE NUMBERS.
R  INDICATES RECORD WAS SET OR TIED.
MM INDICATES DATA IS MISSING.
T  INDICATES TRACE AMOUNT.

$$
