000
CXUS51 KCTP 011510
CLMAOO

CLIMATE REPORT
NATIONAL WEATHER SERVICE STATE COLLEGE PA
1110 AM EDT THU AUG 1 2019

...................................

...THE ALTOONA CLIMATE SUMMARY FOR THE MONTH OF JULY 2019...

CLIMATE NORMAL PERIOD 1981 TO 2010
CLIMATE RECORD PERIOD 1948 TO 2019

WEATHER         OBSERVED          NORMAL  DEPART  LAST YEAR`S
                 VALUE   DATE(S)  VALUE   FROM    VALUE  DATE(S)
                                          NORMAL
................................................................
TEMPERATURE (F)
RECORD
 HIGH             103   07/22/2011
 LOW               41   07/21/1966
HIGHEST            92   07/21                         95  07/02
                        07/19
LOWEST             53   07/01                         53  07/08

AVG. MAXIMUM     84.1              81.4     2.7     82.8
AVG. MINIMUM     63.2              59.9     3.3     63.4
MEAN             73.6              70.6     3.0     73.1
DAYS MAX >= 90      3                MM      MM        5
DAYS MAX <= 32      0                MM      MM        0
DAYS MIN <= 32      0                MM      MM        0
DAYS MIN <= 0       0                MM      MM        0

PRECIPITATION (INCHES)
RECORD
 MAXIMUM         8.74   1989
 MINIMUM         0.98   2002

TOTALS           3.96              3.26    0.70     7.30
DAILY AVG.       0.13              0.11    0.02     0.24
DAYS >= .01        13                MM      MM       14
DAYS >= .10        10                MM      MM       13
DAYS >= .50         2                MM      MM        5
DAYS >= 1.00        1                MM      MM        1
GREATEST
 24 HR. TOTAL    1.42   07/04 TO 07/04

DEGREE_DAYS
HEATING TOTAL       0                10     -10        0
 SINCE 7/1          0                10     -10        0
COOLING TOTAL     274               185      89      259
 SINCE 1/1        462               327     135      583
.................................................................

WIND (MPH)
AVERAGE WIND SPEED              4.4
HIGHEST WIND SPEED/DIRECTION    28/200    DATE  07/21
HIGHEST GUST SPEED/DIRECTION    41/200    DATE  07/21

SKY COVER
POSSIBLE SUNSHINE (PERCENT)   MM
AVERAGE SKY COVER           0.30
NUMBER OF DAYS FAIR           19
NUMBER OF DAYS PC             10
NUMBER OF DAYS CLOUDY          2

AVERAGE RH (PERCENT)     75

WEATHER CONDITIONS. NUMBER OF DAYS WITH
THUNDERSTORM             10     MIXED PRECIP                0
HEAVY RAIN                8     RAIN                        7
LIGHT RAIN               15     FREEZING RAIN               0
LT FREEZING RAIN          0     HAIL                        0
HEAVY SNOW                0     SNOW                        0
LIGHT SNOW                0     SLEET                       0
FOG                      25     FOG W/VIS <= 1/4 MILE       7
HAZE                      8

-  INDICATES NEGATIVE NUMBERS.
R  INDICATES RECORD WAS SET OR TIED.
MM INDICATES DATA IS MISSING.
T  INDICATES TRACE AMOUNT.

$$

BANGHOFF
