322
CXUS56 KMTR 011824
CLMAPC


CLIMATE REPORT
NATIONAL WEATHER SERVICE SAN FRANCISCO BAY AREA
1124 AM PDT WED MAY 1 2019

...................................

...THE NAPA AIRPORT  CLIMATE SUMMARY FOR THE MONTH OF APRIL 2019...

CLIMATE NORMAL PERIOD 1981 TO 2010
CLIMATE RECORD PERIOD 1998 TO 2019

WEATHER         OBSERVED          NORMAL  DEPART  LAST YEAR`S
                 VALUE   DATE(S)  VALUE   FROM    VALUE  DATE(S)
                                          NORMAL
................................................................
TEMPERATURE (F)
RECORD
 HIGH              91   MM
 LOW               32   04/04/2015
                        04/06/2012
                        04/11/1967
HIGHEST            85   04/23                         79  04/23
LOWEST             37   04/10                         34  04/19
                                                          04/17
AVG. MAXIMUM     69.2                               66.6
AVG. MINIMUM     47.2                               43.0
MEAN             58.2                               54.6
DAYS MAX >= 90      0                                  0
DAYS MAX <= 32      0                                  0
DAYS MIN <= 32      0                                  0
DAYS MIN <= 0       0                                  0

PRECIPITATION (INCHES)
TOTALS           0.29              1.04   -0.75     3.76
DAILY AVG.       0.01                               0.13
DAYS >= .01         6                                  6
DAYS >= .10         1                                  6
DAYS >= .50         0                                  1
DAYS >= 1.00        0                                  1
GREATEST
 24 HR. TOTAL    0.12   04/15 TO 04/15           04/06 TO 04/06
                                                          04/30 TO 04/30EATHER         OBSERVED          NORMAL  DEPART  LAST YEAR`S
                                                          04/30 TO 04/30EATHER         OBSERVED          NORMAL  DEPART  LAST YEAR`S

DEGREE_DAYS
HEATING TOTAL     201                                264
 SINCE 7/1       2548                               2722
COOLING TOTAL       6                                  0
 SINCE 1/1          6                                  0
.................................................................

WIND (MPH)
AVERAGE WIND SPEED              7.5
RESULTANT WIND SPEED/DIRECTION   5/230
HIGHEST WIND SPEED/DIRECTION    26/290    DATE  04/11
HIGHEST GUST SPEED/DIRECTION    35/290    DATE  04/11

SKY COVER
POSSIBLE SUNSHINE (PERCENT)   MM
AVERAGE SKY COVER           0.30
NUMBER OF DAYS FAIR           16
NUMBER OF DAYS PC              8
NUMBER OF DAYS CLOUDY          6

AVERAGE RH (PERCENT)     76

WEATHER CONDITIONS. NUMBER OF DAYS WITH
  0
  2
  0
  0
  0
  0
  3
HAZE                      1

-  INDICATES NEGATIVE NUMBERS.
R  INDICATES RECORD WAS SET OR TIED.
MM INDICATES DATA IS MISSING.
T  INDICATES TRACE AMOUNT.

$$
