000
CXUS52 KMFL 011415
CLMAPF


CLIMATE REPORT
NATIONAL WEATHER SERVICE MIAMI, FL
1012 AM EDT WED MAY 1 2019

...................................

...THE NAPLES CLIMATE SUMMARY FOR THE MONTH OF APRIL 2019...

CLIMATE NORMAL PERIOD 1981 TO 2010
CLIMATE RECORD PERIOD 1942 TO 2019

WEATHER         OBSERVED          NORMAL  DEPART  LAST YEAR`S
                 VALUE   DATE(S)  VALUE   FROM    VALUE  DATE(S)
                                          NORMAL
................................................................
TEMPERATURE (F)
RECORD
 HIGH              95   04/29/2017
                        04/14/1965
 LOW               39   04/08/1971
HIGHEST            92   04/30                         90  04/30
                                                          04/14
                                                          04/13
LOWEST             59   04/22                         60  04/18
                                                          04/17
AVG. MAXIMUM     85.4              83.2     2.2     84.9
AVG. MINIMUM     67.4              63.4     4.0     67.2
MEAN             76.4              73.3     3.1     76.0
DAYS MAX >= 90      6                                  3
DAYS MAX <= 32      0                                  0
DAYS MIN <= 32      0                                  0
DAYS MIN <= 0       0                                  0

PRECIPITATION (INCHES)
RECORD
 MAXIMUM         7.73   1997
 MINIMUM         0.00   1970
                        1967
                        1946
TOTALS           0.97              2.36   -1.39     1.02
DAILY AVG.       0.03              0.08   -0.05     0.03
DAYS >= .01         6                                  7
DAYS >= .10         3                                  4
DAYS >= .50         0                                  1
DAYS >= 1.00        0                                  0
GREATEST
 24 HR. TOTAL    0.44   04/19 TO 04/19              0.51

DEGREE_DAYS
HEATING TOTAL       0                 4      -4        0
 SINCE 7/1        142               260    -118      200
COOLING TOTAL     351               253      98      340
 SINCE 1/1        904               620     284      841
.................................................................

WIND (MPH)
AVERAGE WIND SPEED              9.0
HIGHEST WIND SPEED/DIRECTION    33/270    DATE  04/19
HIGHEST GUST SPEED/DIRECTION    42/260    DATE  04/19

SKY COVER
POSSIBLE SUNSHINE (PERCENT)   MM
AVERAGE SKY COVER           0.30
NUMBER OF DAYS FAIR           22
NUMBER OF DAYS PC              8
NUMBER OF DAYS CLOUDY          0

AVERAGE RH (PERCENT)     76

WEATHER CONDITIONS. NUMBER OF DAYS WITH
THUNDERSTORM              3     MIXED PRECIP                0
HEAVY RAIN                1     RAIN                        3
LIGHT RAIN                7     FREEZING RAIN               0
LT FREEZING RAIN          0     HAIL                        0
HEAVY SNOW                0     SNOW                        0
LIGHT SNOW                0     SLEET                       0
FOG                       7     FOG W/VIS <= 1/4 MILE       1
HAZE                      2

-  INDICATES NEGATIVE NUMBERS.
R  INDICATES RECORD WAS SET OR TIED.
MM INDICATES DATA IS MISSING.
T  INDICATES TRACE AMOUNT.

$$
