773
CXUS52 KMFL 011519
CLMAPF


CLIMATE REPORT
NATIONAL WEATHER SERVICE MIAMI, FL
1114 AM EDT MON JUL 1 2019

...................................

...THE NAPLES CLIMATE SUMMARY FOR THE MONTH OF JUNE 2019...

CLIMATE NORMAL PERIOD 1981 TO 2010
CLIMATE RECORD PERIOD 1942 TO 2019

WEATHER         OBSERVED          NORMAL  DEPART  LAST YEAR`S
                 VALUE   DATE(S)  VALUE   FROM    VALUE  DATE(S)
                                          NORMAL
................................................................
TEMPERATURE (F)
RECORD
 HIGH              98   06/26/2019
                        06/06/1985
                        06/05/1985
 LOW               61   06/04/1955
HIGHEST            98R  06/26                         96  06/18
LOWEST             70   06/10                         73  06/12
                                                          06/08
AVG. MAXIMUM     90.1              89.9     0.2     90.8
AVG. MINIMUM     75.4              73.9     1.5     77.1
MEAN             82.8              81.9     0.9     83.9
DAYS MAX >= 90     19                                 22
DAYS MAX <= 32      0                                  0
DAYS MIN <= 32      0                                  0
DAYS MIN <= 0       0                                  0

PRECIPITATION (INCHES)
RECORD
 MAXIMUM        21.28   2005
 MINIMUM         0.91   1980
TOTALS           4.08              8.82   -4.74     4.96
DAILY AVG.       0.14              0.29   -0.15     0.17
DAYS >= .01        12                                 12
DAYS >= .10         7                                  9
DAYS >= .50         3                                  3
DAYS >= 1.00        1                                  1
GREATEST
 24 HR. TOTAL    1.76   06/14 TO 06/14              1.26

DEGREE_DAYS
HEATING TOTAL       0                 0       0        0
 SINCE 7/1        142               260    -118      200
COOLING TOTAL     538               507      31      577
 SINCE 1/1       1929              1535     394     1866
.................................................................

WIND (MPH)
AVERAGE WIND SPEED              6.1
HIGHEST WIND SPEED/DIRECTION    40/070    DATE  06/28
HIGHEST GUST SPEED/DIRECTION    54/070    DATE  06/28

SKY COVER
POSSIBLE SUNSHINE (PERCENT)   MM
AVERAGE SKY COVER           0.20
NUMBER OF DAYS FAIR           25
NUMBER OF DAYS PC              5
NUMBER OF DAYS CLOUDY          0

AVERAGE RH (PERCENT)     79

THUNDERSTORM             15     MIXED PRECIP                0
HEAVY RAIN                8     RAIN                       10
LIGHT RAIN               16     FREEZING RAIN               0
LT FREEZING RAIN          0     HAIL                        0
HEAVY SNOW                0     SNOW                        0
LIGHT SNOW                0     SLEET                       0
FOG                      18     FOG W/VIS <= 1/4 MILE       1
HAZE                      5


-  INDICATES NEGATIVE NUMBERS.
R  INDICATES RECORD WAS SET OR TIED.
MM INDICATES DATA IS MISSING.
T  INDICATES TRACE AMOUNT.

$$
