000
CXUS53 KAPX 010823
CLMAPN


CLIMATE REPORT
NATIONAL WEATHER SERVICE GAYLORD MI
422 AM EDT THU AUG 1 2019

...................................

...THE ALPENA MI CLIMATE SUMMARY FOR THE MONTH OF JULY 2019...

CLIMATE NORMAL PERIOD 1981 TO 2010
CLIMATE RECORD PERIOD 1916 TO 2019

WEATHER         OBSERVED          NORMAL  DEPART  LAST YEAR`S
                 VALUE   DATE(S)  VALUE   FROM    VALUE  DATE(S)
                                          NORMAL
................................................................
TEMPERATURE (F)
RECORD
 HIGH             102   07/14/1983
 LOW               34   07/20/1965
HIGHEST            95   07/19        MM      MM       MM  MM
LOWEST             45   07/08        MM      MM       MM  MM
AVG. MAXIMUM     82.6              79.4     3.2       MM
AVG. MINIMUM     57.0              55.3     1.7       MM
MEAN             69.8              67.4     2.4       MM
DAYS MAX >= 90      4               2.2     1.8       MM
DAYS MAX <= 32      0               0.0     0.0       MM
DAYS MIN <= 32      0               0.0     0.0       MM
DAYS MIN <= 0       0               0.0     0.0       MM

PRECIPITATION (INCHES)
RECORD
 MAXIMUM           MM   MM
 MINIMUM           MM   MM
TOTALS           1.78              3.03   -1.25       MM
DAILY AVG.       0.06              0.10   -0.04       MM
DAYS >= .01        10              10.5    -0.5       MM
DAYS >= .10         6               6.0     0.0       MM
DAYS >= .50         1               2.1    -1.1       MM
DAYS >= 1.00        0               0.6    -0.6       MM
GREATEST
 24 HR. TOTAL    0.50   07/27 TO 07/27
 STORM TOTAL       MM
 (MM/DD(HH))            MM

SNOWFALL (INCHES)
RECORDS
 TOTAL             MM   MM
 SNOW DEPTH        MM   MM
TOTALS            0.0               0.0     0.0       MM
SINCE 7/1         0.0               0.0     0.0       MM
SNOWDEPTH AVG.      0                MM      MM       MM
DAYS >= TRACE       0               0.0     0.0       MM
DAYS >= 1.0         0               0.0     0.0       MM
GREATEST
 SNOW DEPTH         0   MM                            MM  MM
 24 HR TOTAL      0.0   07/31 TO 07/31                MM

DEGREE_DAYS
HEATING TOTAL      12                44     -32       MM
 SINCE 7/1         12                44     -32       MM
COOLING TOTAL     169               116      53       MM
 SINCE 1/1        213               185      28       MM

FREEZE DATES
RECORD
 EARLIEST     MM
 LATEST       MM
EARLIEST                        MM
LATEST                          MM
.................................................................

WIND (MPH)
AVERAGE WIND SPEED              5.6
HIGHEST WIND SPEED/DIRECTION    26/330    DATE  07/20
HIGHEST GUST SPEED/DIRECTION    42/330    DATE  07/20

SKY COVER
POSSIBLE SUNSHINE (PERCENT)   MM
AVERAGE SKY COVER           0.30
NUMBER OF DAYS FAIR           21
NUMBER OF DAYS PC              9
NUMBER OF DAYS CLOUDY          1

AVERAGE RH (PERCENT)     70

WEATHER CONDITIONS. NUMBER OF DAYS WITH
  0
  6
  0
  0
  0
  0
  3
HAZE                      1

-  INDICATES NEGATIVE NUMBERS.
R  INDICATES RECORD WAS SET OR TIED.
MM INDICATES DATA IS MISSING.
T  INDICATES TRACE AMOUNT.

$$
