395
CXUS53 KAPX 010725
CLMAPN


CLIMATE REPORT
NATIONAL WEATHER SERVICE GAYLORD MI
325 AM EDT WED MAY 1 2019

...................................

...THE ALPENA MI CLIMATE SUMMARY FOR THE MONTH OF APRIL 2019...

CLIMATE NORMAL PERIOD 1981 TO 2010
CLIMATE RECORD PERIOD 1916 TO 2019

WEATHER         OBSERVED          NORMAL  DEPART  LAST YEAR`S
                 VALUE   DATE(S)  VALUE   FROM    VALUE  DATE(S)
                                          NORMAL
................................................................
TEMPERATURE (F)
RECORD
 HIGH              90   04/16/2002
                        04/25/1990
 LOW               -7   04/06/2003
HIGHEST            76   04/22        MM      MM       69  04/30
LOWEST             18   04/04        MM      MM       10  04/05
AVG. MAXIMUM     51.0              52.3    -1.3     43.5
AVG. MINIMUM     32.1              31.0     1.1     23.4
MEAN             41.5              41.6    -0.1     33.5
DAYS MAX >= 90      0               0.0     0.0        0
DAYS MAX <= 32      0               0.9    -0.9        3
DAYS MIN <= 32     15              17.0    -2.0       28
DAYS MIN <= 0       0               0.0     0.0        0

PRECIPITATION (INCHES)
RECORD
 MAXIMUM           MM   MM
 MINIMUM           MM   MM
TOTALS           3.20              2.39    0.81     5.03
DAILY AVG.       0.11              0.08    0.03     0.17
DAYS >= .01        16              11.4     4.6       13
DAYS >= .10         9               6.1     2.9       10
DAYS >= .50         2               1.5     0.5        5
DAYS >= 1.00        0               0.1    -0.1        1
GREATEST
 24 HR. TOTAL    0.79   04/18 TO 04/18
 STORM TOTAL       MM
 (MM/DD(HH))            MM

SNOWFALL (INCHES)
RECORDS
 TOTAL             MM   MM
 SNOW DEPTH        MM   MM
TOTALS           10.1               5.8     4.3     30.7
SINCE 7/1        99.4              84.1    15.3     82.5
SNOWDEPTH AVG.      0                MM      MM        5
DAYS >= TRACE       9               3.5     5.5       16
DAYS >= 1.0         2               1.8     0.2        8
GREATEST
 SNOW DEPTH         5   04/15                         15  04/18
                                                          04/17
 24 HR TOTAL      6.6   04/14 TO 04/14               7.3

DEGREE_DAYS
HEATING TOTAL     696               703      -7      941
 SINCE 7/1       7639              7559      80     7538
COOLING TOTAL       0                 2      -2        0
 SINCE 1/1          0                 2      -2        0

FREEZE DATES
RECORD
 EARLIEST     MM
 LATEST       MM
EARLIEST                        MM
LATEST                          MM
.................................................................

WIND (MPH)
AVERAGE WIND SPEED              8.6
HIGHEST WIND SPEED/DIRECTION    32/330    DATE  04/26
HIGHEST GUST SPEED/DIRECTION    45/340    DATE  04/26

SKY COVER
POSSIBLE SUNSHINE (PERCENT)   MM
AVERAGE SKY COVER           0.60
NUMBER OF DAYS FAIR            5
NUMBER OF DAYS PC             12
NUMBER OF DAYS CLOUDY         13

AVERAGE RH (PERCENT)     67

WEATHER CONDITIONS. NUMBER OF DAYS WITH
  0
  5
  0
  0
  2
  0
  5
HAZE                      3

-  INDICATES NEGATIVE NUMBERS.
R  INDICATES RECORD WAS SET OR TIED.
MM INDICATES DATA IS MISSING.
T  INDICATES TRACE AMOUNT.

$$
