000
CXUS43 KLOT 011326
CLMARR


CLIMATE REPORT
NATIONAL WEATHER SERVICE CHICAGO IL
811 AM CDT MON JUL 1 2019

...................................

...THE AURORA MUNICIPAL AIRPORT CLIMATE SUMMARY FOR THE MONTH OF JUNE 2019...

CLIMATE NORMAL PERIOD 1981 TO 2010
CLIMATE RECORD PERIOD 1998 TO 2019

WEATHER         OBSERVED          NORMAL  DEPART  LAST YEAR`S
                 VALUE   DATE(S)  VALUE   FROM    VALUE
                                          NORMAL
.............................................................
TEMPERATURE (F)
RECORD
 HIGH              98   06/28/2012
 LOW               15   06/09/2007
HIGHEST            93   06/30        MM      MM       93
LOWEST             44   06/14        MM      MM       49
AVG. MAXIMUM     79.7              80.1    -0.4     81.5
AVG. MINIMUM     57.3              57.5    -0.2     61.8
MEAN             68.5              68.8    -0.3     71.6

PRECIPITATION (INCHES)
RECORD
 MAXIMUM         8.96   2014
 MINIMUM         1.09   2012
TOTALS           3.06              4.01   -0.95     5.82

DEGREE_DAYS
HEATING TOTAL      25                41     -16        3
 SINCE 7/1       6796              6775      21     6504
COOLING TOTAL     137               155     -18      207
 SINCE 1/1        156               196     -40      330
..............................................................

WIND (MPH)
AVERAGE WIND SPEED              8.6
HIGHEST WIND SPEED/DIRECTION    32/340    DATE  06/26
HIGHEST GUST SPEED/DIRECTION    45/130    DATE  06/30

AVERAGE RH (PERCENT)     72


-  INDICATES NEGATIVE NUMBERS.
R  INDICATES RECORD WAS SET OR TIED.
MM INDICATES DATA IS MISSING.
T  INDICATES TRACE AMOUNT.

$$
