000
CXUS55 KGJT 020041
CLMASE

CLIMATE REPORT
NATIONAL WEATHER SERVICE GRAND JUNCTION CO
419 AM MDT WED MAY 1 2019

...................................

...THE ASPEN CO CLIMATE SUMMARY FOR THE MONTH OF APRIL 2019...

CLIMATE NORMAL PERIOD 1981 TO 2010
CLIMATE RECORD PERIOD 9999 TO 9999

WEATHER         OBSERVED          NORMAL  DEPART  LAST YEAR`S
                 VALUE   DATE(S)  VALUE   FROM    VALUE  DATE(S)
                                          NORMAL
................................................................
TEMPERATURE (F)
HIGHEST            70   04/20        MM      MM       71  04/28
LOWEST             20   04/14        MM      MM       11  04/18
                        04/01
AVG. MAXIMUM     56.1              52.2     3.9     56.2
AVG. MINIMUM     30.2              27.5     2.7     28.5
MEAN             43.2              39.8     3.4     42.3
DAYS MAX >= 90      0               0.0     0.0        0
DAYS MAX <= 32      0               0.8    -0.8        0
DAYS MIN <= 32     19              24.0    -5.0       19
DAYS MIN <= 0       0               0.0     0.0        0

PRECIPITATION (INCHES)
TOTALS           1.96              1.84    0.12     2.56
DAILY AVG.       0.07              0.06    0.01     0.09
DAYS >= .01         7                MM      MM       13
DAYS >= .10         6                MM      MM        6
DAYS >= .50         1                MM      MM        2
DAYS >= 1.00        0                MM      MM        0
GREATEST
 24 HR. TOTAL    0.74   04/29 TO 04/29              0.98

SNOWFALL (INCHES)
TOTALS             MM                MM      MM       MM
SINCE 7/1          MM                MM      MM       MM
SNOWDEPTH AVG.     MM                MM      MM       MM
DAYS >= 1.0        MM                MM      MM       MM
GREATEST
 SNOW DEPTH        MM                                 MM  MM
 24 HR TOTAL       MM                                 MM

DEGREE_DAYS
HEATING TOTAL     648               755    -107      674
 SINCE 7/1       7614              8130    -516     6803
COOLING TOTAL       0                 0       0        0
 SINCE 1/1          0                 0       0        0
.................................................................

WIND (MPH)
AVERAGE WIND SPEED              6.7
HIGHEST WIND SPEED/DIRECTION    30/180    DATE  04/26
HIGHEST GUST SPEED/DIRECTION    48/180    DATE  04/28

SKY COVER
POSSIBLE SUNSHINE (PERCENT)   MM
AVERAGE SKY COVER           0.50
NUMBER OF DAYS FAIR           11
NUMBER OF DAYS PC             14
NUMBER OF DAYS CLOUDY          5

AVERAGE RH (PERCENT)     52

WEATHER CONDITIONS. NUMBER OF DAYS WITH
THUNDERSTORM              2     MIXED PRECIP                0
HEAVY RAIN                1     RAIN                        5
LIGHT RAIN               10     FREEZING RAIN               0
LT FREEZING RAIN          0     HAIL                        0
HEAVY SNOW                1     SNOW                        1
LIGHT SNOW               10     SLEET                       0
FOG                       7     FOG W/VIS <= 1/4 MILE       1
HAZE                      5

-  INDICATES NEGATIVE NUMBERS.
R  INDICATES RECORD WAS SET OR TIED.
MM INDICATES DATA IS MISSING.
T  INDICATES TRACE AMOUNT.

$$
