000
CXUS56 KPQR 011720 CCA
CLMAST

CLIMATE REPORT
NATIONAL WEATHER SERVICE PORTLAND OREGON
1019 AM PDT WED MAY 1 2019

...................................

...THE ASTORIA OR CLIMATE SUMMARY FOR THE MONTH OF APRIL 2019...

CLIMATE NORMAL PERIOD 1981 TO 2010
CLIMATE RECORD PERIOD 1892 TO 2019

WEATHER         OBSERVED          NORMAL  DEPART  LAST YEAR`S
                 VALUE   DATE(S)  VALUE   FROM    VALUE  DATE(S)
                                          NORMAL
................................................................
TEMPERATURE (F)
HIGHEST            67                                 82  04/24
LOWEST             35                                 33  04/03
AVG. MAXIMUM     56.7              56.4     0.3     56.7
AVG. MINIMUM     43.9              41.0     2.9     42.9
MEAN             50.3              48.7     1.6     49.8
DAYS MAX >= 90      0               0.0     0.0        0
DAYS MAX <= 32      0               0.0     0.0        0
DAYS MIN <= 32      0               1.0    -1.0        0
DAYS MIN <= 0       0               0.0     0.0        0

PRECIPITATION (INCHES)
RECORD
 MAXIMUM        13.39   1893
 MINIMUM         0.21   1909
TOTALS           5.30              5.20    0.10     9.47
DAYS >= .01        21              18.4     2.6       20
DAYS >= .10        13              12.3     0.7       15
DAYS >= .50         3               3.3    -0.3        6
DAYS >= 1.00        1               0.5     0.5        3
GREATEST
 24 HR. TOTAL    1.58   04/06 TO 04/07

DEGREE_DAYS
HEATING TOTAL     433               489     -56      449
 SINCE 7/1       4231              4409    -178     4227
COOLING TOTAL       0                 0       0        1
 SINCE 1/1          0                 0       0        1
.................................................................

WIND (MPH)
AVERAGE WIND SPEED              8.0
RESULTANT WIND SPEED/DIRECTION   4/272
HIGHEST WIND SPEED/DIRECTION    29/320    DATE  04/27
HIGHEST GUST SPEED/DIRECTION    39/170    DATE  04/05

SKY COVER
POSSIBLE SUNSHINE (PERCENT)   MM
AVERAGE SKY COVER           0.70
NUMBER OF DAYS FAIR            5
NUMBER OF DAYS PC              5
NUMBER OF DAYS CLOUDY         20

AVERAGE RH (PERCENT)     78

WEATHER CONDITIONS. NUMBER OF DAYS WITH
THUNDERSTORMS        1        MIXED PRECIP            0
HEAVY RAIN           1        RAIN                    6
LIGHT RAIN           21       FREEZING RAIN           0
LT FREEZING RAIN     0        HAIL                    0
HEAVY SNOW           0        SNOW                    0
LIGHT SNOW           0        SLEET                   0
FOG                  20       FOG W/VIS <=1/4 MILE    0
HAZE                 2


-  INDICATES NEGATIVE NUMBERS.
R  INDICATES RECORD WAS SET OR TIED.
MM INDICATES DATA IS MISSING.
T  INDICATES TRACE AMOUNT.

$$
