847
CXUS53 KDLH 041601
CLMASX


CLIMATE REPORT
NATIONAL WEATHER SERVICE DULUTH MN
1030 AM CDT THU JUL 4 2019

...................................

...THE ASHLAND CLIMATE SUMMARY FOR THE MONTH OF JUNE 2019...

CLIMATE NORMAL PERIOD 1981 TO 2010
CLIMATE RECORD PERIOD 1893 TO 2019

WEATHER         OBSERVED          NORMAL  DEPART  LAST YEAR`S
                 VALUE   DATE(S)  VALUE   FROM    VALUE  DATE(S)
                                          NORMAL
................................................................
TEMPERATURE (F)
RECORD
 HIGH              99   06/30/1921
                        06/30/1910
                        06/29/1910
 LOW               23   06/04/1945
HIGHEST            88   06/08        MM      MM       95  06/29
LOWEST             32   06/13        MM      MM       38  06/06
AVG. MAXIMUM     72.8              72.9    -0.1     73.4
AVG. MINIMUM     45.3              48.3    -3.0     48.3
MEAN             59.1              60.6    -1.5     60.8
DAYS MAX >= 90      0                MM      MM        1
DAYS MAX <= 32      0                MM      MM        0
DAYS MIN <= 32      1                MM      MM        0
DAYS MIN <= 0       0                MM      MM        0

PRECIPITATION (INCHES)
RECORD
 MAXIMUM         8.97   2018
 MINIMUM         0.51   1910
TOTALS           2.58              3.82   -1.24     8.97
DAILY AVG.       0.09              0.13   -0.04     0.30
DAYS >= .01        11                MM      MM        8
DAYS >= .10         8                MM      MM        6
DAYS >= .50         1                MM      MM        4
DAYS >= 1.00        0                MM      MM        3
GREATEST
 24 HR. TOTAL    0.52   06/23 TO 06/23

DEGREE_DAYS
HEATING TOTAL     202               167      35      161
 SINCE 7/1       9284              8938     346     9090
COOLING TOTAL      33                35      -2       43
 SINCE 1/1         33                41      -8       75
.................................................................

WIND (MPH)
AVERAGE WIND SPEED              6.6
HIGHEST WIND SPEED/DIRECTION    26/050    DATE  06/14
HIGHEST GUST SPEED/DIRECTION    33/330    DATE  06/27

SKY COVER
POSSIBLE SUNSHINE (PERCENT)   MM
AVERAGE SKY COVER           0.30
NUMBER OF DAYS FAIR           19
NUMBER OF DAYS PC              8
NUMBER OF DAYS CLOUDY          3

AVERAGE RH (PERCENT)     74

WEATHER CONDITIONS. NUMBER OF DAYS WITH
THUNDERSTORM              4     MIXED PRECIP                0
HEAVY RAIN                8     RAIN                        6
LIGHT RAIN               12     FREEZING RAIN               0
LT FREEZING RAIN          0     HAIL                        0
HEAVY SNOW                0     SNOW                        0
LIGHT SNOW                0     SLEET                       0
FOG                      19     FOG W/VIS <= 1/4 MILE       8
HAZE                      2

-  INDICATES NEGATIVE NUMBERS.
R  INDICATES RECORD WAS SET OR TIED.
MM INDICATES DATA IS MISSING.
T  INDICATES TRACE AMOUNT.

$$

.JUNE 2019 WAS COLDER THAN NORMAL FOR TEMPERATURES WITH BELOW NORMAL
PRECIPITATION AT ASHLAND WI...

THE AVERAGE TEMPERATURE FOR JUNE WAS 59.1 DEGREES. THIS WAS 1.5
DEGREES BELOW THE NORMAL OF 60.6 DEGREES. THE HIGHEST TEMPERATURE
FOR THE MONTH WAS 88 DEGREES ON THE 8TH. THE LOWEST TEMPERATURE WAS
32 DEGREES ON THE 13TH. NO DAILY TEMPERATURE RECORDS WERE BROKEN FOR
THE MONTH. TWELVE DAYS HAD AVERAGE TEMPERATURES ABOVE NORMAL.

JUNE 2019 WAS BELOW NORMAL FOR PRECIPITATION WITH A TOTAL OF 2.58
INCHES OF PRECIPITATION RECORDED FOR THE MONTH. THIS WAS 1.24 INCHES
BELOW THE NORMAL OF 3.82 INCHES. THE GREATEST DAILY PRECIPITATION
OCCURRED ON THE 23RD WHEN 0.52 INCHES WAS RECORDED. AT LEAST A TRACE
OF PRECIPITATION WAS RECORDED ON 14 DAYS. AT LEAST 0.01 INCHES OF
PRECIPITATION FELL ON 11 DAYS. AT LEAST 0.10 INCHES FELL ON 8 DAYS.
AT LEAST 0.50 INCHES FELL ON 1 DAY. NO DAILY PRECIPITATION RECORDS
WERE BROKEN FOR THE MONTH.

THE AVERAGE WIND SPEED FOR THE MONTH WAS 6.6 MPH. THE WINDIEST DAY
OF THE MONTH WAS ON THE 15TH WITH AN AVERAGE WIND OF 11.6 MPH. THE
HIGHEST SUSTAINED WIND OCCURRED ON THE 14TH WITH A SPEED OF 26 MPH
OUT OF THE NORTHEAST. THE HIGHEST PEAK WIND GUST OF 33 MPH WAS
RECORDED ON THE 13TH AND THE 27TH.

THERE WERE 202 HEATING DEGREE DAYS FOR THE MONTH WHICH WAS 35 ABOVE
THE NORMAL OF 167. THIS BROUGHT THE SEASONAL TOTAL HEATING DEGREE
DAYS TO 9284 WHICH WAS 346 ABOVE THE NORMAL OF 8938. THERE WERE 33
COOLING DEGREE DAYS FOR THE MONTH WHICH WAS 2 BELOW THE NORMAL OF
35. THIS BROUGHT THE SEASONAL TOTAL COOLING DEGREE DAYS TO 33 WHICH
WAS 8 BELOW THE NORMAL OF 41.

THE OUTLOOK FOR JULY...NORMAL HIGHS ARE IN THE MID TO UPPER 70S.
NORMAL LOWS ARE IN THE MID 50S. NORMAL PRECIPITATION FOR JULY IS
4.29 INCHES. THE LATEST CLIMATE PREDICTION CENTER OUTLOOK INDICATES
THAT THERE IS NO CLEAR SIGNAL OF ABOVE OR BELOW NORMAL TEMPERATURES
AND PRECIPITATION.

$$

WL
