000
CXUS52 KFFC 021449
CLMATL


CLIMATE REPORT
NATIONAL WEATHER SERVICE PEACHTREE CITY GA
1048 AM EDT THU MAY 2 2019

...................................

...THE ATLANTA CLIMATE SUMMARY FOR THE MONTH OF APRIL 2019...

CLIMATE NORMAL PERIOD 1981 TO 2010
CLIMATE RECORD PERIOD 1878 TO 2019

WEATHER         OBSERVED          NORMAL  DEPART  LAST YEAR`S
                 VALUE   DATE(S)  VALUE   FROM    VALUE  DATE(S)
                                          NORMAL
................................................................
TEMPERATURE (F)
RECORD
 HIGH              93   04/27/1986
                        04/24/1925
 LOW               25   04/02/1881
HIGHEST            85   04/30        93      -8       83  04/18
                        04/29
LOWEST             38   04/01        26      12       36  04/17
AVG. MAXIMUM     75.7              72.5     3.2     70.5
AVG. MINIMUM     54.9              51.5     3.4     49.0
MEAN             65.3              62.0     3.3     59.8
DAYS MAX >= 90      0               0.1    -0.1        0
DAYS MAX <= 32      0               0.0     0.0        0
DAYS MIN <= 32      0               0.3    -0.3        0
DAYS MIN <= 0       0               0.0     0.0        0

PRECIPITATION (INCHES)
RECORD
 MAXIMUM        11.86   1979
 MINIMUM         0.35   1915
TOTALS           6.34              3.36    2.98     6.53
DAILY AVG.       0.21              0.11    0.10     0.22
DAYS >= .01        12               8.6     3.4        9
DAYS >= .10         4               6.0    -2.0        6
DAYS >= .50         3               2.3     0.7        3
DAYS >= 1.00        3               0.8     2.2        2
GREATEST
 24 HR. TOTAL    3.37   04/19 TO 04/19           04/23 TO 04/23
                                                          04/30 TO 04/30EATHER         OBSERVED          NORMAL  DEPART  LAST YEAR`S
                                                          04/30 TO 04/30EATHER         OBSERVED          NORMAL  DEPART  LAST YEAR`S

SNOWFALL (INCHES)
RECORDS
 TOTAL             MM   MM
 24 HR TOTAL       MM
TOTALS            0.0               0.0     0.0      0.0
SINCE 7/1         0.0               2.9    -2.9      4.7
SNOWDEPTH AVG.      0                MM      MM        0
DAYS >= TRACE       0               0.0     0.0        0
DAYS >= 1.0         0               0.0     0.0        0
GREATEST
 24 HR TOTAL      0.0   04/30 TO 04/30           04/30 TO 04/30
                                                          04/30 TO 04/30EATHER         OBSERVED          NORMAL  DEPART  LAST YEAR`S
                                                          04/30 TO 04/30EATHER         OBSERVED          NORMAL  DEPART  LAST YEAR`S

DEGREE_DAYS
HEATING TOTAL      79               143     -64      171
 SINCE 7/1       2295              2740    -445     2467
COOLING TOTAL      97                53      44       19
 SINCE 1/1        106                66      40       50
.................................................................

WIND (MPH)
AVERAGE WIND SPEED              8.0
HIGHEST WIND SPEED/DIRECTION    29/190    DATE  04/14
HIGHEST GUST SPEED/DIRECTION    44/230    DATE  04/14

SKY COVER
POSSIBLE SUNSHINE (PERCENT)   MM
AVERAGE SKY COVER           0.60
NUMBER OF DAYS FAIR            6
NUMBER OF DAYS PC             11
NUMBER OF DAYS CLOUDY         13

AVERAGE RH (PERCENT)     60

WEATHER CONDITIONS. NUMBER OF DAYS WITH
  0
  7
  0
  0
  0
  0
  0
HAZE                      0

-  INDICATES NEGATIVE NUMBERS.
R  INDICATES RECORD WAS SET OR TIED.
MM INDICATES DATA IS MISSING.
T  INDICATES TRACE AMOUNT.

$$
