000
CXUS52 KFFC 011435
CLMATL


CLIMATE REPORT
NATIONAL WEATHER SERVICE PEACHTREE CITY GA
1035 AM EDT THU AUG 1 2019

...................................

...THE ATLANTA CLIMATE SUMMARY FOR THE MONTH OF JULY 2019...

CLIMATE NORMAL PERIOD 1981 TO 2010
CLIMATE RECORD PERIOD 1878 TO 2019

WEATHER         OBSERVED          NORMAL  DEPART  LAST YEAR`S
                 VALUE   DATE(S)  VALUE   FROM    VALUE  DATE(S)
                                          NORMAL
................................................................
TEMPERATURE (F)
RECORD
 HIGH             105   07/01/2012
                        07/17/1980
                        07/13/1980
 LOW               53   07/15/1967
                        07/12/1898
HIGHEST            95   07/04        MM      MM       94  07/12
                        07/02
LOWEST             67   07/25        MM      MM       68  07/29
                                                          07/23
                                                          07/21
AVG. MAXIMUM     91.1              89.1     2.0     89.5
AVG. MINIMUM     73.4              71.3     2.1     72.2
MEAN             82.2              80.2     2.0     80.8
DAYS MAX >= 90     23              13.0    10.0       16
DAYS MAX <= 32      0               0.0     0.0        0
DAYS MIN <= 32      0               0.0     0.0        0
DAYS MIN <= 0       0               0.0     0.0        0

PRECIPITATION (INCHES)
RECORD
 MAXIMUM        17.71   1994
 MINIMUM         0.56   1881
TOTALS           2.06              5.27   -3.21     8.04
DAILY AVG.       0.07              0.17   -0.10     0.26
DAYS >= .01         7              11.7    -4.7       14
DAYS >= .10         5               7.9    -2.9        9
DAYS >= .50         1               3.3    -2.3        5
DAYS >= 1.00        0               1.6    -1.6        4
GREATEST
 24 HR. TOTAL    0.97   07/19 TO 07/19           07/14 TO 07/14
                                                          07/31 TO 07/31EATHER         OBSERVED          NORMAL  DEPART  LAST YEAR`S
                                                          07/31 TO 07/31EATHER         OBSERVED          NORMAL  DEPART  LAST YEAR`S

DEGREE_DAYS
HEATING TOTAL       0                 0       0        0
 SINCE 7/1          0                 0       0        0
COOLING TOTAL     542               471      71      498
 SINCE 1/1       1402              1092     310     1309
.................................................................

WIND (MPH)
AVERAGE WIND SPEED              6.5
HIGHEST WIND SPEED/DIRECTION    35/270    DATE  07/17
HIGHEST GUST SPEED/DIRECTION    47/280    DATE  07/17

SKY COVER
POSSIBLE SUNSHINE (PERCENT)   MM
AVERAGE SKY COVER           0.60
NUMBER OF DAYS FAIR            3
NUMBER OF DAYS PC             26
NUMBER OF DAYS CLOUDY          2

AVERAGE RH (PERCENT)     65

WEATHER CONDITIONS. NUMBER OF DAYS WITH
  0
  6
  0
  0
  0
  0
  0
HAZE                     12

-  INDICATES NEGATIVE NUMBERS.
R  INDICATES RECORD WAS SET OR TIED.
MM INDICATES DATA IS MISSING.
T  INDICATES TRACE AMOUNT.

$$
