000
CXUS54 KEWX 031820
CLMATT

SATCLMATT 000
TTAA00 KEWX 031642


CLIMATE REPORT
NATIONAL WEATHER SERVICE AUSTIN/SAN ANTONIO, TX
1141 AM CDT FRI MAY 3 2019

...................................

...THE AUSTIN CAMP MABRY CLIMATE SUMMARY FOR THE MONTH OF APRIL 2019...

CLIMATE NORMAL PERIOD 1981 TO 2010
CLIMATE RECORD PERIOD 1897 TO 2019

WEATHER         OBSERVED          NORMAL  DEPART  LAST YEAR`S
                 VALUE   DATE(S)  VALUE   FROM    VALUE  DATE(S)
                                          NORMAL
................................................................
TEMPERATURE (F)
HIGHEST            93   04/10                         89  04/25
LOWEST             40   04/02                         40  04/07
                        04/01
AVG. MAXIMUM     80.6              79.8     0.8     79.6
AVG. MINIMUM     58.4              58.6    -0.2     55.3
MEAN             69.5              69.2     0.3     67.4
DAYS MAX >= 90      3                                  0
DAYS MAX <= 32      0                                  0
DAYS MIN <= 32      0                                  0
DAYS MIN <= 0       0                                  0

PRECIPITATION (INCHES)
TOTALS           7.28              2.09    5.19     0.47
DAILY AVG.       0.24              0.07    0.17     0.02
DAYS >= .01        10                                  5
DAYS >= .10         6                                  1
DAYS >= .50         3                                  0
DAYS >= 1.00        3                                  0
GREATEST
 24 HR. TOTAL    3.40   04/06 TO 04/06

SNOWFALL (INCHES)
TOTALS            0.0               0.0     0.0      0.0
SINCE 7/1           T

DEGREE_DAYS
HEATING TOTAL      35                38      -3       39
 SINCE 7/1       1607              1537      70     1363
COOLING TOTAL     178               164      14      121
 SINCE 1/1        281               252      29      289
.................................................................

WIND (MPH)
AVERAGE WIND SPEED              5.9
HIGHEST WIND SPEED/DIRECTION    25/290    DATE  04/13
HIGHEST GUST SPEED/DIRECTION    45/300    DATE  04/13

SKY COVER
POSSIBLE SUNSHINE (PERCENT)   MM
AVERAGE SKY COVER           0.40
NUMBER OF DAYS FAIR           14
NUMBER OF DAYS PC              8
NUMBER OF DAYS CLOUDY          8

AVERAGE RH (PERCENT)     64

WEATHER CONDITIONS. NUMBER OF DAYS WITH
ATT
THUNDERSTORM              6    MIXED PRECIP             0
HEAVY RAIN                5    RAIN                     6
LIGHT RAIN               13    FREEZING RAIN            0
LT FREEZING RAIN          0    HAIL                     0
HEAVY SNOW                0    SNOW                     0
LIGHT SNOW                0    SLEET                    0
FOG                      10    FOG W/VIS <= 1/4 MILE    2
HAZE                      3

-  INDICATES NEGATIVE NUMBERS.
R  INDICATES RECORD WAS SET OR TIED.
MM INDICATES DATA IS MISSING.
T  INDICATES TRACE AMOUNT.

&&

MONTHLY CLIMATE SUMMARY:
APRIL 2019 WAS THE 37TH WARMEST AND 9TH WETTEST APRIL
SINCE RECORD KEEPING BEGAN.

SEA LEVEL PRESSURE:
HIGHEST SLP 30.33 ON THE 1ST.
LOWEST SLP 29.47 ON THE 11TH.

PRELIMINARY LOCAL CLIMATOLOGICAL DATA (WS FORM: F-6)

                                          STATION:   AUSTIN CAMP MABRY
                                          MONTH:     APRIL
                                          YEAR:      2019
                                          LATITUDE:   30 17 N
                                          LONGITUDE:  97 42 W

  TEMPERATURE IN F:       :PCPN:    SNOW:  WIND      :SUNSHINE: SKY     :PK WND
================================================================================
1   2   3   4   5  6A  6B    7    8   9   10  11  12  13   14  15   16   17  18
                                     12Z  AVG MX 2MIN
DY MAX MIN AVG DEP HDD CDD  WTR  SNW DPTH SPD SPD DIR MIN PSBL S-S WX    SPD DR
================================================================================

 1  64  40  52 -14  13   0    T  0.0    0  2.5  8 120   M    M   4        12  90
 2  74  40  57  -9   8   0 0.00  0.0    0  4.7 13 110   M    M   0        19 150
 3  70  55  63  -3   2   0 0.03  0.0    0  7.1 14 150   M    M   9 1      21 140
 4  92  65  79  13   0  14 0.04  0.0    0  3.3  9 300   M    M   4 1      16 180
 5  83  64  74   7   0   9 0.00  0.0    0  4.4 13 120   M    M   4 18     19 110
 6  73  66  70   3   0   5 3.40  0.0    0  3.0 12 320   M    M   8 1238   18 310
 7  70  62  66  -1   0   1 1.30  0.0    0  6.6 22  20   M    M   9 123    35  10
 8  89  60  75   8   0  10    T  0.0    0  4.6 13 340   M    M   0        20 340
 9  90  57  74   6   0   9 0.00  0.0    0  2.5  9 150   M    M   0        16 180
10  93  62  78  10   0  13 0.00  0.0    0  7.3 18 160   M    M   0        33 150
11  84  59  72   4   0   7 0.00  0.0    0  5.1 14 140   M    M   0        24  40
12  79  54  67  -1   0   2 0.01  0.0    0  4.9 13 110   M    M   2        20  80
13  68  48  58 -11   7   0 0.43  0.0    0  8.6 25 290   M    M   6 13     45 300
14  75  46  61  -8   4   0 0.00  0.0    0  5.6 15 330   M    M   0        28 330
15  82  52  67  -2   0   2 0.00  0.0    0  6.2 14 150   M    M   0        25 150
16  84  64  74   5   0   9 0.00  0.0    0  8.1 18 150   M    M   8        33 150
17  84  61  73   3   0   8 0.24  0.0    0  7.4 22 290   M    M  10 13     37 280
18  76  57  67  -3   0   2 0.33  0.0    0  7.5 20 350   M    M   5 13     33 340
19  77  52  65  -5   0   0 0.00  0.0    0  6.8 17 360   M    M   2        29 330
20  84  47  66  -4   0   1 0.00  0.0    0  4.0 12 210   M    M   0        18 190
21  85  58  72   2   0   7 0.00  0.0    0  7.7 17 150   M    M   3 1      27 160
22  80  67  74   3   0   9 0.00  0.0    0  8.1 17 140   M    M   5        24 140
23  80  68  74   3   0   9    T  0.0    0  8.0 15 140   M    M   8        25 160
24  70  58  64  -7   1   0 1.48  0.0    0  4.2 15 320   M    M   8 13     26 310
25  88  57  73   1   0   8 0.00  0.0    0  4.3 12 340   M    M   1        19 340
26  83  63  73   1   0   8 0.00  0.0    0  3.7 13  20   M    M   0        22  20
27  86  60  73   1   0   8 0.00  0.0    0  5.9 14 210   M    M   0        25 220
28  86  66  76   4   0  11 0.00  0.0    0  6.8 16 140   M    M   4        24 140
29  85  69  77   5   0  12 0.00  0.0    0  7.8 14 160   M    M   7        23 150
30  83  74  79   6   0  14 0.02  0.0    0  9.2 17 160   M    M   9 8      30 140
================================================================================
SM 2417 1751        35 178  7.28     0.0 175.9          M      116
================================================================================
AV 80.6 58.4                               5.9 FASTST   M    M   4    MAX(MPH)
                                 MISC ---->  # 25 290               # 45  300
================================================================================
NOTES:
# LAST OF SEVERAL OCCURRENCES
COLUMN 17 PEAK WIND IN M.P.H.

SYMBOLS USED IN COLUMN 16
1 = FOG OR MIST
2 = FOG REDUCING VISIBILITY TO 1/4 MILE OR LESS
3 = THUNDER
4 = ICE PELLETS
5 = HAIL
6 = FREEZING RAIN OR DRIZZLE
7 = DUSTSTORM OR SANDSTORM
8 = SMOKE OR HAZE
9 = BLOWING SNOW
X = TORNADO

$$
