000
CXUS54 KEWX 011718
CLMATT

CLIMATE REPORT
NATIONAL WEATHER SERVICE AUSTIN/SAN ANTONIO, TX
1218 PM CDT THU AUG 1 2019

................................................................

...THE AUSTIN CAMP MABRY CLIMATE SUMMARY FOR THE MONTH OF JULY 2019...

CLIMATE NORMAL PERIOD 1981 TO 2010
CLIMATE RECORD PERIOD 1897 TO 2019

WEATHER         OBSERVED          NORMAL  DEPART  LAST YEAR`S
                 VALUE   DATE(S)  VALUE   FROM    VALUE  DATE(S)
                                          NORMAL
................................................................
TEMPERATURE (F)
HIGHEST           103   07/31                        110  07/23
                        07/30
LOWEST             63   07/25                         72  07/05
                                                          07/04
AVG. MAXIMUM     97.4              95.6     1.8     99.3
AVG. MINIMUM     75.5              74.4     1.1     76.0
MEAN             86.5              85.0     1.5     87.6
DAYS MAX >= 90     31                                 30
DAYS MAX <= 32      0                                  0
DAYS MIN <= 32      0                                  0
DAYS MIN <= 0       0                                  0

PRECIPITATION (INCHES)
TOTALS           0.39              1.88   -1.49     4.02
DAILY AVG.       0.01              0.06   -0.05     0.13
DAYS >= .01         2                                  5
DAYS >= .10         1                                  4
DAYS >= .50         0                                  2
DAYS >= 1.00        0                                  2
GREATEST
 24 HR. TOTAL    0.47   06/30 TO 07/01
                        07/01 TO 07/02
                        07/02 TO 07/03

SNOWFALL (INCHES)
TOTALS            0.0               0.0     0.0      0.0
SINCE 7/1         0.0

DEGREE_DAYS
HEATING TOTAL       0                 0       0        0
 SINCE 7/1          0                 0       0        0
COOLING TOTAL     672               620      52      708
 SINCE 1/1       1853              1749     104     2140
.................................................................

WIND (MPH)
AVERAGE WIND SPEED              4.9
HIGHEST WIND SPEED/DIRECTION    20/360    DATE  07/10
HIGHEST GUST SPEED/DIRECTION    37/340    DATE  07/10

SKY COVER
POSSIBLE SUNSHINE (PERCENT)   MM
AVERAGE SKY COVER           0.30
NUMBER OF DAYS FAIR           24
NUMBER OF DAYS PC              7
NUMBER OF DAYS CLOUDY          0

AVERAGE RH (PERCENT)     60

WEATHER CONDITIONS. NUMBER OF DAYS WITH
THUNDERSTORM              6    MIXED PRECIP             0
HEAVY RAIN                1    RAIN                     1
LIGHT RAIN                3    FREEZING RAIN            0
LT FREEZING RAIN          0    HAIL                     0
HEAVY SNOW                0    SNOW                     0
LIGHT SNOW                0    SLEET                    0
FOG                       1    FOG W/VIS <= 1/4 MILE    0
HAZE                      0

-  INDICATES NEGATIVE NUMBERS.
R  INDICATES RECORD WAS SET OR TIED.
MM INDICATES DATA IS MISSING.
T  INDICATES TRACE AMOUNT.

&&

MONTHLY CLIMATE SUMMARY:
JULY 2019 WAS THE 19TH WARMEST (1.5 DEGREES ABOVE NORMAL) AND
THE 28TH DRIEST JULY SINCE RECORD KEEPING BEGAN.

SEA LEVEL PRESSURE DATA:
HIGHEST SLP 30.14 ON THE 27TH
LOWEST SLP 29.74 ON THE 12TH

PRELIMINARY LOCAL CLIMATOLOGICAL DATA (WS FORM: F-6)

                                          STATION:   AUSTIN CAMP MABRY
                                          MONTH:     JULY
                                          YEAR:      2019
                                          LATITUDE:   30 17 N
                                          LONGITUDE:  97 42 W

  TEMPERATURE IN F:       :PCPN:    SNOW:  WIND      :SUNSHINE: SKY     :PK WND
================================================================================
1   2   3   4   5  6A  6B    7    8   9   10  11  12  13   14  15   16   17  18
                                     12Z  AVG MX 2MIN
DY MAX MIN AVG DEP HDD CDD  WTR  SNW DPTH SPD SPD DIR MIN PSBL S-S WX    SPD DR
================================================================================

 1  92  74  83  -1   0  18 0.00  0.0    0  4.8 14 140   M    M   4        22 170
 2  93  75  84   0   0  19 0.00  0.0    0  5.8 18 140   M    M   4 3      27 140
 3  92  75  84   0   0  19 0.01  0.0    0  4.6 14 140   M    M   7 3      22 140
 4  93  76  85   1   0  20 0.00  0.0    0  6.1 17 150   M    M   6        22 150
 5  96  78  87   3   0  22 0.00  0.0    0  7.0 15 140   M    M   5        24 140
 6  95  77  86   2   0  21 0.00  0.0    0  5.2 13 130   M    M   3        21 150
 7  97  77  87   3   0  22 0.00  0.0    0  5.2 12 140   M    M   2        19 160
 8  97  72  85   1   0  20 0.38  0.0    0  3.8 16 350   M    M   3 13     28 340
 9  97  75  86   2   0  21 0.00  0.0    0  4.5 12 150   M    M   2        20 150
10  98  77  88   3   0  23    T  0.0    0  4.0 20 360   M    M   2 3      37 340
11  98  75  87   2   0  22 0.00  0.0    0  4.3 13  10   M    M   1        21  10
12  99  76  88   3   0  23 0.00  0.0    0  3.4 13  20   M    M   2        18  10
13  97  75  86   1   0  21 0.00  0.0    0  5.0 13 360   M    M   2        20 350
14 100  79  90   5   0  25 0.00  0.0    0  3.4 10  10   M    M   1        17 340
15  98  77  88   3   0  23    T  0.0    0  2.2 12 190   M    M   1 3      19 200
16 100  78  89   4   0  24 0.00  0.0    0  6.8 15 160   M    M   3        25 150
17 100  78  89   4   0  24 0.00  0.0    0  6.8 15 140   M    M   3        25 150
18 100  78  89   4   0  24 0.00  0.0    0  6.8 14 140   M    M   3        22 130
19 100  77  89   4   0  24 0.00  0.0    0  7.4 15 150   M    M   3        22 150
20 100  78  89   4   0  24 0.00  0.0    0  6.8 14 150   M    M   4        21 130
21 100  76  88   3   0  23 0.00  0.0    0  5.7 13 160   M    M   2        21 150
22  99  77  88   3   0  23 0.00  0.0    0  2.7 10 140   M    M   1        14 190
23  95  80  88   2   0  23 0.00  0.0    0  5.8 16  20   M    M   6 3      24  20
24  92  74  83  -3   0  18 0.00  0.0    0  4.8 12  20   M    M   2        21  10
25  93  63  78  -8   0  13 0.00  0.0    0  3.1  9 100   M    M   0        17 110
26  93  66  80  -6   0  15 0.00  0.0    0  2.5 10  90   M    M   0        15  90
27  97  71  84  -2   0  19 0.00  0.0    0  2.5 10 150   M    M   1        16 150
28 101  77  89   3   0  24 0.00  0.0    0  6.8 14 160   M    M   3        23 160
29 101  77  89   3   0  24 0.00  0.0    0  6.1 14 150   M    M   3        20 150
30 103  78  91   5   0  26 0.00  0.0    0  4.4 10 230   M    M   1        16 230
31 103  76  90   4   0  25 0.00  0.0    0  3.6 14 140   M    M   1        18 130
================================================================================
SM 3019 2342         0 672  0.39     0.0 151.9          M       81
================================================================================
AV 97.4 75.6                               4.9 FASTST   M    M   3    MAX(MPH)
                                 MISC ---->  # 20 360               # 37  340
================================================================================
NOTES:
# LAST OF SEVERAL OCCURRENCES
COLUMN 17 PEAK WIND IN M.P.H.

SYMBOLS USED IN COLUMN 16:
1 = FOG OR MIST
2 = FOG REDUCING VISIBILITY TO 1/4 MILE OR LESS
3 = THUNDER
4 = ICE PELLETS
5 = HAIL
6 = FREEZING RAIN OR DRIZZLE
7 = DUSTSTORM OR SANDSTORM
8 = SMOKE OR HAZE
9 = BLOWING SNOW
X = TORNADO

$$
