000
CXUS51 KGYX 042047
CLMAUG

PWMCLMAUG 000
TTAA00 KGYX 031440


CLIMATE REPORT
NATIONAL WEATHER SERVICE GRAY ME
446 PM EDT THU JUL 4 2019

...................................

...THE AUGUSTA CLIMATE SUMMARY FOR THE MONTH OF JUNE 2019...

CLIMATE NORMAL PERIOD 1981 TO 2010
CLIMATE RECORD PERIOD 1948 TO 2019

WEATHER         OBSERVED          NORMAL  DEPART  LAST YEAR`S
                 VALUE   DATE(S)  VALUE   FROM    VALUE  DATE(S)
                                          NORMAL
................................................................
TEMPERATURE (F)
RECORD
 HIGH              98   06/19/1995
 LOW               36   06/09/1955
HIGHEST            85   06/28        89      -4       87  06/30
LOWEST             45   06/01        44       1       43  06/05
                                                          06/04
AVG. MAXIMUM     73.0              73.8    -0.8     74.1
AVG. MINIMUM     53.8              54.2    -0.4     52.1
MEAN             63.4              64.0    -0.6     63.1
DAYS MAX >= 90      0               0.7    -0.7        0
DAYS MAX <= 32      0               0.0     0.0        0
DAYS MIN <= 32      0               0.0     0.0        0
DAYS MIN <= 0       0               0.0     0.0        0

PRECIPITATION (INCHES)
RECORD
 MAXIMUM        10.32   1998
 MINIMUM         0.48   1979
TOTALS           5.37              3.56    1.81     2.81
DAILY AVG.       0.18              0.12    0.06     0.09
DAYS >= .01        13              12.9     0.1       10
DAYS >= .10         8               7.1     0.9        7
DAYS >= .50         5               2.1     2.9        1
DAYS >= 1.00        1               0.7     0.3        1
GREATEST
 24 HR. TOTAL    1.57   06/20 TO 06/21

DEGREE_DAYS
HEATING TOTAL      76                94     -18      105
 SINCE 7/1       7708              7420     288     7004
COOLING TOTAL      38                64     -26       55
 SINCE 1/1         38                73     -35       64
.................................................................

WIND (MPH)
AVERAGE WIND SPEED              6.2
HIGHEST WIND SPEED/DIRECTION    24/360    DATE  06/22
HIGHEST GUST SPEED/DIRECTION    35/020    DATE  06/22

SKY COVER
AVERAGE SKY COVER           0.50

AVERAGE RH (PERCENT)     72

-  INDICATES NEGATIVE NUMBERS.
R  INDICATES RECORD WAS SET OR TIED.
MM INDICATES DATA IS MISSING.
T  INDICATES TRACE AMOUNT.

&&

THE SPRING TREND THIS YEAR OF COOL, CLOUDY, AND FREQUENTLY WET
WEATHER CONTINUED INTO JUNE. AN ACTIVE JET STREAM KEPT NEW STORM
SYSTEMS MOVING NEAR THE REGION EVERY FEW DAYS, EACH BRINGING ANOTHER
ROUND OF RAINFALL. THE MOST SIGNIFICANT OF THESE CAME ON JUNE 20 AND
21 WHEN MORE THAN 1.5 INCHES OF RAIN FELL. SOME WARMER WEATHER WAS
OBSERVED IN THE LAST WEEK OF THE MONTH WHEN THE TEMPERATURE REACHED
80 DEGREES 3 TIMES.

THE AVERAGE TEMPERATURE FOR THE MONTH WAS 63.4 DEGREES WHICH WAS 0.6
DEGREES BELOW NORMAL. THE COOLEST JUNE WAS IN 1968 WHEN IT WAS ONLY
59.1 DEGREES. THE WARMEST WAS IN 1999 WHEN IT WAS 69.5 DEGREES.

A TOTAL OF 5.37 INCHES OF PRECIPITATION FELL WHICH WAS 1.81 INCHES
ABOVE NORMAL. THE HEAVIEST RAIN CAME ON JUNE 20 AND 21 WHEN 1.57
INCHES WAS RECORDED. THE WETTEST JUNE WAS IN 1998 WHEN 10.32 INCHES
FELL. THE DRIEST WAS IN 1979 WHEN ONLY 0.48 INCHES WAS MEASURED.


THE FOLLOWING RECORDS WERE SET OR TIED IN JUNE 2019...
DATE  RECORD                                PREVIOUS
20    1.56 - GREATEST PRECIPITATION         1.52 IN 1949

$$

KIMBLE
