000
CXUS51 KGYX 050903
CLMAUG

PWMCLMAUG 000
TTAA00 KGYX 030908


CLIMATE REPORT
NATIONAL WEATHER SERVICE GRAY ME
502 AM EDT SUN MAY 5 2019

...................................

...THE AUGUSTA CLIMATE SUMMARY FOR THE MONTH OF APRIL 2019...

CLIMATE NORMAL PERIOD 1981 TO 2010
CLIMATE RECORD PERIOD 1948 TO 2019

WEATHER         OBSERVED          NORMAL  DEPART  LAST YEAR`S
                 VALUE   DATE(S)  VALUE   FROM    VALUE  DATE(S)
                                          NORMAL
................................................................
TEMPERATURE (F)
RECORD
 HIGH              90   04/28/2009
                        04/27/1990
 LOW                9   04/04/1954
HIGHEST            70   04/13        75      -5       71  04/24
LOWEST             23   04/02        24      -1       19  04/06
AVG. MAXIMUM     51.5              53.1    -1.6     49.9
AVG. MINIMUM     35.4              34.6     0.8     32.7
MEAN             43.4              43.9    -0.5     41.3
DAYS MAX >= 90      0               0.0     0.0        0
DAYS MAX <= 32      1               0.3     0.7        1
DAYS MIN <= 32     12              10.3     1.7       15
DAYS MIN <= 0       0               0.0     0.0        0

PRECIPITATION (INCHES)
RECORD
 MAXIMUM         9.06   2005
 MINIMUM         0.33   1999
TOTALS           4.20              3.79    0.41     4.78
DAILY AVG.       0.14              0.13    0.01     0.16
DAYS >= .01        17              11.8     5.2       16
DAYS >= .10         8               6.9     1.1        8
DAYS >= .50         2               2.7    -0.7        3
DAYS >= 1.00        1               0.8     0.2        2
GREATEST
 24 HR. TOTAL    1.18   04/27

DEGREE_DAYS
HEATING TOTAL     641               635       6      703
 SINCE 7/1       7240              7004     236     6687
COOLING TOTAL       0                 0       0        0
 SINCE 1/1          0                 0       0        0
.................................................................

WIND (MPH)
AVERAGE WIND SPEED              8.3
HIGHEST WIND SPEED/DIRECTION    31/310    DATE  04/03
HIGHEST GUST SPEED/DIRECTION    47/310    DATE  04/03

SKY COVER
AVERAGE SKY COVER           0.60

AVERAGE RH (PERCENT)     70

-  INDICATES NEGATIVE NUMBERS.
R  INDICATES RECORD WAS SET OR TIED.
MM INDICATES DATA IS MISSING.
T  INDICATES TRACE AMOUNT.

&&

APRIL BEGAN WITH MANY COOL DAYS WITH RAIN AND SNOW SHOWERS. ALTHOUGH
A FEW BRIEF WARMER DAYS OCCURRED, THE COOL AND SHOWERY ONES WERE
MORE FREQUENT. IN FACT, SNOW WAS OBSERVED AT AUGUSTA ON 7 OUT OF 8
DAYS FROM APRIL 3 THROUGH 10. BUT THE PATTERN SHIFTED FOR THE MIDDLE
OF APRIL AS WARMER WEATHER ARRIVED. THE TEMPERATURE SOARED ALL THE
WAY TO 70 DEGREES ON APRIL 13. COOL AND SHOWERY WEATHER RETURNED TO
END THE MONTH, THOUGH. THE HEAVIEST RAIN FELL ON THE 26TH AND 27TH
WHEN 1.67 INCHES WAS MEASURED. THE FREQUENT RAINY WEATHER IS WHAT
WAS MOST MEMORABLE ABOUT THIS APRIL. MEASURABLE PRECIPITATION WAS
RECORDED ON 17 DAYS THIS MONTH WITH ANOTHER 4 RECORDING A TRACE.

THE AVERAGE TEMPERATURE FOR THE MONTH WAS 43.4 DEGREES WHICH WAS 0.5
DEGREES BELOW NORMAL. THE COOLEST APRIL WAS IN 1967 WHEN THE AVERAGE
TEMPERATURE WAS 40.1 DEGREES. THE WARMEST WAS 48.9 DEGREES IN 2010.

A TOTAL OF 4.20 INCHES OF PRECIPITATION FELL WHICH WAS 0.41 INCHES
ABOVE NORMAL. THIS MARKED THE 4TH OUT OF THE LAST 5 YEARS WITH ABOVE
NORMAL RAINFALL IN APRIL. THE WETTEST APRIL WAS IN 2005 WHEN 9.06
INCHES OF PRECIPITATION WAS MEASURED. THE DRIEST WAS IN 1999 WITH
ONLY 0.33 INCHES.

THE FOLLOWING RECORDS WERE SET OR TIED IN APRIL 2019...
DATE  RECORD                                PREVIOUS
20    54   - WARMEST LOW TEMPERATURE        51 IN 1976

$$

KIMBLE
