000
CXUS54 KEWX 011702
CLMAUS

CLIMATE REPORT
NATIONAL WEATHER SERVICE AUSTIN/SAN ANTONIO, TX
1202 PM CDT MON JUL 1 2019

................................................................

...THE AUSTIN BERGSTROM CLIMATE SUMMARY FOR THE MONTH OF JUNE 2019...

CLIMATE NORMAL PERIOD 1981 TO 2010
CLIMATE RECORD PERIOD 1943 TO 2019

WEATHER         OBSERVED          NORMAL  DEPART  LAST YEAR`S
                 VALUE   DATE(S)  VALUE   FROM    VALUE  DATE(S)
                                          NORMAL
................................................................
TEMPERATURE (F)
HIGHEST            98   06/08                        100  06/30
                                                          06/12
                                                          06/05
LOWEST             66   06/12                         68  06/15
AVG. MAXIMUM     92.4              92.2     0.2     96.7
AVG. MINIMUM     72.2              69.9     2.3     74.1
MEAN             82.3              81.0     1.3     85.4
DAYS MAX >= 90     25                                 28
DAYS MAX <= 32      0                                  0
DAYS MIN <= 32      0                                  0
DAYS MIN <= 0       0                                  0

PRECIPITATION (INCHES)
TOTALS           5.59              4.63    0.96     0.62
DAILY AVG.       0.19              0.15    0.04     0.02
DAYS >= .01        13                                  6
DAYS >= .10         9                                  3
DAYS >= .50         4                                  0
DAYS >= 1.00        2                                  0
GREATEST
 24 HR. TOTAL    1.27   06/27 TO 06/27

SNOWFALL (INCHES)
TOTALS              T                MM      MM      0.0
SINCE 7/1           T                MM      MM      1.3

DEGREE_DAYS
HEATING TOTAL       0                 0       0        0
 SINCE 7/1       1750              1903    -153     1705
COOLING TOTAL     527               481      46      621
 SINCE 1/1       1147               988     159     1295
.................................................................

WIND (MPH)
AVERAGE WIND SPEED              7.7
HIGHEST WIND SPEED/DIRECTION    45/060    DATE  06/09
HIGHEST GUST SPEED/DIRECTION    66/330    DATE  06/09

SKY COVER
POSSIBLE SUNSHINE (PERCENT)   MM
AVERAGE SKY COVER           0.50
NUMBER OF DAYS FAIR            5
NUMBER OF DAYS PC             24
NUMBER OF DAYS CLOUDY          1

AVERAGE RH (PERCENT)     71

WEATHER CONDITIONS. NUMBER OF DAYS WITH
THUNDERSTORM              9    MIXED PRECIP             0
HEAVY RAIN                4    RAIN                     9
LIGHT RAIN               14    FREEZING RAIN            0
LT FREEZING RAIN          0    HAIL                     1
HEAVY SNOW                0    SNOW                     0
LIGHT SNOW                0    SLEET                    0
FOG                      16    FOG W/VIS <= 1/4 MILE    2
HAZE                      0

-  INDICATES NEGATIVE NUMBERS.
R  INDICATES RECORD WAS SET OR TIED.
MM INDICATES DATA IS MISSING.
T  INDICATES TRACE AMOUNT.

&&

MONTHLY CLIMATE SUMMARY:
JUNE 2019 WAS THE 27TH WARMEST AND 11TH WETTEST JUNE
SINCE RECORD KEEPING BEGAN.

SEA LEVEL PRESSURE DATA:
HIGHEST SLP 30.21 ON THE 10TH
LOWEST SLP 29.66 ON THE 6TH

NOTES:
1/4TH INCH DIAMETER HAIL WAS OBSERVED FROM 327 PM TO
334 PM CDT ON JUNE 6TH.

PRELIMINARY LOCAL CLIMATOLOGICAL DATA (WS FORM: F-6)

                                          STATION:   AUSTIN BERGSTROM
                                          MONTH:     JUNE
                                          YEAR:      2019
                                          LATITUDE:   30 13 N
                                          LONGITUDE:  97 40 W

  TEMPERATURE IN F:       :PCPN:    SNOW:  WIND      :SUNSHINE: SKY     :PK WND
================================================================================
1   2   3   4   5  6A  6B    7    8   9   10  11  12  13   14  15   16   17  18
                                     12Z  AVG MX 2MIN
DY MAX MIN AVG DEP HDD CDD  WTR  SNW DPTH SPD SPD DIR MIN PSBL S-S WX    SPD DR
================================================================================

 1  92  75  84   5   0  19 0.00  0.0    0  4.6 13 150   M    M   7 1      24 100
 2  94  72  83   4   0  18 0.00  0.0    0  5.1 13 180   M    M   5        20 150
 3  94  72  83   4   0  18 0.00  0.0    0  6.9 15 130   M    M   7 12     19 150
 4  85  72  79  -1   0  14 0.43  0.0    0  3.5 20 130   M    M   7 13     26 120
 5  91  76  84   4   0  19 0.01  0.0    0  5.8 15  40   M    M   7 1      23  40
 6  94  69  82   2   0  17 1.05    T    0  5.1 31 310   M    M   4 135    47  60
 7  95  71  83   3   0  18 0.00  0.0    0  6.5 14  20   M    M   1        21 320
 8  98  69  84   4   0  19 0.00  0.0    0  3.1  9  30   M    M   0        12  30
 9  97  73  85   5   0  20 0.39  0.0    0  7.3 45  60   M    M   3 13     66 330
10  89  73  81   1   0  16 0.00  0.0    0 13.5 24  10   M    M   6        29  20
11  80  69  75  -6   0  10 0.05  0.0    0  5.1 13 360   M    M   7 1      16  20
12  90  66  78  -3   0  13 0.00  0.0    0  2.8 12  20   M    M   3        16  70
13  92  68  80  -1   0  15 0.00  0.0    0  5.6 12  50   M    M   1        17  90
14  92  68  80  -1   0  15 0.00  0.0    0 10.1 22 170   M    M   5        29 150
15  95  76  86   5   0  21 0.00  0.0    0 14.4 24 180   M    M   5        35 180
16  96  71  84   3   0  19 0.65  0.0    0 13.4 24  60   M    M   5 13     30  50
17  91  70  81   0   0  16 0.21  0.0    0  5.3 23 100   M    M   6 13     25 100
18  94  71  83   1   0  18    T  0.0    0  5.4 15 180   M    M   6        21 150
19  96  78  87   5   0  22 0.00  0.0    0 11.5 21 180   M    M   5        26 180
20  96  80  88   6   0  23 0.00  0.0    0 11.2 21 180   M    M   7 1      27 180
21  96  80  88   6   0  23 0.00  0.0    0 14.2 24 180   M    M   6        31 140
22  94  75  85   3   0  20 0.02  0.0    0 11.9 22 160   M    M   8 3      31 190
23  96  81  89   7   0  24 0.01  0.0    0 13.4 22 190   M    M   7 1      29 140
24  83  68  76  -6   0  11 0.55  0.0    0  8.6 38 140   M    M   7 13     43 140
25  93  70  82   0   0  17    T  0.0    0  7.1 29 150   M    M   4        34 150
26  92  69  81  -1   0  16 0.00  0.0    0  6.0 31 140   M    M   6        36 130
27  94  71  83   1   0  18 1.27  0.0    0  5.3 35 150   M    M   6 13     42 150
28  93  73  83   1   0  18 0.00  0.0    0  4.9 15 210   M    M   5 12     22 110
29  94  70  82   0   0  17 0.48  0.0    0  6.4 32  20   M    M   4 13     39  20
30  87  69  78  -4   0  13 0.47  0.0    0  5.9 14  40   M    M   7 1      17 260
================================================================================
SM 2773 2165         0 527  5.59    T    229.9          M      157
================================================================================
AV 92.4 72.2                               7.7 FASTST   M    M   5    MAX(MPH)
                                 MISC ---->  # 45  60               # 66  330
================================================================================
NOTES:
# LAST OF SEVERAL OCCURRENCES
COLUMN 17 PEAK WIND IN M.P.H.

SYMBOLS USED IN COLUMN 16:
1 = FOG OR MIST
2 = FOG REDUCING VISIBILITY TO 1/4 MILE OR LESS
3 = THUNDER
4 = ICE PELLETS
5 = HAIL
6 = FREEZING RAIN OR DRIZZLE
7 = DUSTSTORM OR SANDSTORM
8 = SMOKE OR HAZE
9 = BLOWING SNOW
X = TORNADO

$$
