000
CXUS54 KEWX 031954
CLMAUS

CLIMATE REPORT
NATIONAL WEATHER SERVICE AUSTIN/SAN ANTONIO, TX
255 PM CDT FRI MAY 3 2019

...................................

...THE AUSTIN BERGSTROM CLIMATE SUMMARY FOR THE MONTH OF APRIL 2019...

CLIMATE NORMAL PERIOD 1981 TO 2010
CLIMATE RECORD PERIOD 1943 TO 2019

WEATHER         OBSERVED          NORMAL  DEPART  LAST YEAR`S
                 VALUE   DATE(S)  VALUE   FROM    VALUE  DATE(S)
                                          NORMAL
................................................................
TEMPERATURE (F)
HIGHEST            93   04/10                         87  04/25
LOWEST             32   04/02                         40  04/15
AVG. MAXIMUM     80.7              79.8     0.9     78.4
AVG. MINIMUM     55.7              54.7     1.0     51.3
MEAN             68.2              67.3     0.9     64.8
DAYS MAX >= 90      2                                  0
DAYS MAX <= 32      0                                  0
DAYS MIN <= 32      1                                  0
DAYS MIN <= 0       0                                  0

PRECIPITATION (INCHES)
TOTALS           5.59              2.27    3.32     0.97
DAILY AVG.       0.19              0.08    0.11     0.03
DAYS >= .01         8                                  5
DAYS >= .10         6                                  4
DAYS >= .50         4                                  0
DAYS >= 1.00        3                                  0
GREATEST
 24 HR. TOTAL    1.88   04/24 TO 04/24

SNOWFALL (INCHES)
TOTALS              T                MM      MM      0.0
SINCE 7/1           T                MM      MM      1.3

DEGREE_DAYS
HEATING TOTAL      44                63     -19       72
 SINCE 7/1       1746              1900    -154     1705
COOLING TOTAL     146               130      16       76
 SINCE 1/1        226               188      38      226
.................................................................

WIND (MPH)
AVERAGE WIND SPEED              9.0
HIGHEST WIND SPEED/DIRECTION    35/010    DATE  04/07
HIGHEST GUST SPEED/DIRECTION    44/320    DATE  04/13

SKY COVER
POSSIBLE SUNSHINE (PERCENT)   MM
AVERAGE SKY COVER           0.50
NUMBER OF DAYS FAIR           10
NUMBER OF DAYS PC             10
NUMBER OF DAYS CLOUDY         10

AVERAGE RH (PERCENT)     68

WEATHER CONDITIONS. NUMBER OF DAYS WITH
THUNDERSTORM              6    MIXED PRECIP             0
HEAVY RAIN                4    RAIN                     6
LIGHT RAIN               12    FREEZING RAIN            0
LT FREEZING RAIN          0    HAIL                     1
HEAVY SNOW                0    SNOW                     0
LIGHT SNOW                0    SLEET                    0
FOG                      13    FOG W/VIS <= 1/4 MILE    1
HAZE                      4

-  INDICATES NEGATIVE NUMBERS.
R  INDICATES RECORD WAS SET OR TIED.
MM INDICATES DATA IS MISSING.
T  INDICATES TRACE AMOUNT.

&&

MONTHLY CLIMATE SUMMARY:
APRIL 2019 WAS THE 32ND COLDEST AND 7TH WETTEST APRIL
SINCE RECORD KEEPING BEGAN.

SEA LEVEL PRESSURE:
HIGHEST SLP 30.33 ON THE 1ST.
LOWEST SLP 29.47 ON THE 11TH.

REMARKS:
1/4TH INCH DIAMETER HAIL WAS OBSERVED BETWEEN 1134 AM AND 1144 AM
ON THE 13TH.

PRELIMINARY LOCAL CLIMATOLOGICAL DATA (WS FORM: F-6)

                                          STATION:   AUSTIN BERGSTROM
                                          MONTH:     APRIL
                                          YEAR:      2019
                                          LATITUDE:   30 13 N
                                          LONGITUDE:  97 40 W

  TEMPERATURE IN F:       :PCPN:    SNOW:  WIND      :SUNSHINE: SKY     :PK WND
================================================================================
1   2   3   4   5  6A  6B    7    8   9   10  11  12  13   14  15   16   17  18
                                     12Z  AVG MX 2MIN
DY MAX MIN AVG DEP HDD CDD  WTR  SNW DPTH SPD SPD DIR MIN PSBL S-S WX    SPD DR
================================================================================

 1  61  34  48 -16  17   0    T  0.0    0  4.3 10  60   M    M   6        14  70
 2  74  32  53 -11  12   0 0.00  0.0    0  6.3 16 120   M    M   6        20 150
 3  71  53  62  -2   3   0 0.01  0.0    0 10.3 23 140   M    M  10 1      27 150
 4  91  63  77  13   0  12 0.04  0.0    0  6.8 15 200   M    M   6 1      19 200
 5  83  56  70   5   0   5 0.00  0.0    0  5.0 15 130   M    M   7 18     22 120
 6  73  64  69   4   0   4 0.75  0.0    0  5.4 13  60   M    M  10 13     16  70
 7  73  64  69   4   0   4 1.18  0.0    0 10.5 35  10   M    M   9 13     43 360
 8  88  60  74   9   0   9    T  0.0    0  6.6 23  10   M    M   3        27  20
 9  89  52  71   5   0   6 0.00  0.0    0  3.6 12 140   M    M   1        20 110
10  93  51  72   6   0   7 0.00  0.0    0 11.6 29 180   M    M   2        38 180
11  83  57  70   4   0   5 0.00  0.0    0  6.2 25  30   M    M   5        30  30
12  80  51  66   0   0   1    T  0.0    0  9.6 15  70   M    M   6        23  50
13  72  50  61  -6   4   0 1.09    T    0 12.0 32 300   M    M   7 135    44 320
14  76  48  62  -5   3   0 0.00  0.0    0  8.6 26 330   M    M   1        39 320
15  81  45  63  -4   2   0 0.00  0.0    0 10.3 21 190   M    M   3        26 180
16  83  63  73   6   0   8 0.00  0.0    0 13.4 25 170   M    M   8        35 180
17  84  63  74   6   0   9 0.18  0.0    0 13.7 30 330   M    M   9 138    43 330
18  77  56  67  -1   0   2 0.46  0.0    0 12.0 31 350   M    M   5 13     42 360
19  76  49  63  -5   2   0 0.00  0.0    0  9.7 25 360   M    M   2        32 360
20  82  46  64  -4   1   0 0.00  0.0    0  7.3 17 180   M    M   1        26 190
21  84  50  67  -2   0   2 0.00  0.0    0 12.7 24 150   M    M   4 12     31 170
22  81  68  75   6   0  10 0.00  0.0    0 11.5 21 140   M    M   8        27 140
23  80  68  74   5   0   9    T  0.0    0  9.4 21 130   M    M   9        26 140
24  72  58  65  -4   0   0 1.88  0.0    0  7.6 24  10   M    M   9 13     31 350
25  88  53  71   1   0   6 0.00  0.0    0  4.9 17 350   M    M   1        24 350
26  81  59  70   0   0   5 0.00  0.0    0  6.6 20  30   M    M   1        23  20
27  85  53  69  -1   0   4 0.00  0.0    0  9.1 23 190   M    M   2        29 190
28  86  62  74   4   0   9 0.00  0.0    0  8.9 20 140   M    M   4 1      26 150
29  86  68  77   6   0  12 0.00  0.0    0 11.9 20 140   M    M   9 18     25 160
30  87  76  82  11   0  17    T  0.0    0 15.2 28 160   M    M   9 18     37 140
================================================================================
SM 2420 1672        44 146  5.59    T    271.0          M      163
================================================================================
AV 80.7 55.7                               9.0 FASTST   M    M   5    MAX(MPH)
                                 MISC ---->  # 35  10               # 44  320
================================================================================
NOTES:
# LAST OF SEVERAL OCCURRENCES
COLUMN 17 PEAK WIND IN M.P.H.

SYMBOLS USED IN COLUMN 16
1 = FOG OR MIST
2 = FOG REDUCING VISIBILITY TO 1/4 MILE OR LESS
3 = THUNDER
4 = ICE PELLETS
5 = HAIL
6 = FREEZING RAIN OR DRIZZLE
7 = DUSTSTORM OR SANDSTORM
8 = SMOKE OR HAZE
9 = BLOWING SNOW
X = TORNADO

$$
