000
CXUS53 KGRB 010908
CLMAUW


CLIMATE REPORT
NATIONAL WEATHER SERVICE GREEN BAY
400 AM CDT WED MAY 1 2019

...................................

...THE WAUSAU WI CLIMATE SUMMARY FOR THE MONTH OF APRIL 2019...

CLIMATE NORMAL PERIOD 1981 TO 2010
CLIMATE RECORD PERIOD 1896 TO 2019

WEATHER         OBSERVED          NORMAL  DEPART  LAST YEAR`S
                 VALUE   DATE(S)  VALUE   FROM    VALUE  DATE(S)
                                          NORMAL
................................................................
TEMPERATURE (F)
RECORD
 HIGH              91   04/29/1952
                        04/28/1952
 LOW                4   04/08/2018
                        04/04/1995
                        04/03/1954
HIGHEST            78   04/21        76       2       76  04/30
LOWEST             21   04/15        17       4        4  04/08
                        04/01
AVG. MAXIMUM     50.9              54.8    -3.9     43.7
AVG. MINIMUM     32.6              33.3    -0.7     22.6
MEAN             41.8              44.1    -2.3     33.1
DAYS MAX >= 90      0               0.0     0.0        0
DAYS MAX <= 32      1               0.6     0.4        8
DAYS MIN <= 32     16              13.3     2.7       27
DAYS MIN <= 0       0               0.0     0.0        0

PRECIPITATION (INCHES)
RECORD
 MAXIMUM         6.06   1954
 MINIMUM         0.34   1946
TOTALS           4.69              2.73    1.96     3.23
DAILY AVG.       0.16              0.09    0.07     0.11
DAYS >= .01        13              11.5     1.5       12
DAYS >= .10         6               6.6    -0.6        8
DAYS >= .50         2               1.6     0.4
DAYS >= 1.00        2               0.4     1.6        0
GREATEST
 STORM TOTAL       MM
 (MM/DD(HH))            MM

SNOWFALL (INCHES)
RECORDS
 TOTAL           34.5   2018
 24 HR TOTAL      9.3   04/03/2018 TO 04/03/2018
TOTALS           13.1               4.1     9.0     34.5
SINCE 7/1        96.4              59.4    37.0     89.2
DAYS >= TRACE       9               2.8     6.2
DAYS >= 1.0         2               1.3     0.7        6
GREATEST
 SNOW DEPTH         7   04/11                         17  04/15
 24 HR TOTAL     11.6R  04/11 TO 04/11

DEGREE_DAYS
HEATING TOTAL     690               631      59      948
 SINCE 7/1       8277              7852     425     8162
COOLING TOTAL       0                 2      -2        0
 SINCE 1/1          0                 2      -2        0
.................................................................

WIND (MPH)
AVERAGE WIND SPEED              8.7
HIGHEST WIND SPEED/DIRECTION    33/270    DATE  04/02
HIGHEST GUST SPEED/DIRECTION    49/300    DATE  04/02

SKY COVER
POSSIBLE SUNSHINE (PERCENT)   MM
AVERAGE SKY COVER           0.60
NUMBER OF DAYS FAIR           11
NUMBER OF DAYS PC              4
NUMBER OF DAYS CLOUDY         13

AVERAGE RH (PERCENT)     67

-  INDICATES NEGATIVE NUMBERS.
R  INDICATES RECORD WAS SET OR TIED.
MM INDICATES DATA IS MISSING.
T  INDICATES TRACE AMOUNT.

$$
