000
CXUS53 KGRB 010639
CLMAUW


CLIMATE REPORT
NATIONAL WEATHER SERVICE GREEN BAY
137 AM CDT MON JUL 1 2019

...................................

...THE WAUSAU WI CLIMATE SUMMARY FOR THE MONTH OF JUNE 2019...

CLIMATE NORMAL PERIOD 1981 TO 2010
CLIMATE RECORD PERIOD 1896 TO 2019

WEATHER         OBSERVED          NORMAL  DEPART  LAST YEAR`S
                 VALUE   DATE(S)  VALUE   FROM    VALUE  DATE(S)
                                          NORMAL
................................................................
TEMPERATURE (F)
RECORD
 HIGH             100   06/27/1933
                        06/30/1931
                        06/29/1931
 LOW               30   06/07/1924
HIGHEST            87   06/29        90      -3       95  06/29
LOWEST             42   06/03        41       1       48  06/06
                                                          06/04
AVG. MAXIMUM     74.2              75.8    -1.6     78.0
AVG. MINIMUM     53.3              53.9    -0.6     57.0
MEAN             63.8              64.9    -1.1     67.5
DAYS MAX >= 90      0               1.1    -1.1        3
DAYS MAX <= 32      0               0.0     0.0        0
DAYS MIN <= 32      0               0.0     0.0        0
DAYS MIN <= 0       0               0.0     0.0        0

PRECIPITATION (INCHES)
RECORD
 MAXIMUM         9.61   1930
 MINIMUM         0.52   1976
TOTALS           4.39              4.31    0.08     5.07
DAILY AVG.       0.15              0.14    0.01     0.17
DAYS >= .01        15              12.2     2.8        9
DAYS >= .10        10               7.5     2.5        6
DAYS >= .50         4               2.8     1.2
DAYS >= 1.00        1               1.0     0.0        1
GREATEST
 STORM TOTAL       MM
 (MM/DD(HH))            MM

SNOWFALL (INCHES)
RECORDS
 TOTAL            0.0   MM
 24 HR TOTAL        T   MM
TOTALS            0.0               0.0     0.0      0.0
SINCE 7/1        96.8              59.6    37.2     89.2
DAYS >= TRACE       0               0.0     0.0
DAYS >= 1.0         0               0.0     0.0        0
GREATEST
 SNOW DEPTH         0   MM                             0  MM
 24 HR TOTAL      0.0   06/30 TO 06/30

DEGREE_DAYS
HEATING TOTAL      85                89      -4       30
 SINCE 7/1       8752              8249     503     8323
COOLING TOTAL      55                85     -30      111
 SINCE 1/1         60               104     -44      196
.................................................................

WIND (MPH)
AVERAGE WIND SPEED              6.7
HIGHEST WIND SPEED/DIRECTION    32/320    DATE  06/10
HIGHEST GUST SPEED/DIRECTION    55/340    DATE  06/10

SKY COVER
POSSIBLE SUNSHINE (PERCENT)   MM
AVERAGE SKY COVER           0.40
NUMBER OF DAYS FAIR           17
NUMBER OF DAYS PC             10
NUMBER OF DAYS CLOUDY          3

AVERAGE RH (PERCENT)     69

-  INDICATES NEGATIVE NUMBERS.
R  INDICATES RECORD WAS SET OR TIED.
MM INDICATES DATA IS MISSING.
T  INDICATES TRACE AMOUNT.

$$
