000
CXUS53 KGRR 011149
CLMAZO


CLIMATE REPORT
NATIONAL WEATHER SERVICE GRAND RAPIDS, MI
747 AM EDT WED MAY 1 2019

...................................

...THE KALAMAZOO CLIMATE SUMMARY FOR THE MONTH OF APRIL 2019...

CLIMATE NORMAL PERIOD 1981 TO 2010
CLIMATE RECORD PERIOD 1998 TO 2019

WEATHER         OBSERVED          NORMAL  DEPART  LAST YEAR`S
                 VALUE   DATE(S)  VALUE   FROM    VALUE  DATE(S)
                                          NORMAL
................................................................
TEMPERATURE (F)
RECORD
 HIGH              89   04/30/1942
                        04/26/1915
 LOW                6   04/02/1896
HIGHEST            76   04/22        MM      MM       75  04/23
LOWEST             20   04/01        MM      MM       18  04/08
AVG. MAXIMUM     58.5              59.7    -1.2     51.6
AVG. MINIMUM     38.6              38.2     0.4     31.8
MEAN             48.5              48.9    -0.4     41.7
DAYS MAX >= 90      0               0.0     0.0        0
DAYS MAX <= 32      0               0.4    -0.4        0
DAYS MIN <= 32      3               7.4    -4.4       18
DAYS MIN <= 0       0               0.0     0.0        0

PRECIPITATION (INCHES)
RECORD
 MAXIMUM           MM   MM
TOTALS           3.90              3.08    0.82     2.43
DAILY AVG.       0.13              0.10    0.03     0.08
DAYS >= .01        14                MM      MM       14
DAYS >= .10         7                MM      MM        6
DAYS >= .50         4                MM      MM        2
DAYS >= 1.00        0                MM      MM        0
GREATEST
 24 HR. TOTAL    0.78   04/29 TO 04/29

DEGREE_DAYS
HEATING TOTAL     487               486       1      692
 SINCE 7/1       6239              6143      96     6167
COOLING TOTAL       0                 4      -4        0
 SINCE 1/1          0                 4      -4        0
.................................................................

WIND (MPH)
AVERAGE WIND SPEED              9.4
RESULTANT WIND SPEED/DIRECTION   1/280
HIGHEST WIND SPEED/DIRECTION    35/320    DATE  04/26
HIGHEST GUST SPEED/DIRECTION    47/290    DATE  04/26

SKY COVER
POSSIBLE SUNSHINE (PERCENT)   MM
AVERAGE SKY COVER           0.50
NUMBER OF DAYS FAIR           10
NUMBER OF DAYS PC             12
NUMBER OF DAYS CLOUDY          8

AVERAGE RH (PERCENT)     64

WEATHER CONDITIONS. NUMBER OF DAYS WITH
  0
  6
  0
  0
  3
  0
  2
HAZE                      3

-  INDICATES NEGATIVE NUMBERS.
R  INDICATES RECORD WAS SET OR TIED.
MM INDICATES DATA IS MISSING.
T  INDICATES TRACE AMOUNT.

$$
