000
CXUS51 KBOX 020613
CLMBDL


CLIMATE REPORT
NATIONAL WEATHER SERVICE BOSTON/NORTON MA
206 AM EDT TUE JUL 2 2019

...................................

...THE HARTFORD CT CLIMATE SUMMARY FOR THE MONTH OF JUNE 2019...

CLIMATE NORMAL PERIOD 1981 TO 2010
CLIMATE RECORD PERIOD 1904 TO 2019

WEATHER         OBSERVED          NORMAL  DEPART
                 VALUE   DATE(S)  VALUE   FROM
                                          NORMAL
................................................
TEMPERATURE (F)
RECORD
 HIGH             100   06/30/1964
                        06/26/1952
 LOW               37   06/03/1986
                        06/06/1964
HIGHEST            92   06/28
LOWEST             48   06/04
AVG. MAXIMUM     79.9              79.6     0.3
AVG. MINIMUM     58.8              57.3     1.5
MEAN             69.4              68.5     0.9
DAYS MAX >= 90      2               2.9    -0.9
DAYS MAX <= 32      0               0.0     0.0
DAYS MIN <= 32      0               0.0     0.0
DAYS MIN <= 0       0               0.0     0.0

PRECIPITATION (INCHES)
RECORD
 MAXIMUM        13.60   1982
 MINIMUM         0.66   1912
TOTALS           2.24              4.35   -2.11
DAYS >= .01        12              12.2    -0.2
DAYS >= .10        10               7.0     3.0
DAYS >= .50         0               2.6    -2.6
DAYS >= 1.00        0               1.1    -1.1
GREATEST
 24 HR. TOTAL    0.78   06/10 TO 06/11

SNOWFALL (INCHES)
RECORDS
 TOTAL            0.0
 SNOW DEPTH         0
TOTALS            0.0               0.0     0.0
SINCE 7/1        40.1              40.5    -0.4
SNOWDEPTH AVG.      0
GREATEST
 SNOW DEPTH         0
 24 HR TOTAL      0.0   06/30 TO 06/30

DEGREE_DAYS
HEATING TOTAL      18                40     -22
 SINCE 7/1       5903              5998     -95
COOLING TOTAL     155               144      11
 SINCE 1/1        193               183      10
.................................................

WIND (MPH)
AVERAGE WIND SPEED              7.0
RESULTANT WIND SPEED/DIRECTION   2/253
HIGHEST WIND SPEED/DIRECTION    25/250    DATE  06/03
HIGHEST GUST SPEED/DIRECTION    38/260    DATE  06/03

SKY COVER
POSSIBLE SUNSHINE (PERCENT)   MM
AVERAGE SKY COVER           0.70
NUMBER OF DAYS FAIR            4
NUMBER OF DAYS PC             14
NUMBER OF DAYS CLOUDY         12

AVERAGE RH (PERCENT)     64

WEATHER CONDITIONS. NUMBER OF DAYS WITH
THUNDERSTORM              3     MIXED PRECIP               0
HEAVY RAIN                1     RAIN                       4
LIGHT RAIN               15     FREEZING RAIN              0
LT FREEZING RAIN          0     HAIL                       0
HEAVY SNOW                0     SNOW                       0
LIGHT SNOW                0     SLEET                      0
FOG                      13     FOG W/VIS <= 1/4 MILE      3
HAZE                      3

-  INDICATES NEGATIVE NUMBERS.
R  INDICATES RECORD WAS SET OR TIED.
MM INDICATES DATA IS MISSING.
T  INDICATES TRACE AMOUNT.

$$

SIPPRELL
