000
CXUS51 KOKX 011532
CLMBDR

CLIMATE REPORT
NATIONAL WEATHER SERVICE NEW YORK NY
1129 AM EDT WED MAY 1 2019



...THE BRIDGEPORT CT CLIMATE SUMMARY FOR THE MONTH OF APRIL 2019...

CLIMATE NORMAL PERIOD 1981 TO 2010
CLIMATE RECORD PERIOD 1948 TO 2019

WEATHER         OBSERVED          NORMAL  DEPART  LAST YEAR`S
                 VALUE   DATE(S)  VALUE   FROM    VALUE  DATE(S)
                                          NORMAL
................................................................
TEMPERATURE (F)
RECORD
 HIGH              91   04/28/1990
 LOW               18   04/07/1982
HIGHEST            70   04/23        MM      MM       72  04/13
LOWEST             29   04/02        MM      MM       26  04/11
AVG. MAXIMUM     59.0              57.7     1.3     54.0
AVG. MINIMUM     43.3              41.0     2.3     37.7
MEAN             51.2              49.3     1.9     45.8
DAYS MAX >= 90      0               0.0     0.0        0
DAYS MAX <= 32      0               0.0     0.0        0
DAYS MIN <= 32      2               2.1    -0.1        7
DAYS MIN <= 0       0               0.0     0.0        0

PRECIPITATION (INCHES)
RECORD
 MAXIMUM        10.72   1983
 MINIMUM         0.69   1985
TOTALS           5.85              4.13    1.72     4.82
DAILY AVG.       0.19              0.14    0.05     0.16
DAYS >= .01        19              11.0     8.0       13
DAYS >= .10         9               6.9     2.1        7
DAYS >= .50         6               2.2     3.8        2
DAYS >= 1.00        1               1.0     0.0        1
GREATEST
 24 HR. TOTAL    1.35   04/26 TO 04/26           04/16 TO 04/16
                                                          04/02 TO 04/02EATHER         OBSERVED          NORMAL  DEPART  LAST YEAR`S
                                                          04/02 TO 04/02EATHER         OBSERVED          NORMAL  DEPART  LAST YEAR`S
 STORM TOTAL       MM                                 MM
 (MM/DD(HH))            MM                    04/16(00) TO 04/16(00)
                                                 04/02(00) TO 04/02(00)2EATHER         OBSERVED          NORMAL  DEPART  LAST YEAR`S
                                                 04/02(00) TO 04/02(00)2EATHER         OBSERVED          NORMAL  DEPART  LAST YEAR`S

SNOWFALL (INCHES)
TOTALS            0.0               0.9    -0.9      6.0
 LIQUID EQUIV    0.00              0.10   -0.10     0.60
SINCE 7/1        24.6              27.6    -3.0     45.9
 LIQUID 7/1      2.46              2.80   -0.34     4.59
SNOWDEPTH AVG.      0                MM      MM        0
DAYS >= TRACE       0               0.3    -0.3        2
DAYS >= 1.0         0               0.3    -0.3        1
GREATEST
 SNOW DEPTH         0   MM                             4  04/02
 24 HR TOTAL      0.0   04/30 TO 04/30           04/02 TO 04/02
                                                          04/02 TO 04/02EATHER         OBSERVED          NORMAL  DEPART  LAST YEAR`S
                                                          04/02 TO 04/02EATHER         OBSERVED          NORMAL  DEPART  LAST YEAR`S
 STORM TOTAL       MM                                 MM
 (MM/DD(HH))            MM                    04/02(00) TO 04/02(00)
                                                 04/02(00) TO 04/02(00)2EATHER         OBSERVED          NORMAL  DEPART  LAST YEAR`S
                                                 04/02(00) TO 04/02(00)2EATHER         OBSERVED          NORMAL  DEPART  LAST YEAR`S

DEGREE_DAYS
HEATING TOTAL     406               471     -65      567
 SINCE 7/1       4939              5155    -216     4953
COOLING TOTAL       0                 2      -2        0
 SINCE 1/1          0                 2      -2        0
.................................................................

WIND (MPH)
AVERAGE WIND SPEED              9.4
HIGHEST WIND SPEED/DIRECTION    35/290    DATE  04/15
HIGHEST GUST SPEED/DIRECTION    56/200    DATE  04/15


WEATHER CONDITIONS. NUMBER OF DAYS WITH
THUNDERSTORM              2     MIXED PRECIP               0
HEAVY RAIN                7     RAIN                      13
LIGHT RAIN               21     FREEZING RAIN              0
LT FREEZING RAIN          0     HAIL                       0
HEAVY SNOW                0     SNOW                       0
LIGHT SNOW                0     SLEET                      0
FOG                      17     FOG W/VIS <= 1/4 MILE      2
HAZE                      2

-  INDICATES NEGATIVE NUMBERS.
R  INDICATES RECORD WAS SET OR TIED.
MM INDICATES DATA IS MISSING.
T  INDICATES TRACE AMOUNT.

$$
