000
CXUS51 KOKX 011456
CLMBDR

CLIMATE REPORT
NATIONAL WEATHER SERVICE NEW YORK NY
1050 AM EDT THU AUG 1 2019

...THE BRIDGEPORT CT CLIMATE SUMMARY FOR THE MONTH OF JULY 2019...

CLIMATE NORMAL PERIOD 1981 TO 2010
CLIMATE RECORD PERIOD 1948 TO 2019

WEATHER         OBSERVED          NORMAL  DEPART  LAST YEAR`S
                 VALUE   DATE(S)  VALUE   FROM    VALUE  DATE(S)
                                          NORMAL
................................................................
TEMPERATURE (F)
RECORD
 HIGH             103   07/22/1957
 LOW               49   07/01/1988
HIGHEST            99   07/21        MM      MM       92  07/10
                                                          07/01
LOWEST             64   07/25        MM      MM       59  07/08
                        07/01                             07/07
AVG. MAXIMUM     86.8              82.2     4.6     83.6
AVG. MINIMUM     69.8              66.4     3.4     68.7
MEAN             78.3              74.3     4.0     76.1
DAYS MAX >= 90      9               3.0     6.0        3
DAYS MAX <= 32      0               0.0     0.0        0
DAYS MIN <= 32      0               0.0     0.0        0
DAYS MIN <= 0       0               0.0     0.0        0

PRECIPITATION (INCHES)
RECORD
 MAXIMUM        21.60   2016
 MINIMUM         0.47   1979
TOTALS           7.57              3.46    4.11     4.08
DAILY AVG.       0.24              0.11    0.13     0.13
DAYS >= .01         8               8.9    -0.9        9
DAYS >= .10         6               5.8     0.2        4
DAYS >= .50         5               2.2     2.8        3
DAYS >= 1.00        2               1.0     1.0        1
GREATEST
 24 HR. TOTAL    2.74   07/18 TO 07/18           07/17 TO 07/17
                                                          07/31 TO 07/31EATHER         OBSERVED          NORMAL  DEPART  LAST YEAR`S
                                                          07/31 TO 07/31EATHER         OBSERVED          NORMAL  DEPART  LAST YEAR`S
 STORM TOTAL       MM                                 MM
 (MM/DD(HH))            MM                    07/17(00) TO 07/17(00)
                                                 07/31(00) TO 07/31(00)1EATHER         OBSERVED          NORMAL  DEPART  LAST YEAR`S
                                                 07/31(00) TO 07/31(00)1EATHER         OBSERVED          NORMAL  DEPART  LAST YEAR`S

DEGREE_DAYS
HEATING TOTAL       0                 1      -1        0
 SINCE 7/1          0                 1      -1        0
COOLING TOTAL     420               289     131      353
 SINCE 1/1        605               456     149      545
.................................................................

WIND (MPH)
AVERAGE WIND SPEED              6.5
HIGHEST WIND SPEED/DIRECTION    25/200    DATE  07/17
HIGHEST GUST SPEED/DIRECTION    32/210    DATE  07/17


WEATHER CONDITIONS. NUMBER OF DAYS WITH
THUNDERSTORM              6     MIXED PRECIP               0
HEAVY RAIN                8     RAIN                       7
LIGHT RAIN               11     FREEZING RAIN              0
LT FREEZING RAIN          0     HAIL                       0
HEAVY SNOW                0     SNOW                       0
LIGHT SNOW                0     SLEET                      0
FOG                      12     FOG W/VIS <= 1/4 MILE      0
HAZE                      3

-  INDICATES NEGATIVE NUMBERS.
R  INDICATES RECORD WAS SET OR TIED.
MM INDICATES DATA IS MISSING.
T  INDICATES TRACE AMOUNT.

$$
