000
CXAK58 PABE 011343
CLMBET

CLIMATE REPORT
NATIONAL WEATHER SERVICE ANCHORAGE, AK
513 AM AKDT MON JUL 1 2019

...................................

...THE BETHEL CLIMATE SUMMARY FOR THE MONTH OF JUNE 2019...

CLIMATE NORMAL PERIOD 1981 TO 2010
CLIMATE RECORD PERIOD 1948 TO 2019

WEATHER         OBSERVED          NORMAL  DEPART  LAST YEAR`S
                 VALUE   DATE(S)  VALUE   FROM    VALUE  DATE(S)
                                          NORMAL
................................................................
TEMPERATURE (F)
RECORD
 HIGH              90   MM
 LOW               11   06/16/2017
HIGHEST            75                MM      MM       73
LOWEST             40                MM      MM       35
AVG. MAXIMUM     66.5              61.1     5.4     62.8
AVG. MINIMUM     49.0              43.8     5.2     45.2
MEAN             57.8              52.5     5.3     54.0
DAYS MAX >= 90      0               0.0     0.0        0
DAYS MAX <= 32      0               0.0     0.0        0
DAYS MIN <= 32      0               0.4    -0.4        0
DAYS MIN <= 0       0               0.0     0.0        0

PRECIPITATION (INCHES)
RECORD
 MAXIMUM           MM   MM
 MINIMUM           MM   MM
TOTALS           1.38              1.72   -0.34     3.26
DAILY AVG.       0.05              0.06   -0.01     0.11
DAYS >= .01         6              13.2    -7.2       14
DAYS >= .10         4               5.6    -1.6        7
DAYS >= .50         1               0.5     0.5        2
DAYS >= 1.00        0               0.1    -0.1        1
GREATEST
 24 HR. TOTAL    0.82   06/01 TO 06/01           06/30 TO 06/30
                                                          06/30 TO 06/30EATHER         OBSERVED          NORMAL  DEPART  LAST YEAR`S
                                                          06/30 TO 06/30EATHER         OBSERVED          NORMAL  DEPART  LAST YEAR`S
 STORM TOTAL       MM                                 MM
 (MM/DD(HH))            MM                    06/30(00) TO 06/30(00)
                                                 06/30(00) TO 06/30(00)0EATHER         OBSERVED          NORMAL  DEPART  LAST YEAR`S
                                                 06/30(00) TO 06/30(00)0EATHER         OBSERVED          NORMAL  DEPART  LAST YEAR`S

SNOWFALL (INCHES)
RECORDS
 TOTAL             MM   MM
 24 HR TOTAL       MM
 SNOW DEPTH        MM   MM
TOTALS             MM                 T      MM      0.0
SINCE 7/1         0.4              61.8   -61.4     40.4
SNOWDEPTH AVG.     MM                MM      MM        0
DAYS >= TRACE       0               0.1    -0.1        0
DAYS >= 1.0         0               0.0     0.0
GREATEST
 SNOW DEPTH        MM                                  0  MM
 24 HR TOTAL       MM                            06/30 TO 06/30
                                                          06/30 TO 06/30EATHER         OBSERVED          NORMAL  DEPART  LAST YEAR`S
                                                          06/30 TO 06/30EATHER         OBSERVED          NORMAL  DEPART  LAST YEAR`S
 STORM TOTAL       MM                                 MM
 (MM/DD(HH))            MM

DEGREE_DAYS
HEATING TOTAL     161               378    -217      326
 SINCE 7/1      10035             12519   -2484    10532
COOLING TOTAL       0                 1      -1        0
 SINCE 1/1          0                 1      -1        0

FREEZE DATES
RECORD
 EARLIEST     MM
 LATEST       MM
EARLIEST                        MM
LATEST                          MM
.................................................................

WIND (MPH)
AVERAGE WIND SPEED              9.5
RESULTANT WIND SPEED/DIRECTION   4/294
HIGHEST WIND SPEED/DIRECTION    29/360    DATE  06/16
HIGHEST GUST SPEED/DIRECTION    35/340    DATE  06/16

SKY COVER
POSSIBLE SUNSHINE (PERCENT)   MM
AVERAGE SKY COVER           0.60
NUMBER OF DAYS FAIR            3
NUMBER OF DAYS PC             19
NUMBER OF DAYS CLOUDY          8

AVERAGE RH (PERCENT)     71

WEATHER CONDITIONS. NUMBER OF DAYS WITH
THUNDERSTORM              2  MIXED PRECIP               0
HEAVY RAIN                1  RAIN                       2
LIGHT RAIN                9  FREEZING RAIN              0
LT FREEZING RAIN          0  HAIL                       0
HEAVY SNOW                0  SNOW                       0
LIGHT SNOW                0  SLEET                      0
FOG                      15  FOG W/VIS <= 1/4 MILE      6
HAZE                      6

-  INDICATES NEGATIVE NUMBERS.
R  INDICATES RECORD WAS SET OR TIED.
MM INDICATES DATA IS MISSING.
T  INDICATES TRACE AMOUNT.

$$
