000
CXAK58 PABE 012248 CCA
CLMBET

CLIMATE REPORT
NATIONAL WEATHER SERVICE ANCHORAGE, AK
1047 AM AKDT WED MAY 1 2019

...................................

...THE BETHEL CLIMATE SUMMARY FOR THE MONTH OF APRIL 2019...

CLIMATE NORMAL PERIOD 1981 TO 2010
CLIMATE RECORD PERIOD 1948 TO 2019

WEATHER         OBSERVED          NORMAL  DEPART  LAST YEAR`S
                 VALUE   DATE(S)  VALUE   FROM    VALUE  DATE(S)
                                          NORMAL
................................................................
TEMPERATURE (F)
RECORD
 HIGH              63   04/30/2004
 LOW              -31   04/05/1956
HIGHEST            59                MM      MM       52
LOWEST             16                MM      MM        6
AVG. MAXIMUM     41.5              34.5     7.0     39.5
AVG. MINIMUM     23.1              19.3     3.8     26.3
MEAN             32.3              26.9     5.4     32.9
DAYS MAX >= 90      0               0.0     0.0        0
DAYS MAX <= 32      8              10.4    -2.4        5
DAYS MIN <= 32     28              26.6     1.4       24
DAYS MIN <= 0       0               2.9    -2.9        0

PRECIPITATION (INCHES)
RECORD
 MAXIMUM           MM   MM
 MINIMUM           MM   MM
TOTALS           0.43              0.74   -0.31     1.43
DAILY AVG.       0.01              0.02   -0.01     0.05
DAYS >= .01         5               9.1    -4.1       12
DAYS >= .10         1               2.5    -1.5        5
DAYS >= .50         0               0.2    -0.2        0
DAYS >= 1.00        0               0.0     0.0        0
GREATEST
 24 HR. TOTAL    0.23   04/30 TO 04/30           04/15 TO 04/15
                                                          04/27 TO 04/27EATHER         OBSERVED          NORMAL  DEPART  LAST YEAR`S
                                                          04/27 TO 04/27EATHER         OBSERVED          NORMAL  DEPART  LAST YEAR`S
 STORM TOTAL       MM                                 MM
 (MM/DD(HH))            MM                    04/15(00) TO 04/15(00)
                                                 04/27(00) TO 04/27(00)7EATHER         OBSERVED          NORMAL  DEPART  LAST YEAR`S
                                                 04/27(00) TO 04/27(00)7EATHER         OBSERVED          NORMAL  DEPART  LAST YEAR`S

SNOWFALL (INCHES)
RECORDS
 TOTAL             MM   MM
 24 HR TOTAL       MM
 SNOW DEPTH        MM   MM
TOTALS            0.0               5.7    -5.7      3.9
SINCE 7/1         0.4              59.7   -59.3     38.6
SNOWDEPTH AVG.      0                 4      -4        2
DAYS >= TRACE       0               7.2    -7.2       13
DAYS >= 1.0         0               1.7    -1.7
GREATEST
 SNOW DEPTH         1   04/23                          5  04/07
                                                          04/06
                                                          04/05
 24 HR TOTAL      0.0   04/30 TO 04/30           04/27 TO 04/27
                                                          04/27 TO 04/27EATHER         OBSERVED          NORMAL  DEPART  LAST YEAR`S
                                                          04/27 TO 04/27EATHER         OBSERVED          NORMAL  DEPART  LAST YEAR`S
 STORM TOTAL       MM                                 MM
 (MM/DD(HH))            MM

DEGREE_DAYS
HEATING TOTAL     974              1143    -169      956
 SINCE 7/1       9323             11425   -2102     9519
COOLING TOTAL       0                 0       0        0
 SINCE 1/1          0                 0       0        0

FREEZE DATES
RECORD
 EARLIEST     MM
 LATEST       MM
EARLIEST                        MM
LATEST                          MM
.................................................................

WIND (MPH)
AVERAGE WIND SPEED              10.6
RESULTANT WIND SPEED/DIRECTION   5/007
HIGHEST WIND SPEED/DIRECTION    37/070    DATE  04/11
HIGHEST GUST SPEED/DIRECTION    46/070    DATE  04/11

SKY COVER
POSSIBLE SUNSHINE (PERCENT)   MM
AVERAGE SKY COVER           0.50
NUMBER OF DAYS FAIR           13
NUMBER OF DAYS PC              9
NUMBER OF DAYS CLOUDY          8

AVERAGE RH (PERCENT)     73

WEATHER CONDITIONS. NUMBER OF DAYS WITH
THUNDERSTORM              0  MIXED PRECIP               0
HEAVY RAIN                0  RAIN                       0
LIGHT RAIN                2  FREEZING RAIN              0
LT FREEZING RAIN          0  HAIL                       0
HEAVY SNOW                0  SNOW                       2
LIGHT SNOW                9  SLEET                      0
FOG                      10  FOG W/VIS <= 1/4 MILE      0
HAZE                      6

-  INDICATES NEGATIVE NUMBERS.
R  INDICATES RECORD WAS SET OR TIED.
MM INDICATES DATA IS MISSING.
T  INDICATES TRACE AMOUNT.

$$
