000
CXUS51 KCTP 011341
CLMBFD

CLIMATE REPORT
NATIONAL WEATHER SERVICE STATE COLLEGE PA
904 AM EDT MON JUL 1 2019

...................................

...THE BRADFORD CLIMATE SUMMARY FOR THE MONTH OF JUNE 2019...

CLIMATE NORMAL PERIOD 1981 TO 2010
CLIMATE RECORD PERIOD 1957 TO 2019

WEATHER         OBSERVED          NORMAL  DEPART  LAST YEAR`S
                 VALUE   DATE(S)  VALUE   FROM    VALUE  DATE(S)
                                          NORMAL
................................................................
TEMPERATURE (F)
RECORD
 HIGH              89   06/17/1994
                        06/15/1994
                        06/25/1988
 LOW               25   06/11/1972
HIGHEST            85   06/28                         88  06/30
LOWEST             31   06/04                         37  06/07
AVG. MAXIMUM     73.2              73.6    -0.4     73.6
AVG. MINIMUM     50.1              49.4     0.7     52.5
MEAN             61.6              61.5     0.1     63.0
DAYS MAX >= 90      0                MM      MM        0
DAYS MAX <= 32      0                MM      MM        0
DAYS MIN <= 32      1                MM      MM        0
DAYS MIN <= 0       0                MM      MM        0

PRECIPITATION (INCHES)
RECORD
 MAXIMUM        11.21   1972
 MINIMUM         0.83   1963
TOTALS           6.18              4.91    1.27     3.28
DAILY AVG.       0.21              0.16    0.05     0.11
DAYS >= .01        16                MM      MM       13
DAYS >= .10        14                MM      MM        7
DAYS >= .50         4                MM      MM        3
DAYS >= 1.00        0                MM      MM        0
GREATEST
 24 HR. TOTAL    0.83   06/16 TO 06/16

DEGREE_DAYS
HEATING TOTAL     122               145     -23       98
 SINCE 7/1       7233              7773    -540     7255
COOLING TOTAL      30                40     -10       45
 SINCE 1/1         37                50     -13       96
.................................................................

WIND (MPH)
AVERAGE WIND SPEED              6.2
HIGHEST WIND SPEED/DIRECTION    29/300    DATE  06/01
HIGHEST GUST SPEED/DIRECTION    43/300    DATE  06/01

SKY COVER
POSSIBLE SUNSHINE (PERCENT)   MM
AVERAGE SKY COVER           0.40
NUMBER OF DAYS FAIR           14
NUMBER OF DAYS PC             10
NUMBER OF DAYS CLOUDY          6

AVERAGE RH (PERCENT)     74

WEATHER CONDITIONS. NUMBER OF DAYS WITH
THUNDERSTORM              4     MIXED PRECIP                0
HEAVY RAIN                8     RAIN                       12
LIGHT RAIN               19     FREEZING RAIN               0
LT FREEZING RAIN          0     HAIL                        0
HEAVY SNOW                0     SNOW                        0
LIGHT SNOW                0     SLEET                       0
FOG                      25     FOG W/VIS <= 1/4 MILE       5
HAZE                      5

-  INDICATES NEGATIVE NUMBERS.
R  INDICATES RECORD WAS SET OR TIED.
MM INDICATES DATA IS MISSING.
T  INDICATES TRACE AMOUNT.

$$
