000
CXUS51 KCTP 020511
CLMBFD

CLIMATE REPORT
NATIONAL WEATHER SERVICE STATE COLLEGE PA
110 AM EDT THU MAY 2 2019

...................................

...THE BRADFORD CLIMATE SUMMARY FOR THE MONTH OF APRIL 2019...
...TIED 1968 FOR 8TH WARMEST APRIL ON RECORD...

CLIMATE NORMAL PERIOD 1981 TO 2010
CLIMATE RECORD PERIOD 1957 TO 2019

WEATHER         OBSERVED          NORMAL  DEPART  LAST YEAR`S
                 VALUE   DATE(S)  VALUE   FROM    VALUE  DATE(S)
                                          NORMAL
................................................................
TEMPERATURE (F)
RECORD
 HIGH              85   04/28/1990
                        04/27/1990
 LOW                6   04/07/1982
                        04/01/1964
HIGHEST            73   04/18                         75  04/13
LOWEST             19   04/02                         12  04/08
                        04/01
AVG. MAXIMUM     56.5              54.9     1.6     48.2
AVG. MINIMUM     35.3              32.3     3.0     28.2
MEAN             45.9              43.6     2.3     38.2
DAYS MAX >= 90      0                MM      MM        0
DAYS MAX <= 32      0                MM      MM        6
DAYS MIN <= 32     11                MM      MM       23
DAYS MIN <= 0       0                MM      MM        0

PRECIPITATION (INCHES)
RECORD
 MAXIMUM         7.62   2011
 MINIMUM         0.59   2010
TOTALS           5.26              3.55    1.71     3.17
DAILY AVG.       0.18              0.12    0.06     0.11
DAYS >= .01        17                MM      MM       16
DAYS >= .10        14                MM      MM        7
DAYS >= .50         3                MM      MM        1
DAYS >= 1.00        1                MM      MM        1
GREATEST
 24 HR. TOTAL    1.33   04/14 TO 04/14

DEGREE_DAYS
HEATING TOTAL     563               644     -81      794
 SINCE 7/1       6856              7251    -395     7025
COOLING TOTAL       0                 2      -2        0
 SINCE 1/1          0                 2      -2        0
.................................................................

WIND (MPH)
AVERAGE WIND SPEED              8.0
HIGHEST WIND SPEED/DIRECTION    32/310    DATE  04/03
HIGHEST GUST SPEED/DIRECTION    48/310    DATE  04/03

SKY COVER
POSSIBLE SUNSHINE (PERCENT)   MM
AVERAGE SKY COVER           0.60
NUMBER OF DAYS FAIR            6
NUMBER OF DAYS PC             18
NUMBER OF DAYS CLOUDY          6

AVERAGE RH (PERCENT)     69

WEATHER CONDITIONS. NUMBER OF DAYS WITH
THUNDERSTORM              3     MIXED PRECIP                0
HEAVY RAIN                5     RAIN                       10
LIGHT RAIN               19     FREEZING RAIN               0
LT FREEZING RAIN          1     HAIL                        0
HEAVY SNOW                0     SNOW                        0
LIGHT SNOW                1     SLEET                       0
FOG                      22     FOG W/VIS <= 1/4 MILE       6
HAZE                      2

-  INDICATES NEGATIVE NUMBERS.
R  INDICATES RECORD WAS SET OR TIED.
MM INDICATES DATA IS MISSING.
T  INDICATES TRACE AMOUNT.

$$
MS
